216.73.216.110 - - [28/Jul/2026:17:26:34 +0000] "GET /?o=l7e1a4t6h0e3r6e4d966 HTTP/2.0" 200 3885 "-" "Mozilla/5.0 AppleWebKit/537.36 (KHTML, like Gecko; compatible; ClaudeBot/1.0; +claudebot@anthropic.com)"
216.73.216.110 - - [28/Jul/2026:17:26:39 +0000] "GET /?o=n7o2r4w0e9s2t04106 HTTP/2.0" 200 3885 "-" "Mozilla/5.0 AppleWebKit/537.36 (KHTML, like Gecko; compatible; ClaudeBot/1.0; +claudebot@anthropic.com)"
66.249.70.4 - - [28/Jul/2026:17:26:40 +0000] "GET /?o=c1o2i1n5a6g6e70262 HTTP/1.1" 200 28416 "-" "Mozilla/5.0 (Linux; Android 6.0.1; Nexus 5X Build/MMB29P) AppleWebKit/537.36 (KHTML, like Gecko) Chrome/150.0.7871.128 Mobile Safari/537.36 (compatible; GoogleOther)"
216.73.216.110 - - [28/Jul/2026:17:26:45 +0000] "GET /shops/nitrobenzol/n7o4n9e5x8t1e1n2s8i6le HTTP/2.0" 500 3885 "-" "Mozilla/5.0 AppleWebKit/537.36 (KHTML, like Gecko; compatible; ClaudeBot/1.0; +claudebot@anthropic.com)"
216.73.216.110 - - [28/Jul/2026:17:26:50 +0000] "GET /shops/prevaricate/m7i1n8i0o0n2s5h1i8p28 HTTP/2.0" 500 3885 "-" "Mozilla/5.0 AppleWebKit/537.36 (KHTML, like Gecko; compatible; ClaudeBot/1.0; +claudebot@anthropic.com)"
216.73.216.110 - - [28/Jul/2026:17:26:55 +0000] "GET /?o=d7a4g3t7a6i1l7e2d60 HTTP/2.0" 200 3885 "-" "Mozilla/5.0 AppleWebKit/537.36 (KHTML, like Gecko; compatible; ClaudeBot/1.0; +claudebot@anthropic.com)"
66.249.70.4 - - [28/Jul/2026:17:26:57 +0000] "GET /?o=c1o4u5r1t6e3s5i0e9s3 HTTP/1.1" 200 28406 "-" "Mozilla/5.0 (Linux; Android 6.0.1; Nexus 5X Build/MMB29P) AppleWebKit/537.36 (KHTML, like Gecko) Chrome/150.0.7871.128 Mobile Safari/537.36 (compatible; GoogleOther)"
216.73.216.110 - - [28/Jul/2026:17:27:00 +0000] "GET /shops/sibylline/s7u2b4g8l1o1b8o5s9e30 HTTP/2.0" 500 3885 "-" "Mozilla/5.0 AppleWebKit/537.36 (KHTML, like Gecko; compatible; ClaudeBot/1.0; +claudebot@anthropic.com)"
216.73.216.110 - - [28/Jul/2026:17:27:06 +0000] "GET /shops/unreverend/q7u1e0s4t0o4r8s2h9i4p3 HTTP/2.0" 500 3885 "-" "Mozilla/5.0 AppleWebKit/537.36 (KHTML, like Gecko; compatible; ClaudeBot/1.0; +claudebot@anthropic.com)"
216.73.216.110 - - [28/Jul/2026:17:27:11 +0000] "GET /shops/nivose/m7o1n0e9t9i9z9a1t0i9o9n HTTP/2.0" 500 3885 "-" "Mozilla/5.0 AppleWebKit/537.36 (KHTML, like Gecko; compatible; ClaudeBot/1.0; +claudebot@anthropic.com)"
66.249.70.5 - - [28/Jul/2026:17:27:12 +0000] "GET /?o=v8e2s7b5i8u6m58231 HTTP/1.1" 200 29501 "-" "Mozilla/5.0 (Linux; Android 6.0.1; Nexus 5X Build/MMB29P) AppleWebKit/537.36 (KHTML, like Gecko) Chrome/150.0.7871.128 Mobile Safari/537.36 (compatible; GoogleOther)"
216.73.216.110 - - [28/Jul/2026:17:27:16 +0000] "GET /shops/leopoldville/s7o3b7o6l6i6f9e6r6o0u1s HTTP/2.0" 500 3885 "-" "Mozilla/5.0 AppleWebKit/537.36 (KHTML, like Gecko; compatible; ClaudeBot/1.0; +claudebot@anthropic.com)"
216.73.216.110 - - [28/Jul/2026:17:27:21 +0000] "GET /shops/macrosporangium/p7r2e2s6t2r3i1c8t1i3o1n HTTP/2.0" 500 3885 "-" "Mozilla/5.0 AppleWebKit/537.36 (KHTML, like Gecko; compatible; ClaudeBot/1.0; +claudebot@anthropic.com)"
216.73.216.110 - - [28/Jul/2026:17:27:26 +0000] "GET /archilochian/s7u3l0p9h0y7d1r8i8c78 HTTP/2.0" 500 3885 "-" "Mozilla/5.0 AppleWebKit/537.36 (KHTML, like Gecko; compatible; ClaudeBot/1.0; +claudebot@anthropic.com)"
66.249.70.4 - - [28/Jul/2026:17:27:28 +0000] "GET /webapp/shops-club/servlet/YLogonSSLView?fileloc=/home/dacusvillerec/public_html/yvltn.php?shops/hearing/c5u2r6r2a8w1o1n9g104 HTTP/1.1" 200 29709 "-" "Mozilla/5.0 (Linux; Android 6.0.1; Nexus 5X Build/MMB29P) AppleWebKit/537.36 (KHTML, like Gecko) Chrome/150.0.7871.128 Mobile Safari/537.36 (compatible; GoogleOther)"
216.73.216.110 - - [28/Jul/2026:17:27:31 +0000] "GET /shops/branchiopod/i7n1t6e7n8t7i1o8n357 HTTP/2.0" 500 3885 "-" "Mozilla/5.0 AppleWebKit/537.36 (KHTML, like Gecko; compatible; ClaudeBot/1.0; +claudebot@anthropic.com)"
216.73.216.110 - - [28/Jul/2026:17:27:36 +0000] "GET /shops/zifhyr/h7o3p2l6o8p1t5e7r3u9s3 HTTP/2.0" 500 3885 "-" "Mozilla/5.0 AppleWebKit/537.36 (KHTML, like Gecko; compatible; ClaudeBot/1.0; +claudebot@anthropic.com)"
216.73.216.110 - - [28/Jul/2026:17:27:41 +0000] "GET /shops/sabbatarianism/m7u1l9t2i4g0r3a2n4u5l2ate HTTP/2.0" 500 3885 "-" "Mozilla/5.0 AppleWebKit/537.36 (KHTML, like Gecko; compatible; ClaudeBot/1.0; +claudebot@anthropic.com)"
54.39.210.38 - - [28/Jul/2026:17:27:40 +0000] "GET /sitemap.xml HTTP/2.0" 200 36131 "-" "Mozilla/5.0 (compatible; AhrefsBot/7.0; +http://ahrefs.com/robot/)"
66.249.70.4 - - [28/Jul/2026:17:27:42 +0000] "GET /webapp/shops-club/servlet/YLogonSSLView?fileloc=/home/dacusvillerec/public_html/yvltn.php?f/special/shuunou/ HTTP/1.1" 200 30356 "-" "Mozilla/5.0 (Linux; Android 6.0.1; Nexus 5X Build/MMB29P) AppleWebKit/537.36 (KHTML, like Gecko) Chrome/150.0.7871.128 Mobile Safari/537.36 (compatible; Googlebot/2.1; +http://www.google.com/bot.html)"
216.73.216.110 - - [28/Jul/2026:17:27:46 +0000] "GET /?o=r9u2i4n9e8r339402 HTTP/2.0" 200 3885 "-" "Mozilla/5.0 AppleWebKit/537.36 (KHTML, like Gecko; compatible; ClaudeBot/1.0; +claudebot@anthropic.com)"
66.249.70.4 - - [28/Jul/2026:17:27:45 +0000] "GET /shops/tylopoda/c0h1i9p9p9e5r49020 HTTP/1.1" 200 30146 "-" "Mozilla/5.0 (Linux; Android 6.0.1; Nexus 5X Build/MMB29P) AppleWebKit/537.36 (KHTML, like Gecko) Chrome/150.0.7871.128 Mobile Safari/537.36 (compatible; GoogleOther)"
216.73.216.110 - - [28/Jul/2026:17:27:51 +0000] "GET /?o=h7o2u9r1i6s036411 HTTP/2.0" 200 3885 "-" "Mozilla/5.0 AppleWebKit/537.36 (KHTML, like Gecko; compatible; ClaudeBot/1.0; +claudebot@anthropic.com)"
216.73.216.110 - - [28/Jul/2026:17:27:56 +0000] "GET /?o=i7n2t3r3o4736930 HTTP/2.0" 200 3885 "-" "Mozilla/5.0 AppleWebKit/537.36 (KHTML, like Gecko; compatible; ClaudeBot/1.0; +claudebot@anthropic.com)"
216.73.216.110 - - [28/Jul/2026:17:28:01 +0000] "GET /?o=q9u2a8d6r3i9g6a7e408 HTTP/2.0" 200 3885 "-" "Mozilla/5.0 AppleWebKit/537.36 (KHTML, like Gecko; compatible; ClaudeBot/1.0; +claudebot@anthropic.com)"
66.249.70.6 - - [28/Jul/2026:17:28:03 +0000] "GET /?o=a0l3l5e7m0a4n6d7e648 HTTP/1.1" 200 29605 "-" "Mozilla/5.0 (Linux; Android 6.0.1; Nexus 5X Build/MMB29P) AppleWebKit/537.36 (KHTML, like Gecko) Chrome/150.0.7871.128 Mobile Safari/537.36 (compatible; GoogleOther)"
216.73.216.110 - - [28/Jul/2026:17:28:06 +0000] "GET /?o=p9e2r2i2c7l6y9m9e7n1u4m HTTP/2.0" 200 3885 "-" "Mozilla/5.0 AppleWebKit/537.36 (KHTML, like Gecko; compatible; ClaudeBot/1.0; +claudebot@anthropic.com)"
216.73.216.110 - - [28/Jul/2026:17:28:11 +0000] "GET /?o=b7a4b6y2i8s9h0n9e4s1s HTTP/2.0" 200 3885 "-" "Mozilla/5.0 AppleWebKit/537.36 (KHTML, like Gecko; compatible; ClaudeBot/1.0; +claudebot@anthropic.com)"
216.73.216.110 - - [28/Jul/2026:17:28:16 +0000] "GET /?o=u7n9c9o8n0c5e1r7n0e1dly HTTP/2.0" 200 3885 "-" "Mozilla/5.0 AppleWebKit/537.36 (KHTML, like Gecko; compatible; ClaudeBot/1.0; +claudebot@anthropic.com)"
216.73.216.110 - - [28/Jul/2026:17:28:21 +0000] "GET /?o=c9h1e7r4r5y266237 HTTP/2.0" 200 3885 "-" "Mozilla/5.0 AppleWebKit/537.36 (KHTML, like Gecko; compatible; ClaudeBot/1.0; +claudebot@anthropic.com)"
66.249.70.5 - - [28/Jul/2026:17:28:21 +0000] "GET /?o=a9b2s4c0o1n2d9e8d3 HTTP/1.1" 200 29371 "-" "Mozilla/5.0 (Linux; Android 6.0.1; Nexus 5X Build/MMB29P) AppleWebKit/537.36 (KHTML, like Gecko) Chrome/150.0.7871.128 Mobile Safari/537.36 (compatible; GoogleOther)"
216.73.216.110 - - [28/Jul/2026:17:28:26 +0000] "GET /?o=u7n2c0o4n4t0r2o4l9l5a7ble HTTP/2.0" 200 3885 "-" "Mozilla/5.0 AppleWebKit/537.36 (KHTML, like Gecko; compatible; ClaudeBot/1.0; +claudebot@anthropic.com)"
216.73.216.110 - - [28/Jul/2026:17:28:31 +0000] "GET /?o=c9e4r2e0b6r3i1f2o4r3mis HTTP/2.0" 200 3885 "-" "Mozilla/5.0 AppleWebKit/537.36 (KHTML, like Gecko; compatible; ClaudeBot/1.0; +claudebot@anthropic.com)"
216.73.216.110 - - [28/Jul/2026:17:28:36 +0000] "GET /?o=l9o1f1t2e6r179055 HTTP/2.0" 200 3885 "-" "Mozilla/5.0 AppleWebKit/537.36 (KHTML, like Gecko; compatible; ClaudeBot/1.0; +claudebot@anthropic.com)"
66.249.70.4 - - [28/Jul/2026:17:28:37 +0000] "GET /?o=t2r2a8l9a0t8i5t0i6o7u6s HTTP/1.1" 200 29553 "-" "Mozilla/5.0 (Linux; Android 6.0.1; Nexus 5X Build/MMB29P) AppleWebKit/537.36 (KHTML, like Gecko) Chrome/150.0.7871.128 Mobile Safari/537.36 (compatible; GoogleOther)"
216.73.216.110 - - [28/Jul/2026:17:28:41 +0000] "GET /shops/unreal/s9t2r3a9i4g1h2t4l8i3n3ed HTTP/2.0" 500 3885 "-" "Mozilla/5.0 AppleWebKit/537.36 (KHTML, like Gecko; compatible; ClaudeBot/1.0; +claudebot@anthropic.com)"
216.73.216.110 - - [28/Jul/2026:17:28:46 +0000] "GET /?o=a9r2i7t9h4m1a8n4c3y2 HTTP/2.0" 200 3885 "-" "Mozilla/5.0 AppleWebKit/537.36 (KHTML, like Gecko; compatible; ClaudeBot/1.0; +claudebot@anthropic.com)"
216.73.216.110 - - [28/Jul/2026:17:28:51 +0000] "GET /?o=h7o3r8n6i2t2o6762 HTTP/2.0" 200 3885 "-" "Mozilla/5.0 AppleWebKit/537.36 (KHTML, like Gecko; compatible; ClaudeBot/1.0; +claudebot@anthropic.com)"
66.249.70.4 - - [28/Jul/2026:17:28:52 +0000] "GET /shops/airometer/s7p1u2r8r1e3y45839 HTTP/1.1" 200 29772 "-" "Mozilla/5.0 (Linux; Android 6.0.1; Nexus 5X Build/MMB29P) AppleWebKit/537.36 (KHTML, like Gecko) Chrome/150.0.7871.128 Mobile Safari/537.36 (compatible; GoogleOther)"
216.73.216.110 - - [28/Jul/2026:17:28:56 +0000] "GET /shops/pantopoda/b9e2g8u4i0l1i0n7g2l6y3 HTTP/2.0" 500 3885 "-" "Mozilla/5.0 AppleWebKit/537.36 (KHTML, like Gecko; compatible; ClaudeBot/1.0; +claudebot@anthropic.com)"
216.73.216.110 - - [28/Jul/2026:17:29:01 +0000] "GET /shops/woodburytype/c9h1r3o1m4o2l7e8u9c1i6te HTTP/2.0" 500 3885 "-" "Mozilla/5.0 AppleWebKit/537.36 (KHTML, like Gecko; compatible; ClaudeBot/1.0; +claudebot@anthropic.com)"
216.73.216.110 - - [28/Jul/2026:17:29:08 +0000] "GET /shops/derival/f7a5i8r6w0e6a6t3h1er HTTP/2.0" 500 3885 "-" "Mozilla/5.0 AppleWebKit/537.36 (KHTML, like Gecko; compatible; ClaudeBot/1.0; +claudebot@anthropic.com)"
66.249.70.5 - - [28/Jul/2026:17:29:07 +0000] "GET /?o=l5i3n3e4a0r0e0n7s6a2t2e HTTP/1.1" 200 30298 "-" "Mozilla/5.0 (Linux; Android 6.0.1; Nexus 5X Build/MMB29P) AppleWebKit/537.36 (KHTML, like Gecko) Chrome/150.0.7871.128 Mobile Safari/537.36 (compatible; GoogleOther)"
216.73.216.110 - - [28/Jul/2026:17:29:12 +0000] "GET /shops/demiurgic/r7e1p8a7r0a0b8l0e620 HTTP/2.0" 500 3885 "-" "Mozilla/5.0 AppleWebKit/537.36 (KHTML, like Gecko; compatible; ClaudeBot/1.0; +claudebot@anthropic.com)"
216.73.216.110 - - [28/Jul/2026:17:29:17 +0000] "GET /shops/dodecandrian/z7i3g6z4a8g671060 HTTP/2.0" 500 3885 "-" "Mozilla/5.0 AppleWebKit/537.36 (KHTML, like Gecko; compatible; ClaudeBot/1.0; +claudebot@anthropic.com)"
216.73.216.110 - - [28/Jul/2026:17:29:22 +0000] "GET /shops/greasiness/k7e3y2s1t0o1n3e973 HTTP/2.0" 500 3885 "-" "Mozilla/5.0 AppleWebKit/537.36 (KHTML, like Gecko; compatible; ClaudeBot/1.0; +claudebot@anthropic.com)"
66.249.70.4 - - [28/Jul/2026:17:29:21 +0000] "GET /?o=s1a3c9c7h4a7r2i6z6e95 HTTP/1.1" 200 29760 "-" "Mozilla/5.0 (Linux; Android 6.0.1; Nexus 5X Build/MMB29P) AppleWebKit/537.36 (KHTML, like Gecko) Chrome/150.0.7871.128 Mobile Safari/537.36 (compatible; GoogleOther)"
216.73.216.110 - - [28/Jul/2026:17:29:27 +0000] "GET /shops/roomager/h7a3r0i4a6l9i56476 HTTP/2.0" 500 3885 "-" "Mozilla/5.0 AppleWebKit/537.36 (KHTML, like Gecko; compatible; ClaudeBot/1.0; +claudebot@anthropic.com)"
216.73.216.110 - - [28/Jul/2026:17:29:32 +0000] "GET /shops/censurable/s7e5l4f9h0e5l1p887 HTTP/2.0" 500 3885 "-" "Mozilla/5.0 AppleWebKit/537.36 (KHTML, like Gecko; compatible; ClaudeBot/1.0; +claudebot@anthropic.com)"
66.249.70.4 - - [28/Jul/2026:17:29:36 +0000] "GET /shops/hydrotellurate/p7i1s8c5a6t8o6r2i1a1l HTTP/1.1" 200 29664 "-" "Mozilla/5.0 (Linux; Android 6.0.1; Nexus 5X Build/MMB29P) AppleWebKit/537.36 (KHTML, like Gecko) Chrome/150.0.7871.128 Mobile Safari/537.36 (compatible; GoogleOther)"
216.73.216.110 - - [28/Jul/2026:17:29:37 +0000] "GET /shops/leaked/a7u2r4i6c9u2l0a7t4e82 HTTP/2.0" 500 3885 "-" "Mozilla/5.0 AppleWebKit/537.36 (KHTML, like Gecko; compatible; ClaudeBot/1.0; +claudebot@anthropic.com)"
216.73.216.110 - - [28/Jul/2026:17:29:42 +0000] "GET /phocal/q7u2a6k2e0r9i4s3h803 HTTP/2.0" 500 3885 "-" "Mozilla/5.0 AppleWebKit/537.36 (KHTML, like Gecko; compatible; ClaudeBot/1.0; +claudebot@anthropic.com)"
216.73.216.110 - - [28/Jul/2026:17:29:47 +0000] "GET /regurgitate/monstruous/s7a2n4i2c8l4e77240 HTTP/2.0" 500 3885 "-" "Mozilla/5.0 AppleWebKit/537.36 (KHTML, like Gecko; compatible; ClaudeBot/1.0; +claudebot@anthropic.com)"
66.249.70.4 - - [28/Jul/2026:17:29:51 +0000] "GET /?o=s3u3t2u5r6e268113 HTTP/1.1" 200 28413 "-" "Mozilla/5.0 (Linux; Android 6.0.1; Nexus 5X Build/MMB29P) AppleWebKit/537.36 (KHTML, like Gecko) Chrome/150.0.7871.128 Mobile Safari/537.36 (compatible; GoogleOther)"
216.73.216.110 - - [28/Jul/2026:17:29:52 +0000] "GET /shops/gatecrash/h7o2b0o6s7487964 HTTP/2.0" 500 3885 "-" "Mozilla/5.0 AppleWebKit/537.36 (KHTML, like Gecko; compatible; ClaudeBot/1.0; +claudebot@anthropic.com)"
216.73.216.110 - - [28/Jul/2026:17:29:57 +0000] "GET /shops/macerated/a7d2v5o9c4a7t0e2990 HTTP/2.0" 500 3885 "-" "Mozilla/5.0 AppleWebKit/537.36 (KHTML, like Gecko; compatible; ClaudeBot/1.0; +claudebot@anthropic.com)"
216.73.216.110 - - [28/Jul/2026:17:30:02 +0000] "GET /ducture/f7o2r1g0a0t645678 HTTP/2.0" 500 3885 "-" "Mozilla/5.0 AppleWebKit/537.36 (KHTML, like Gecko; compatible; ClaudeBot/1.0; +claudebot@anthropic.com)"
66.249.70.6 - - [28/Jul/2026:17:30:05 +0000] "GET /shops/corundom/m5e2g4a6l0o4n2y5c8h5i4dae HTTP/1.1" 200 29434 "-" "Mozilla/5.0 (Linux; Android 6.0.1; Nexus 5X Build/MMB29P) AppleWebKit/537.36 (KHTML, like Gecko) Chrome/150.0.7871.128 Mobile Safari/537.36 (compatible; GoogleOther)"
216.73.216.110 - - [28/Jul/2026:17:30:07 +0000] "GET /shops/asteridae/d7i3s5s8o1c3i4a8t0e1d2 HTTP/2.0" 500 3885 "-" "Mozilla/5.0 AppleWebKit/537.36 (KHTML, like Gecko; compatible; ClaudeBot/1.0; +claudebot@anthropic.com)"
216.73.216.110 - - [28/Jul/2026:17:30:12 +0000] "GET /temptability/condyle/m7o2o0t2h7i1l9l0340 HTTP/2.0" 500 3885 "-" "Mozilla/5.0 AppleWebKit/537.36 (KHTML, like Gecko; compatible; ClaudeBot/1.0; +claudebot@anthropic.com)"
216.73.216.110 - - [28/Jul/2026:17:30:17 +0000] "GET /shops/gaudier/d7y2b1b8u7k850955 HTTP/2.0" 500 3885 "-" "Mozilla/5.0 AppleWebKit/537.36 (KHTML, like Gecko; compatible; ClaudeBot/1.0; +claudebot@anthropic.com)"
66.249.70.5 - - [28/Jul/2026:17:30:19 +0000] "GET /?o=w3i3n9c5e1r570859 HTTP/1.1" 200 32717 "-" "Mozilla/5.0 (Linux; Android 6.0.1; Nexus 5X Build/MMB29P) AppleWebKit/537.36 (KHTML, like Gecko) Chrome/150.0.7871.128 Mobile Safari/537.36 (compatible; GoogleOther)"
216.73.216.110 - - [28/Jul/2026:17:30:22 +0000] "GET /shops/animus/s7t3a6l0a3g6m2i6t2e79 HTTP/2.0" 500 3885 "-" "Mozilla/5.0 AppleWebKit/537.36 (KHTML, like Gecko; compatible; ClaudeBot/1.0; +claudebot@anthropic.com)"
216.73.216.110 - - [28/Jul/2026:17:30:27 +0000] "GET /imbibition/mercurochrome/72177679805 HTTP/2.0" 500 3885 "-" "Mozilla/5.0 AppleWebKit/537.36 (KHTML, like Gecko; compatible; ClaudeBot/1.0; +claudebot@anthropic.com)"
216.73.216.110 - - [28/Jul/2026:17:30:32 +0000] "GET /hasping/c7o1n7c0e6s1s8i2o9n8a3ire HTTP/2.0" 500 3885 "-" "Mozilla/5.0 AppleWebKit/537.36 (KHTML, like Gecko; compatible; ClaudeBot/1.0; +claudebot@anthropic.com)"
66.249.70.4 - - [28/Jul/2026:17:30:33 +0000] "GET /?o=r9o2m9i7s6h366049 HTTP/1.1" 200 29671 "-" "Mozilla/5.0 (Linux; Android 6.0.1; Nexus 5X Build/MMB29P) AppleWebKit/537.36 (KHTML, like Gecko) Chrome/150.0.7871.128 Mobile Safari/537.36 (compatible; GoogleOther)"
216.73.216.110 - - [28/Jul/2026:17:30:37 +0000] "GET /oxonic/r7e1e7t0r1y883813 HTTP/2.0" 500 3885 "-" "Mozilla/5.0 AppleWebKit/537.36 (KHTML, like Gecko; compatible; ClaudeBot/1.0; +claudebot@anthropic.com)"
216.73.216.110 - - [28/Jul/2026:17:30:42 +0000] "GET /shops/deemed/m7e2c0h6a0n0i2c1i8a3n7 HTTP/2.0" 500 3885 "-" "Mozilla/5.0 AppleWebKit/537.36 (KHTML, like Gecko; compatible; ClaudeBot/1.0; +claudebot@anthropic.com)"
216.73.216.110 - - [28/Jul/2026:17:30:47 +0000] "GET /praisable/p7e1c5t0o3s0i1c3288 HTTP/2.0" 500 3885 "-" "Mozilla/5.0 AppleWebKit/537.36 (KHTML, like Gecko; compatible; ClaudeBot/1.0; +claudebot@anthropic.com)"
66.249.70.4 - - [28/Jul/2026:17:30:48 +0000] "GET /?o=p5e8d1a5n1t2i6s8m02 HTTP/1.1" 200 29770 "-" "Mozilla/5.0 (Linux; Android 6.0.1; Nexus 5X Build/MMB29P) AppleWebKit/537.36 (KHTML, like Gecko) Chrome/150.0.7871.128 Mobile Safari/537.36 (compatible; GoogleOther)"
216.73.216.110 - - [28/Jul/2026:17:30:52 +0000] "GET /ornithic/b7o3r1e6r261678 HTTP/2.0" 500 3885 "-" "Mozilla/5.0 AppleWebKit/537.36 (KHTML, like Gecko; compatible; ClaudeBot/1.0; +claudebot@anthropic.com)"
216.73.216.110 - - [28/Jul/2026:17:30:57 +0000] "GET /shops/nestle/s7l1e4e6p1l2e3s3s657 HTTP/2.0" 500 3885 "-" "Mozilla/5.0 AppleWebKit/537.36 (KHTML, like Gecko; compatible; ClaudeBot/1.0; +claudebot@anthropic.com)"
216.73.216.110 - - [28/Jul/2026:17:31:02 +0000] "GET /shops/carmen/a7p2h3a5n7i2t8e7640 HTTP/2.0" 500 3885 "-" "Mozilla/5.0 AppleWebKit/537.36 (KHTML, like Gecko; compatible; ClaudeBot/1.0; +claudebot@anthropic.com)"
66.249.70.4 - - [28/Jul/2026:17:31:04 +0000] "GET /?o=h8e2m7i9n5253746 HTTP/1.1" 200 28401 "-" "Mozilla/5.0 (Linux; Android 6.0.1; Nexus 5X Build/MMB29P) AppleWebKit/537.36 (KHTML, like Gecko) Chrome/150.0.7871.128 Mobile Safari/537.36 (compatible; GoogleOther)"
216.73.216.110 - - [28/Jul/2026:17:31:08 +0000] "GET /?o=c7a1l4l5o9s8o4m9a870 HTTP/2.0" 200 3885 "-" "Mozilla/5.0 AppleWebKit/537.36 (KHTML, like Gecko; compatible; ClaudeBot/1.0; +claudebot@anthropic.com)"
216.73.216.110 - - [28/Jul/2026:17:31:12 +0000] "GET /?o=s7a8c1h3e2m9s0h6i1p HTTP/2.0" 200 3885 "-" "Mozilla/5.0 AppleWebKit/537.36 (KHTML, like Gecko; compatible; ClaudeBot/1.0; +claudebot@anthropic.com)"
216.73.216.110 - - [28/Jul/2026:17:31:17 +0000] "GET /?o=e9x3t4r9i6n2s3i3c6a4l9ness HTTP/2.0" 200 3885 "-" "Mozilla/5.0 AppleWebKit/537.36 (KHTML, like Gecko; compatible; ClaudeBot/1.0; +claudebot@anthropic.com)"
66.249.70.5 - - [28/Jul/2026:17:31:20 +0000] "GET /clivity/fraena/s5e9r7p2i2g5o8849 HTTP/1.1" 200 28151 "-" "Mozilla/5.0 (Linux; Android 6.0.1; Nexus 5X Build/MMB29P) AppleWebKit/537.36 (KHTML, like Gecko) Chrome/150.0.7871.128 Mobile Safari/537.36 (compatible; GoogleOther)"
216.73.216.110 - - [28/Jul/2026:17:31:22 +0000] "GET /?o=o9b3j8e0c8t6o9r8i7e4n3ted HTTP/2.0" 200 3885 "-" "Mozilla/5.0 AppleWebKit/537.36 (KHTML, like Gecko; compatible; ClaudeBot/1.0; +claudebot@anthropic.com)"
216.73.216.110 - - [28/Jul/2026:17:31:27 +0000] "GET /?o=e7p1i6n6e3u8r4a0l914 HTTP/2.0" 200 3885 "-" "Mozilla/5.0 AppleWebKit/537.36 (KHTML, like Gecko; compatible; ClaudeBot/1.0; +claudebot@anthropic.com)"
66.249.70.4 - - [28/Jul/2026:17:31:28 +0000] "GET /?ferreteye/71262600578 HTTP/1.1" 200 29595 "-" "Mozilla/5.0 (Linux; Android 6.0.1; Nexus 5X Build/MMB29P) AppleWebKit/537.36 (KHTML, like Gecko) Chrome/150.0.7871.128 Mobile Safari/537.36 (compatible; Googlebot/2.1; +http://www.google.com/bot.html)"
216.73.216.110 - - [28/Jul/2026:17:31:32 +0000] "GET /?o=m7a1l8a1c0o6t8o4o1n74 HTTP/2.0" 200 3885 "-" "Mozilla/5.0 AppleWebKit/537.36 (KHTML, like Gecko; compatible; ClaudeBot/1.0; +claudebot@anthropic.com)"
66.249.70.4 - - [28/Jul/2026:17:31:35 +0000] "GET /shops/coalpit/l7o2n9e3n7e8s3s4962 HTTP/1.1" 200 29985 "-" "Mozilla/5.0 (Linux; Android 6.0.1; Nexus 5X Build/MMB29P) AppleWebKit/537.36 (KHTML, like Gecko) Chrome/150.0.7871.128 Mobile Safari/537.36 (compatible; GoogleOther)"
216.73.216.110 - - [28/Jul/2026:17:31:37 +0000] "GET /?o=m9a2c4k4i0n9t2o3s1h4 HTTP/2.0" 200 3885 "-" "Mozilla/5.0 AppleWebKit/537.36 (KHTML, like Gecko; compatible; ClaudeBot/1.0; +claudebot@anthropic.com)"
216.73.216.110 - - [28/Jul/2026:17:31:42 +0000] "GET /?o=l7i3c3h7e0n7i6f0o8r3m2 HTTP/2.0" 200 3885 "-" "Mozilla/5.0 AppleWebKit/537.36 (KHTML, like Gecko; compatible; ClaudeBot/1.0; +claudebot@anthropic.com)"
216.73.216.110 - - [28/Jul/2026:17:31:47 +0000] "GET /?o=d7r2a2w5l7i3n9g4l1y16 HTTP/2.0" 200 3885 "-" "Mozilla/5.0 AppleWebKit/537.36 (KHTML, like Gecko; compatible; ClaudeBot/1.0; +claudebot@anthropic.com)"
66.249.70.4 - - [28/Jul/2026:17:31:51 +0000] "GET /shops/outofschool/a2p2p4l9a4u2s9i4v3e0l9y HTTP/1.1" 200 29792 "-" "Mozilla/5.0 (Linux; Android 6.0.1; Nexus 5X Build/MMB29P) AppleWebKit/537.36 (KHTML, like Gecko) Chrome/150.0.7871.128 Mobile Safari/537.36 (compatible; GoogleOther)"
216.73.216.110 - - [28/Jul/2026:17:31:52 +0000] "GET /?o=a9v1i3d7i7o3u3s1409 HTTP/2.0" 200 3885 "-" "Mozilla/5.0 AppleWebKit/537.36 (KHTML, like Gecko; compatible; ClaudeBot/1.0; +claudebot@anthropic.com)"
216.73.216.110 - - [28/Jul/2026:17:31:57 +0000] "GET /?o=i9n4s2i6n4u7a5t6i1v5e0 HTTP/2.0" 200 3885 "-" "Mozilla/5.0 AppleWebKit/537.36 (KHTML, like Gecko; compatible; ClaudeBot/1.0; +claudebot@anthropic.com)"
216.73.216.110 - - [28/Jul/2026:17:32:02 +0000] "GET /?o=m7o1n6g9o3l214554 HTTP/2.0" 200 3885 "-" "Mozilla/5.0 AppleWebKit/537.36 (KHTML, like Gecko; compatible; ClaudeBot/1.0; +claudebot@anthropic.com)"
66.249.70.6 - - [28/Jul/2026:17:32:06 +0000] "GET /?o=p5e1r2s3p0i5c4i3e4n5c3e HTTP/1.1" 200 29882 "-" "Mozilla/5.0 (Linux; Android 6.0.1; Nexus 5X Build/MMB29P) AppleWebKit/537.36 (KHTML, like Gecko) Chrome/150.0.7871.128 Mobile Safari/537.36 (compatible; GoogleOther)"
216.73.216.110 - - [28/Jul/2026:17:32:07 +0000] "GET /?o=m9u2l4t6i2v4a6l0e5n9t5 HTTP/2.0" 200 3885 "-" "Mozilla/5.0 AppleWebKit/537.36 (KHTML, like Gecko; compatible; ClaudeBot/1.0; +claudebot@anthropic.com)"
66.249.70.5 - - [28/Jul/2026:17:32:10 +0000] "GET /?fileloc=/home/dacusvillerec/public_html/wp-blog-header.php?syrian/dendroaspis/g8e2o5p6h1y2t3e286 HTTP/1.1" 200 29609 "-" "Mozilla/5.0 (Linux; Android 6.0.1; Nexus 5X Build/MMB29P) AppleWebKit/537.36 (KHTML, like Gecko) Chrome/150.0.7871.128 Mobile Safari/537.36 (compatible; Googlebot/2.1; +http://www.google.com/bot.html)"
216.73.216.110 - - [28/Jul/2026:17:32:12 +0000] "GET /?o=d9i2s4h9o9r5s4e4240 HTTP/2.0" 200 3885 "-" "Mozilla/5.0 AppleWebKit/537.36 (KHTML, like Gecko; compatible; ClaudeBot/1.0; +claudebot@anthropic.com)"
216.73.216.110 - - [28/Jul/2026:17:32:17 +0000] "GET /?o=s9e1p3t2e9m1v1i1r260 HTTP/2.0" 200 3885 "-" "Mozilla/5.0 AppleWebKit/537.36 (KHTML, like Gecko; compatible; ClaudeBot/1.0; +claudebot@anthropic.com)"
216.73.216.110 - - [28/Jul/2026:17:32:23 +0000] "GET /?o=h7y2p3o6r3a0c7h5i2s2 HTTP/2.0" 200 3885 "-" "Mozilla/5.0 AppleWebKit/537.36 (KHTML, like Gecko; compatible; ClaudeBot/1.0; +claudebot@anthropic.com)"
66.249.70.4 - - [28/Jul/2026:17:32:21 +0000] "GET /?o=u7r4i2t5h4509379 HTTP/1.1" 200 29215 "-" "Mozilla/5.0 (Linux; Android 6.0.1; Nexus 5X Build/MMB29P) AppleWebKit/537.36 (KHTML, like Gecko) Chrome/150.0.7871.128 Mobile Safari/537.36 (compatible; GoogleOther)"
216.73.216.110 - - [28/Jul/2026:17:32:28 +0000] "GET /?o=d9i3s4c0o9r8d4a6n7t63 HTTP/2.0" 200 3885 "-" "Mozilla/5.0 AppleWebKit/537.36 (KHTML, like Gecko; compatible; ClaudeBot/1.0; +claudebot@anthropic.com)"
216.73.216.110 - - [28/Jul/2026:17:32:33 +0000] "GET /?o=r9i2n2g5w1o0r1m9162 HTTP/2.0" 200 3885 "-" "Mozilla/5.0 AppleWebKit/537.36 (KHTML, like Gecko; compatible; ClaudeBot/1.0; +claudebot@anthropic.com)"
216.73.216.110 - - [28/Jul/2026:17:32:38 +0000] "GET /?o=p9o1l8i0t1e2r73027 HTTP/2.0" 200 3885 "-" "Mozilla/5.0 AppleWebKit/537.36 (KHTML, like Gecko; compatible; ClaudeBot/1.0; +claudebot@anthropic.com)"
66.249.70.4 - - [28/Jul/2026:17:32:37 +0000] "GET /?o=h8a4m0m6e6r321730 HTTP/1.1" 200 28898 "-" "Mozilla/5.0 (Linux; Android 6.0.1; Nexus 5X Build/MMB29P) AppleWebKit/537.36 (KHTML, like Gecko) Chrome/150.0.7871.128 Mobile Safari/537.36 (compatible; GoogleOther)"
216.73.216.110 - - [28/Jul/2026:17:32:43 +0000] "GET /?o=l9i2c6h8e5n0o3u0s799 HTTP/2.0" 200 3885 "-" "Mozilla/5.0 AppleWebKit/537.36 (KHTML, like Gecko; compatible; ClaudeBot/1.0; +claudebot@anthropic.com)"
216.73.216.110 - - [28/Jul/2026:17:32:48 +0000] "GET /?o=t7r1a5n7s4c8e5n0d8e4n6t HTTP/2.0" 200 3885 "-" "Mozilla/5.0 AppleWebKit/537.36 (KHTML, like Gecko; compatible; ClaudeBot/1.0; +claudebot@anthropic.com)"
216.73.216.110 - - [28/Jul/2026:17:32:53 +0000] "GET /cloakroom/domesman/i7n2d2i6s0t1i4n5g8u6ished HTTP/2.0" 500 3885 "-" "Mozilla/5.0 AppleWebKit/537.36 (KHTML, like Gecko; compatible; ClaudeBot/1.0; +claudebot@anthropic.com)"
66.249.70.4 - - [28/Jul/2026:17:32:53 +0000] "GET /shops/tonguefish/e5x2s0u5f1f7l9a6t7e54 HTTP/1.1" 200 33178 "-" "Mozilla/5.0 (Linux; Android 6.0.1; Nexus 5X Build/MMB29P) AppleWebKit/537.36 (KHTML, like Gecko) Chrome/150.0.7871.128 Mobile Safari/537.36 (compatible; Googlebot/2.1; +http://www.google.com/bot.html)"
66.249.70.4 - - [28/Jul/2026:17:32:55 +0000] "GET /?o=s2h1e4e5p3s3e0y3e694 HTTP/1.1" 200 30319 "-" "Mozilla/5.0 (Linux; Android 6.0.1; Nexus 5X Build/MMB29P) AppleWebKit/537.36 (KHTML, like Gecko) Chrome/150.0.7871.128 Mobile Safari/537.36 (compatible; GoogleOther)"
216.73.216.110 - - [28/Jul/2026:17:32:58 +0000] "GET /?o=m7i3s3e5x8p2l5i7c4a4t7ion HTTP/2.0" 200 3885 "-" "Mozilla/5.0 AppleWebKit/537.36 (KHTML, like Gecko; compatible; ClaudeBot/1.0; +claudebot@anthropic.com)"
216.73.216.110 - - [28/Jul/2026:17:33:03 +0000] "GET /?o=e9x3o1s4k9e2l4e9t8o4n8 HTTP/2.0" 200 3885 "-" "Mozilla/5.0 AppleWebKit/537.36 (KHTML, like Gecko; compatible; ClaudeBot/1.0; +claudebot@anthropic.com)"
216.73.216.110 - - [28/Jul/2026:17:33:08 +0000] "GET /dendrologist/q7u3e3r6u9l5e4n8t7i3a3l HTTP/2.0" 500 3885 "-" "Mozilla/5.0 AppleWebKit/537.36 (KHTML, like Gecko; compatible; ClaudeBot/1.0; +claudebot@anthropic.com)"
66.249.70.5 - - [28/Jul/2026:17:33:08 +0000] "GET /shops/outofschool/a2p2p4l9a4u2s9i4v3e0l9y HTTP/1.1" 200 29792 "-" "Mozilla/5.0 (Linux; Android 6.0.1; Nexus 5X Build/MMB29P) AppleWebKit/537.36 (KHTML, like Gecko) Chrome/150.0.7871.128 Mobile Safari/537.36 (compatible; Googlebot/2.1; +http://www.google.com/bot.html)"
66.249.70.6 - - [28/Jul/2026:17:33:11 +0000] "GET /?o=i3n1s2e6n6s5i8b0l7e05 HTTP/1.1" 200 28392 "-" "Mozilla/5.0 (Linux; Android 6.0.1; Nexus 5X Build/MMB29P) AppleWebKit/537.36 (KHTML, like Gecko) Chrome/150.0.7871.128 Mobile Safari/537.36 (compatible; GoogleOther)"
216.73.216.110 - - [28/Jul/2026:17:33:13 +0000] "GET /?o=p7r1o8n3g6123720 HTTP/2.0" 200 3885 "-" "Mozilla/5.0 AppleWebKit/537.36 (KHTML, like Gecko; compatible; ClaudeBot/1.0; +claudebot@anthropic.com)"
216.73.216.110 - - [28/Jul/2026:17:33:18 +0000] "GET /?o=i7m1p7e1r4i1u0m9836 HTTP/2.0" 200 3885 "-" "Mozilla/5.0 AppleWebKit/537.36 (KHTML, like Gecko; compatible; ClaudeBot/1.0; +claudebot@anthropic.com)"
216.73.216.110 - - [28/Jul/2026:17:33:23 +0000] "GET /?o=r9a3d4i1o3g7r2a3p9h50 HTTP/2.0" 200 3885 "-" "Mozilla/5.0 AppleWebKit/537.36 (KHTML, like Gecko; compatible; ClaudeBot/1.0; +claudebot@anthropic.com)"
66.249.70.4 - - [28/Jul/2026:17:33:26 +0000] "GET /?o=v2e3r4b4i1g7e5r8a9t4ion HTTP/1.1" 200 29817 "-" "Mozilla/5.0 (Linux; Android 6.0.1; Nexus 5X Build/MMB29P) AppleWebKit/537.36 (KHTML, like Gecko) Chrome/150.0.7871.128 Mobile Safari/537.36 (compatible; GoogleOther)"
216.73.216.110 - - [28/Jul/2026:17:33:28 +0000] "GET /unintermission/m9u3l0t5i5c0o6l1o6r HTTP/2.0" 500 3885 "-" "Mozilla/5.0 AppleWebKit/537.36 (KHTML, like Gecko; compatible; ClaudeBot/1.0; +claudebot@anthropic.com)"
216.73.216.110 - - [28/Jul/2026:17:33:33 +0000] "GET /?o=s7h3i5p5r8i9g2g8e2d09 HTTP/2.0" 200 3885 "-" "Mozilla/5.0 AppleWebKit/537.36 (KHTML, like Gecko; compatible; ClaudeBot/1.0; +claudebot@anthropic.com)"
66.249.70.4 - - [28/Jul/2026:17:33:35 +0000] "GET /entirety/truffle/1613361797 HTTP/1.1" 200 29965 "-" "Mozilla/5.0 (Linux; Android 6.0.1; Nexus 5X Build/MMB29P) AppleWebKit/537.36 (KHTML, like Gecko) Chrome/150.0.7871.128 Mobile Safari/537.36 (compatible; Googlebot/2.1; +http://www.google.com/bot.html)"
216.73.216.110 - - [28/Jul/2026:17:33:38 +0000] "GET /?o=v9i3l6l7a4n7i5z5e6d54 HTTP/2.0" 200 3885 "-" "Mozilla/5.0 AppleWebKit/537.36 (KHTML, like Gecko; compatible; ClaudeBot/1.0; +claudebot@anthropic.com)"
216.73.216.110 - - [28/Jul/2026:17:33:43 +0000] "GET /?o=c9a4p0i5t4u1l4a7t8e25 HTTP/2.0" 200 3885 "-" "Mozilla/5.0 AppleWebKit/537.36 (KHTML, like Gecko; compatible; ClaudeBot/1.0; +claudebot@anthropic.com)"
66.249.70.4 - - [28/Jul/2026:17:33:43 +0000] "GET /?o=t4a3r0a1x1a1c2u2m420 HTTP/1.1" 200 30359 "-" "Mozilla/5.0 (Linux; Android 6.0.1; Nexus 5X Build/MMB29P) AppleWebKit/537.36 (KHTML, like Gecko) Chrome/150.0.7871.128 Mobile Safari/537.36 (compatible; GoogleOther)"
216.73.216.110 - - [28/Jul/2026:17:33:48 +0000] "GET /myrciaria/mososaurus/a7z3u1r8n6686286 HTTP/2.0" 500 3885 "-" "Mozilla/5.0 AppleWebKit/537.36 (KHTML, like Gecko; compatible; ClaudeBot/1.0; +claudebot@anthropic.com)"
216.73.216.110 - - [28/Jul/2026:17:33:53 +0000] "GET /?o=i9c4h1t0h9u7s27307 HTTP/2.0" 200 3885 "-" "Mozilla/5.0 AppleWebKit/537.36 (KHTML, like Gecko; compatible; ClaudeBot/1.0; +claudebot@anthropic.com)"
216.73.216.110 - - [28/Jul/2026:17:33:58 +0000] "GET /?o=i9n2s7u9c5c2a8t6i2o1n4 HTTP/2.0" 200 3885 "-" "Mozilla/5.0 AppleWebKit/537.36 (KHTML, like Gecko; compatible; ClaudeBot/1.0; +claudebot@anthropic.com)"
66.249.70.4 - - [28/Jul/2026:17:33:58 +0000] "GET /shops/anthelmintica/l2e2u6c5o0p1y7r7i9t7e5 HTTP/1.1" 200 29550 "-" "Mozilla/5.0 (Linux; Android 6.0.1; Nexus 5X Build/MMB29P) AppleWebKit/537.36 (KHTML, like Gecko) Chrome/150.0.7871.128 Mobile Safari/537.36 (compatible; GoogleOther)"
216.73.216.110 - - [28/Jul/2026:17:34:03 +0000] "GET /?o=c9o2t4y6l1e9d1o9n0a1l2 HTTP/2.0" 200 3885 "-" "Mozilla/5.0 AppleWebKit/537.36 (KHTML, like Gecko; compatible; ClaudeBot/1.0; +claudebot@anthropic.com)"
216.73.216.110 - - [28/Jul/2026:17:34:08 +0000] "GET /?o=s7y2l8v6i4c4o4l1i0d7a1e HTTP/2.0" 200 3885 "-" "Mozilla/5.0 AppleWebKit/537.36 (KHTML, like Gecko; compatible; ClaudeBot/1.0; +claudebot@anthropic.com)"
216.73.216.110 - - [28/Jul/2026:17:34:13 +0000] "GET /?o=d9i1s6a8l4l1o3w0a3n9ce HTTP/2.0" 200 3885 "-" "Mozilla/5.0 AppleWebKit/537.36 (KHTML, like Gecko; compatible; ClaudeBot/1.0; +claudebot@anthropic.com)"
66.249.70.4 - - [28/Jul/2026:17:34:14 +0000] "GET /?o=r2e3b6u0f4f6i1n2g29 HTTP/1.1" 200 30003 "-" "Mozilla/5.0 (Linux; Android 6.0.1; Nexus 5X Build/MMB29P) AppleWebKit/537.36 (KHTML, like Gecko) Chrome/150.0.7871.128 Mobile Safari/537.36 (compatible; GoogleOther)"
216.73.216.110 - - [28/Jul/2026:17:34:18 +0000] "GET /?o=l9u4c0u9b3r3a3t6e6d78 HTTP/2.0" 200 3885 "-" "Mozilla/5.0 AppleWebKit/537.36 (KHTML, like Gecko; compatible; ClaudeBot/1.0; +claudebot@anthropic.com)"
66.249.70.4 - - [28/Jul/2026:17:34:17 +0000] "GET /shops/piptadenia/d5i3s5b1e8l1i6e4v3e7r5 HTTP/1.1" 200 29424 "-" "Mozilla/5.0 (Linux; Android 6.0.1; Nexus 5X Build/MMB29P) AppleWebKit/537.36 (KHTML, like Gecko) Chrome/150.0.7871.128 Mobile Safari/537.36 (compatible; Googlebot/2.1; +http://www.google.com/bot.html)"
216.73.216.110 - - [28/Jul/2026:17:34:23 +0000] "GET /?o=t7r4a1w8l9e6r2m3e3n34 HTTP/2.0" 200 3885 "-" "Mozilla/5.0 AppleWebKit/537.36 (KHTML, like Gecko; compatible; ClaudeBot/1.0; +claudebot@anthropic.com)"
216.73.216.110 - - [28/Jul/2026:17:34:28 +0000] "GET /?o=h9e3r3a5l5d5i4c8814 HTTP/2.0" 200 3885 "-" "Mozilla/5.0 AppleWebKit/537.36 (KHTML, like Gecko; compatible; ClaudeBot/1.0; +claudebot@anthropic.com)"
66.249.70.4 - - [28/Jul/2026:17:34:30 +0000] "GET /?o=t8e1s8t9a8b3l8e5675 HTTP/1.1" 200 28635 "-" "Mozilla/5.0 (Linux; Android 6.0.1; Nexus 5X Build/MMB29P) AppleWebKit/537.36 (KHTML, like Gecko) Chrome/150.0.7871.128 Mobile Safari/537.36 (compatible; GoogleOther)"
216.73.216.110 - - [28/Jul/2026:17:34:33 +0000] "GET /laevulose/shroudy/t9r2i9c7e1n3t3e6n1a4r2y HTTP/2.0" 500 3885 "-" "Mozilla/5.0 AppleWebKit/537.36 (KHTML, like Gecko; compatible; ClaudeBot/1.0; +claudebot@anthropic.com)"
216.73.216.110 - - [28/Jul/2026:17:34:38 +0000] "GET /?o=d9i4s2c8o8u6r0t2e5o4u5s HTTP/2.0" 200 3885 "-" "Mozilla/5.0 AppleWebKit/537.36 (KHTML, like Gecko; compatible; ClaudeBot/1.0; +claudebot@anthropic.com)"
216.73.216.110 - - [28/Jul/2026:17:34:43 +0000] "GET /?o=m9i3t9i0g9a7t9e4617 HTTP/2.0" 200 3885 "-" "Mozilla/5.0 AppleWebKit/537.36 (KHTML, like Gecko; compatible; ClaudeBot/1.0; +claudebot@anthropic.com)"
66.249.70.4 - - [28/Jul/2026:17:34:47 +0000] "GET /?o=l6u1n9a0r7y073346 HTTP/1.1" 200 27927 "-" "Mozilla/5.0 (Linux; Android 6.0.1; Nexus 5X Build/MMB29P) AppleWebKit/537.36 (KHTML, like Gecko) Chrome/150.0.7871.128 Mobile Safari/537.36 (compatible; GoogleOther)"
216.73.216.110 - - [28/Jul/2026:17:34:48 +0000] "GET /?o=n9i6l3o9t9i4c3u8s77 HTTP/2.0" 200 3885 "-" "Mozilla/5.0 AppleWebKit/537.36 (KHTML, like Gecko; compatible; ClaudeBot/1.0; +claudebot@anthropic.com)"
66.249.70.4 - - [28/Jul/2026:17:34:50 +0000] "GET /?o=p0a3u2n4c7h531964 HTTP/1.1" 200 30468 "-" "Mozilla/5.0 (Linux; Android 6.0.1; Nexus 5X Build/MMB29P) AppleWebKit/537.36 (KHTML, like Gecko) Chrome/150.0.7871.128 Mobile Safari/537.36 (compatible; Googlebot/2.1; +http://www.google.com/bot.html)"
216.73.216.110 - - [28/Jul/2026:17:34:53 +0000] "GET /?o=s9i1l0v2e4r6b1i3l3l48 HTTP/2.0" 200 3885 "-" "Mozilla/5.0 AppleWebKit/537.36 (KHTML, like Gecko; compatible; ClaudeBot/1.0; +claudebot@anthropic.com)"
216.73.216.110 - - [28/Jul/2026:17:34:58 +0000] "GET /?o=m7a7r8g9r9a3v3a1t8e1 HTTP/2.0" 200 3885 "-" "Mozilla/5.0 AppleWebKit/537.36 (KHTML, like Gecko; compatible; ClaudeBot/1.0; +claudebot@anthropic.com)"
66.249.70.6 - - [28/Jul/2026:17:35:00 +0000] "GET /outwardbound/unbosoming/o0u1t5w9a6r0d4b8o4u3n3d HTTP/1.1" 200 29569 "-" "Mozilla/5.0 (Linux; Android 6.0.1; Nexus 5X Build/MMB29P) AppleWebKit/537.36 (KHTML, like Gecko) Chrome/150.0.7871.128 Mobile Safari/537.36 (compatible; Googlebot/2.1; +http://www.google.com/bot.html)"
216.73.216.110 - - [28/Jul/2026:17:35:03 +0000] "GET /?o=w7o9n1d7e5r6l3a2n3d7 HTTP/2.0" 200 3885 "-" "Mozilla/5.0 AppleWebKit/537.36 (KHTML, like Gecko; compatible; ClaudeBot/1.0; +claudebot@anthropic.com)"
66.249.70.4 - - [28/Jul/2026:17:35:04 +0000] "GET /?o=r3e4d2u3n1d4a2n9c2e35 HTTP/1.1" 200 27748 "-" "Mozilla/5.0 (Linux; Android 6.0.1; Nexus 5X Build/MMB29P) AppleWebKit/537.36 (KHTML, like Gecko) Chrome/150.0.7871.128 Mobile Safari/537.36 (compatible; GoogleOther)"
216.73.216.110 - - [28/Jul/2026:17:35:09 +0000] "GET /?o=e7m1p7u1g8n16987 HTTP/2.0" 200 3885 "-" "Mozilla/5.0 AppleWebKit/537.36 (KHTML, like Gecko; compatible; ClaudeBot/1.0; +claudebot@anthropic.com)"
216.73.216.110 - - [28/Jul/2026:17:35:14 +0000] "GET /?o=f7u1r3c0a3t7a80120 HTTP/2.0" 200 3885 "-" "Mozilla/5.0 AppleWebKit/537.36 (KHTML, like Gecko; compatible; ClaudeBot/1.0; +claudebot@anthropic.com)"
216.73.216.110 - - [28/Jul/2026:17:35:19 +0000] "GET /?o=g7r1e7a3s6i9e5r7631 HTTP/2.0" 200 3885 "-" "Mozilla/5.0 AppleWebKit/537.36 (KHTML, like Gecko; compatible; ClaudeBot/1.0; +claudebot@anthropic.com)"
66.249.70.4 - - [28/Jul/2026:17:35:22 +0000] "GET /?o=m8a3s6s5p3r9o5d2u6c8e9 HTTP/1.1" 200 29015 "-" "Mozilla/5.0 (Linux; Android 6.0.1; Nexus 5X Build/MMB29P) AppleWebKit/537.36 (KHTML, like Gecko) Chrome/150.0.7871.128 Mobile Safari/537.36 (compatible; GoogleOther)"
216.73.216.110 - - [28/Jul/2026:17:35:24 +0000] "GET /?o=a7u7r8i4c7h4a1l7c8u5m HTTP/2.0" 200 3885 "-" "Mozilla/5.0 AppleWebKit/537.36 (KHTML, like Gecko; compatible; ClaudeBot/1.0; +claudebot@anthropic.com)"
216.73.216.110 - - [28/Jul/2026:17:35:29 +0000] "GET /?o=e7p3i7s9t1r7o1p8h4e89 HTTP/2.0" 200 3885 "-" "Mozilla/5.0 AppleWebKit/537.36 (KHTML, like Gecko; compatible; ClaudeBot/1.0; +claudebot@anthropic.com)"
216.73.216.110 - - [28/Jul/2026:17:35:34 +0000] "GET /?o=i7m3p5u0d3e5n2t2l0y7 HTTP/2.0" 200 3885 "-" "Mozilla/5.0 AppleWebKit/537.36 (KHTML, like Gecko; compatible; ClaudeBot/1.0; +claudebot@anthropic.com)"
216.73.216.110 - - [28/Jul/2026:17:35:39 +0000] "GET /?o=d7i2m5o5r6p5h0a3n2d4r2a HTTP/2.0" 200 3885 "-" "Mozilla/5.0 AppleWebKit/537.36 (KHTML, like Gecko; compatible; ClaudeBot/1.0; +claudebot@anthropic.com)"
66.249.70.4 - - [28/Jul/2026:17:35:38 +0000] "GET /webapp/shops-club/servlet/YLogonSSLView?fileloc=/home/dacusvillerec/public_html/yvltn.php?o=h8u7g8g8e4r6m6u0g6g0er HTTP/1.1" 200 28942 "-" "Mozilla/5.0 (Linux; Android 6.0.1; Nexus 5X Build/MMB29P) AppleWebKit/537.36 (KHTML, like Gecko) Chrome/150.0.7871.128 Mobile Safari/537.36 (compatible; GoogleOther)"
216.73.216.110 - - [28/Jul/2026:17:35:44 +0000] "GET /shops/turbillion/i7n1t4o6x4i3c0a0t2e6d6ness HTTP/2.0" 500 3885 "-" "Mozilla/5.0 AppleWebKit/537.36 (KHTML, like Gecko; compatible; ClaudeBot/1.0; +claudebot@anthropic.com)"
216.73.216.110 - - [28/Jul/2026:17:35:49 +0000] "GET /?o=c7o2n8f0u0t2e8m6e6n9t4 HTTP/2.0" 200 3885 "-" "Mozilla/5.0 AppleWebKit/537.36 (KHTML, like Gecko; compatible; ClaudeBot/1.0; +claudebot@anthropic.com)"
216.73.216.110 - - [28/Jul/2026:17:35:54 +0000] "GET /?o=c7l6a7t6t0e0r8127 HTTP/2.0" 200 3885 "-" "Mozilla/5.0 AppleWebKit/537.36 (KHTML, like Gecko; compatible; ClaudeBot/1.0; +claudebot@anthropic.com)"
66.249.70.6 - - [28/Jul/2026:17:35:54 +0000] "GET /?o=a6c3e8n1t1r0i6c3562 HTTP/1.1" 200 29213 "-" "Mozilla/5.0 (Linux; Android 6.0.1; Nexus 5X Build/MMB29P) AppleWebKit/537.36 (KHTML, like Gecko) Chrome/150.0.7871.128 Mobile Safari/537.36 (compatible; GoogleOther)"
216.73.216.110 - - [28/Jul/2026:17:35:59 +0000] "GET /?fileloc=%2Fhome%2Fdacusvillerec%2Fpublic_html%2Fwp-includes%2Fsodium_compat%2Fautoload.php&path=%2Fhome%2Fdacusvillerec%2Fpublic_html%2Fwp-includes%2Fsodium_compat HTTP/2.0" 200 3529 "-" "Mozilla/5.0 AppleWebKit/537.36 (KHTML, like Gecko; compatible; ClaudeBot/1.0; +claudebot@anthropic.com)"
216.73.216.110 - - [28/Jul/2026:17:36:04 +0000] "GET /?o=d7i1a8l7y9s1e2s5594 HTTP/2.0" 200 3885 "-" "Mozilla/5.0 AppleWebKit/537.36 (KHTML, like Gecko; compatible; ClaudeBot/1.0; +claudebot@anthropic.com)"
216.73.216.110 - - [28/Jul/2026:17:36:09 +0000] "GET /?o=c7a3r1l8i9c2u0e7324 HTTP/2.0" 200 3885 "-" "Mozilla/5.0 AppleWebKit/537.36 (KHTML, like Gecko; compatible; ClaudeBot/1.0; +claudebot@anthropic.com)"
66.249.70.4 - - [28/Jul/2026:17:36:09 +0000] "GET /shops/phosgenite/r8h9e4t8o3r1i6c927 HTTP/1.1" 200 28425 "-" "Mozilla/5.0 (Linux; Android 6.0.1; Nexus 5X Build/MMB29P) AppleWebKit/537.36 (KHTML, like Gecko) Chrome/150.0.7871.128 Mobile Safari/537.36 (compatible; GoogleOther)"
216.73.216.110 - - [28/Jul/2026:17:36:14 +0000] "GET /?o=p7u7r8v3i5e3w0472 HTTP/2.0" 200 3885 "-" "Mozilla/5.0 AppleWebKit/537.36 (KHTML, like Gecko; compatible; ClaudeBot/1.0; +claudebot@anthropic.com)"
216.73.216.110 - - [28/Jul/2026:17:36:19 +0000] "GET /?o=n7o2t7o4d9o3n1t7a22 HTTP/2.0" 200 3885 "-" "Mozilla/5.0 AppleWebKit/537.36 (KHTML, like Gecko; compatible; ClaudeBot/1.0; +claudebot@anthropic.com)"
66.249.70.4 - - [28/Jul/2026:17:36:22 +0000] "GET /?o=b1u1d7g6e6t7a2r5y486 HTTP/1.1" 200 28260 "-" "Mozilla/5.0 (Linux; Android 6.0.1; Nexus 5X Build/MMB29P) AppleWebKit/537.36 (KHTML, like Gecko) Chrome/150.0.7871.128 Mobile Safari/537.36 (compatible; GoogleOther)"
216.73.216.110 - - [28/Jul/2026:17:36:24 +0000] "GET /?o=l7y2o4n8i5a397386 HTTP/2.0" 200 3885 "-" "Mozilla/5.0 AppleWebKit/537.36 (KHTML, like Gecko; compatible; ClaudeBot/1.0; +claudebot@anthropic.com)"
216.73.216.110 - - [28/Jul/2026:17:36:29 +0000] "GET /?o=c7o3l6l0u2s7i2v2e9n3e6ss HTTP/2.0" 200 3885 "-" "Mozilla/5.0 AppleWebKit/537.36 (KHTML, like Gecko; compatible; ClaudeBot/1.0; +claudebot@anthropic.com)"
66.249.70.4 - - [28/Jul/2026:17:36:33 +0000] "GET /webapp/shops-club/servlet/YLogonSSLView?fileloc=/home/dacusvillerec/public_html/wp-mail.php?o=n7o3n5t5e1r5m0231 HTTP/1.1" 200 29954 "-" "Mozilla/5.0 (Linux; Android 6.0.1; Nexus 5X Build/MMB29P) AppleWebKit/537.36 (KHTML, like Gecko) Chrome/150.0.7871.128 Mobile Safari/537.36 (compatible; GoogleOther)"
216.73.216.110 - - [28/Jul/2026:17:36:34 +0000] "GET /?o=p7r9e6l6a9t2y8671 HTTP/2.0" 200 3885 "-" "Mozilla/5.0 AppleWebKit/537.36 (KHTML, like Gecko; compatible; ClaudeBot/1.0; +claudebot@anthropic.com)"
216.73.216.110 - - [28/Jul/2026:17:36:39 +0000] "GET /?o=l7a2r5c2e7n6o2u9s361 HTTP/2.0" 200 3885 "-" "Mozilla/5.0 AppleWebKit/537.36 (KHTML, like Gecko; compatible; ClaudeBot/1.0; +claudebot@anthropic.com)"
66.249.70.4 - - [28/Jul/2026:17:36:43 +0000] "GET /?impudent/52686752345 HTTP/1.1" 200 30201 "-" "Mozilla/5.0 (Linux; Android 6.0.1; Nexus 5X Build/MMB29P) AppleWebKit/537.36 (KHTML, like Gecko) Chrome/150.0.7871.128 Mobile Safari/537.36 (compatible; Googlebot/2.1; +http://www.google.com/bot.html)"
216.73.216.110 - - [28/Jul/2026:17:36:44 +0000] "GET /?o=c7a2l0a3m7b4o3u3r474 HTTP/2.0" 200 3885 "-" "Mozilla/5.0 AppleWebKit/537.36 (KHTML, like Gecko; compatible; ClaudeBot/1.0; +claudebot@anthropic.com)"
66.249.70.4 - - [28/Jul/2026:17:36:45 +0000] "GET /ocarina/s6e1m3i4n6a0t3e074 HTTP/1.1" 200 29206 "-" "Mozilla/5.0 (Linux; Android 6.0.1; Nexus 5X Build/MMB29P) AppleWebKit/537.36 (KHTML, like Gecko) Chrome/150.0.7871.128 Mobile Safari/537.36 (compatible; GoogleOther)"
216.73.216.110 - - [28/Jul/2026:17:36:53 +0000] "GET /?o=h7o2m1o0d3y5n1a2m8y44 HTTP/2.0" 200 3885 "-" "Mozilla/5.0 AppleWebKit/537.36 (KHTML, like Gecko; compatible; ClaudeBot/1.0; +claudebot@anthropic.com)"
66.249.70.4 - - [28/Jul/2026:17:36:54 +0000] "GET /?o=p9o3g7a5m5o1g1g7a6n62 HTTP/1.1" 200 29905 "-" "Mozilla/5.0 (Linux; Android 6.0.1; Nexus 5X Build/MMB29P) AppleWebKit/537.36 (KHTML, like Gecko) Chrome/150.0.7871.128 Mobile Safari/537.36 (compatible; GoogleOther)"
216.73.216.110 - - [28/Jul/2026:17:36:58 +0000] "GET /?o=m7o3n5g0o3l4i9c4380 HTTP/2.0" 200 3885 "-" "Mozilla/5.0 AppleWebKit/537.36 (KHTML, like Gecko; compatible; ClaudeBot/1.0; +claudebot@anthropic.com)"
66.249.70.6 - - [28/Jul/2026:17:37:02 +0000] "GET /?o=c5o5n1n7i4v1e2n5t04 HTTP/1.1" 200 33275 "-" "Mozilla/5.0 (Linux; Android 6.0.1; Nexus 5X Build/MMB29P) AppleWebKit/537.36 (KHTML, like Gecko) Chrome/150.0.7871.128 Mobile Safari/537.36 (compatible; GoogleOther)"
216.73.216.110 - - [28/Jul/2026:17:37:03 +0000] "GET /?fileloc=%2Fhome%2Fdacusvillerec%2Fpublic_html%2Fwp-includes%2Fsodium_compat%2Fcomposer.json&path=%2Fhome%2Fdacusvillerec%2Fpublic_html%2Fwp-includes%2Fsodium_compat HTTP/2.0" 200 3203 "-" "Mozilla/5.0 AppleWebKit/537.36 (KHTML, like Gecko; compatible; ClaudeBot/1.0; +claudebot@anthropic.com)"
216.73.216.110 - - [28/Jul/2026:17:37:08 +0000] "GET /?o=s7h8a2r1p5e8n1i9n4g5 HTTP/2.0" 200 3885 "-" "Mozilla/5.0 AppleWebKit/537.36 (KHTML, like Gecko; compatible; ClaudeBot/1.0; +claudebot@anthropic.com)"
66.249.70.4 - - [28/Jul/2026:17:37:10 +0000] "GET /?o=l5u2n6a2r7y044521 HTTP/1.1" 200 29634 "-" "Mozilla/5.0 (Linux; Android 6.0.1; Nexus 5X Build/MMB29P) AppleWebKit/537.36 (KHTML, like Gecko) Chrome/150.0.7871.128 Mobile Safari/537.36 (compatible; GoogleOther)"
216.73.216.110 - - [28/Jul/2026:17:37:13 +0000] "GET /?o=r7e2e8x0a5m2i8n1a6t0i1on HTTP/2.0" 200 3885 "-" "Mozilla/5.0 AppleWebKit/537.36 (KHTML, like Gecko; compatible; ClaudeBot/1.0; +claudebot@anthropic.com)"
66.249.70.4 - - [28/Jul/2026:17:37:18 +0000] "GET /?o=s1i2g6n6a2t3u5s9595 HTTP/1.1" 200 29481 "-" "Mozilla/5.0 (Linux; Android 6.0.1; Nexus 5X Build/MMB29P) AppleWebKit/537.36 (KHTML, like Gecko) Chrome/150.0.7871.128 Mobile Safari/537.36 (compatible; GoogleOther)"
216.73.216.110 - - [28/Jul/2026:17:37:18 +0000] "GET /?o=g7o6v7e8r4n3o2r309 HTTP/2.0" 200 3885 "-" "Mozilla/5.0 AppleWebKit/537.36 (KHTML, like Gecko; compatible; ClaudeBot/1.0; +claudebot@anthropic.com)"
216.73.216.110 - - [28/Jul/2026:17:37:23 +0000] "GET /?o=c7o3n0t2o8r6s8i6o3n76 HTTP/2.0" 200 3885 "-" "Mozilla/5.0 AppleWebKit/537.36 (KHTML, like Gecko; compatible; ClaudeBot/1.0; +claudebot@anthropic.com)"
66.249.70.4 - - [28/Jul/2026:17:37:24 +0000] "GET /shops/pensioners/t0e1m9p6o7r3i7z7e4r58 HTTP/1.1" 200 29584 "-" "Mozilla/5.0 (Linux; Android 6.0.1; Nexus 5X Build/MMB29P) AppleWebKit/537.36 (KHTML, like Gecko) Chrome/150.0.7871.128 Mobile Safari/537.36 (compatible; GoogleOther)"
216.73.216.110 - - [28/Jul/2026:17:37:29 +0000] "GET /shops/toponomy/p7r4e2p4o1n2d9e1r5a3t1ion HTTP/2.0" 500 3885 "-" "Mozilla/5.0 AppleWebKit/537.36 (KHTML, like Gecko; compatible; ClaudeBot/1.0; +claudebot@anthropic.com)"
66.249.70.4 - - [28/Jul/2026:17:37:30 +0000] "GET /?o=i2n3s8o4l6v9e9n1c5y75 HTTP/1.1" 200 29488 "-" "Mozilla/5.0 (Linux; Android 6.0.1; Nexus 5X Build/MMB29P) AppleWebKit/537.36 (KHTML, like Gecko) Chrome/150.0.7871.128 Mobile Safari/537.36 (compatible; GoogleOther)"
216.73.216.110 - - [28/Jul/2026:17:37:34 +0000] "GET /shops/amovable/a7d2j8u2t7a0t6o2r7s31 HTTP/2.0" 500 3885 "-" "Mozilla/5.0 AppleWebKit/537.36 (KHTML, like Gecko; compatible; ClaudeBot/1.0; +claudebot@anthropic.com)"
66.249.70.4 - - [28/Jul/2026:17:37:36 +0000] "GET /?reveled/83394544132 HTTP/1.1" 200 28409 "-" "Mozilla/5.0 (Linux; Android 6.0.1; Nexus 5X Build/MMB29P) AppleWebKit/537.36 (KHTML, like Gecko) Chrome/150.0.7871.128 Mobile Safari/537.36 (compatible; GoogleOther)"
216.73.216.110 - - [28/Jul/2026:17:37:39 +0000] "GET /shops/devilled/p7i2l4o2n0c2i5l2l1o71 HTTP/2.0" 500 3885 "-" "Mozilla/5.0 AppleWebKit/537.36 (KHTML, like Gecko; compatible; ClaudeBot/1.0; +claudebot@anthropic.com)"
66.249.70.4 - - [28/Jul/2026:17:37:44 +0000] "GET /?o=c2o5m4b4i8n5e9r015 HTTP/1.1" 200 31122 "-" "Mozilla/5.0 (Linux; Android 6.0.1; Nexus 5X Build/MMB29P) AppleWebKit/537.36 (KHTML, like Gecko) Chrome/150.0.7871.128 Mobile Safari/537.36 (compatible; GoogleOther)"
216.73.216.110 - - [28/Jul/2026:17:37:46 +0000] "GET /shops/parietal/c9o9n3s9o7n8a9n8c8e5 HTTP/2.0" 500 3885 "-" "Mozilla/5.0 AppleWebKit/537.36 (KHTML, like Gecko; compatible; ClaudeBot/1.0; +claudebot@anthropic.com)"
216.73.216.110 - - [28/Jul/2026:17:37:51 +0000] "GET /intercepted/massacre/72053714789 HTTP/2.0" 500 3885 "-" "Mozilla/5.0 AppleWebKit/537.36 (KHTML, like Gecko; compatible; ClaudeBot/1.0; +claudebot@anthropic.com)"
66.249.70.4 - - [28/Jul/2026:17:37:51 +0000] "GET /?o=c8r1e3a6m7e2r9y0878 HTTP/1.1" 200 28344 "-" "Mozilla/5.0 (Linux; Android 6.0.1; Nexus 5X Build/MMB29P) AppleWebKit/537.36 (KHTML, like Gecko) Chrome/150.0.7871.128 Mobile Safari/537.36 (compatible; GoogleOther)"
216.73.216.110 - - [28/Jul/2026:17:37:56 +0000] "GET /dauber/wheat/91105713817 HTTP/2.0" 500 3885 "-" "Mozilla/5.0 AppleWebKit/537.36 (KHTML, like Gecko; compatible; ClaudeBot/1.0; +claudebot@anthropic.com)"
216.73.216.110 - - [28/Jul/2026:17:38:01 +0000] "GET /unexceptive/t9a2m6p2e6r766941 HTTP/2.0" 500 3885 "-" "Mozilla/5.0 AppleWebKit/537.36 (KHTML, like Gecko; compatible; ClaudeBot/1.0; +claudebot@anthropic.com)"
66.249.70.6 - - [28/Jul/2026:17:38:00 +0000] "GET /?o=h8a2c0k2b2e7r0r5y816 HTTP/1.1" 200 28581 "-" "Mozilla/5.0 (Linux; Android 6.0.1; Nexus 5X Build/MMB29P) AppleWebKit/537.36 (KHTML, like Gecko) Chrome/150.0.7871.128 Mobile Safari/537.36 (compatible; GoogleOther)"
216.73.216.110 - - [28/Jul/2026:17:38:07 +0000] "GET /?o=s9u1p0e5r6v8e7n8e0d39 HTTP/2.0" 200 3885 "-" "Mozilla/5.0 AppleWebKit/537.36 (KHTML, like Gecko; compatible; ClaudeBot/1.0; +claudebot@anthropic.com)"
66.249.70.4 - - [28/Jul/2026:17:38:09 +0000] "GET /?o=e7s1l7o0i1n826620 HTTP/1.1" 200 29832 "-" "Mozilla/5.0 (Linux; Android 6.0.1; Nexus 5X Build/MMB29P) AppleWebKit/537.36 (KHTML, like Gecko) Chrome/150.0.7871.128 Mobile Safari/537.36 (compatible; GoogleOther)"
216.73.216.110 - - [28/Jul/2026:17:38:12 +0000] "GET /?o=a9c3i1d9i7m9e7t3r1i4c8al HTTP/2.0" 200 3885 "-" "Mozilla/5.0 AppleWebKit/537.36 (KHTML, like Gecko; compatible; ClaudeBot/1.0; +claudebot@anthropic.com)"
216.73.216.110 - - [28/Jul/2026:17:38:17 +0000] "GET /?o=s9t2y3l1a8s5t1e3r042 HTTP/2.0" 200 3885 "-" "Mozilla/5.0 AppleWebKit/537.36 (KHTML, like Gecko; compatible; ClaudeBot/1.0; +claudebot@anthropic.com)"
66.249.70.4 - - [28/Jul/2026:17:38:19 +0000] "GET /?o=v6i4c3t1i8m5a0t7e HTTP/1.1" 200 27918 "-" "Mozilla/5.0 (Linux; Android 6.0.1; Nexus 5X Build/MMB29P) AppleWebKit/537.36 (KHTML, like Gecko) Chrome/150.0.7871.128 Mobile Safari/537.36 (compatible; GoogleOther)"
216.73.216.110 - - [28/Jul/2026:17:38:24 +0000] "GET /shops/conspectuity/d7a6n7d3l0e7d0507 HTTP/2.0" 500 3885 "-" "Mozilla/5.0 AppleWebKit/537.36 (KHTML, like Gecko; compatible; ClaudeBot/1.0; +claudebot@anthropic.com)"
216.73.216.110 - - [28/Jul/2026:17:38:29 +0000] "GET /shops/hardheaded/v7o2c9i9f4e5r3o7u2s54 HTTP/2.0" 500 3885 "-" "Mozilla/5.0 AppleWebKit/537.36 (KHTML, like Gecko; compatible; ClaudeBot/1.0; +claudebot@anthropic.com)"
66.249.70.4 - - [28/Jul/2026:17:38:30 +0000] "GET /?o=t3h2w0i6t6t3l1e0881 HTTP/1.1" 200 32985 "-" "Mozilla/5.0 (Linux; Android 6.0.1; Nexus 5X Build/MMB29P) AppleWebKit/537.36 (KHTML, like Gecko) Chrome/150.0.7871.128 Mobile Safari/537.36 (compatible; GoogleOther)"
216.73.216.110 - - [28/Jul/2026:17:38:34 +0000] "GET /discernment/losingly/71948448299 HTTP/2.0" 500 3885 "-" "Mozilla/5.0 AppleWebKit/537.36 (KHTML, like Gecko; compatible; ClaudeBot/1.0; +claudebot@anthropic.com)"
216.73.216.110 - - [28/Jul/2026:17:38:39 +0000] "GET /lowdensity/doorkey/71367864085 HTTP/2.0" 500 3885 "-" "Mozilla/5.0 AppleWebKit/537.36 (KHTML, like Gecko; compatible; ClaudeBot/1.0; +claudebot@anthropic.com)"
66.249.70.4 - - [28/Jul/2026:17:38:42 +0000] "GET /?o=d3i3g4l8a6d9i0a2t5e78 HTTP/1.1" 200 28429 "-" "Mozilla/5.0 (Linux; Android 6.0.1; Nexus 5X Build/MMB29P) AppleWebKit/537.36 (KHTML, like Gecko) Chrome/150.0.7871.128 Mobile Safari/537.36 (compatible; GoogleOther)"
216.73.216.110 - - [28/Jul/2026:17:38:44 +0000] "GET /providently/wealthy/74133708362 HTTP/2.0" 500 3885 "-" "Mozilla/5.0 AppleWebKit/537.36 (KHTML, like Gecko; compatible; ClaudeBot/1.0; +claudebot@anthropic.com)"
216.73.216.110 - - [28/Jul/2026:17:38:49 +0000] "GET /shops/southwesterly/i7s2o7c3y0c2l7i2c024 HTTP/2.0" 500 3885 "-" "Mozilla/5.0 AppleWebKit/537.36 (KHTML, like Gecko; compatible; ClaudeBot/1.0; +claudebot@anthropic.com)"
216.73.216.110 - - [28/Jul/2026:17:38:54 +0000] "GET /tempse/t7i1e5r7o0d81818 HTTP/2.0" 500 3885 "-" "Mozilla/5.0 AppleWebKit/537.36 (KHTML, like Gecko; compatible; ClaudeBot/1.0; +claudebot@anthropic.com)"
66.249.70.4 - - [28/Jul/2026:17:38:54 +0000] "GET /?o=w0h1i2t2e7r656669 HTTP/1.1" 200 29581 "-" "Mozilla/5.0 (Linux; Android 6.0.1; Nexus 5X Build/MMB29P) AppleWebKit/537.36 (KHTML, like Gecko) Chrome/150.0.7871.128 Mobile Safari/537.36 (compatible; GoogleOther)"
216.73.216.110 - - [28/Jul/2026:17:38:59 +0000] "GET /tetricity/d7r2a2f6f2146443 HTTP/2.0" 500 3885 "-" "Mozilla/5.0 AppleWebKit/537.36 (KHTML, like Gecko; compatible; ClaudeBot/1.0; +claudebot@anthropic.com)"
