216.73.216.110 - - [28/Jul/2026:13:01:19 +0000] "GET /?o=s9u3l7p8h2o3s2a9l7t14 HTTP/2.0" 200 3885 "-" "Mozilla/5.0 AppleWebKit/537.36 (KHTML, like Gecko; compatible; ClaudeBot/1.0; +claudebot@anthropic.com)"
216.73.216.110 - - [28/Jul/2026:13:01:24 +0000] "GET /?o=w9a1r9r8y5678074 HTTP/2.0" 200 3885 "-" "Mozilla/5.0 AppleWebKit/537.36 (KHTML, like Gecko; compatible; ClaudeBot/1.0; +claudebot@anthropic.com)"
66.249.70.4 - - [28/Jul/2026:13:01:27 +0000] "GET /?o=c5a2m2p0e0p1h1a3g4i1d6ae HTTP/1.1" 200 29981 "-" "Mozilla/5.0 (Linux; Android 6.0.1; Nexus 5X Build/MMB29P) AppleWebKit/537.36 (KHTML, like Gecko) Chrome/150.0.7871.128 Mobile Safari/537.36 (compatible; GoogleOther)"
216.73.216.110 - - [28/Jul/2026:13:01:29 +0000] "GET /?o=g7r2i1l0l6i0n7g4616 HTTP/2.0" 200 3885 "-" "Mozilla/5.0 AppleWebKit/537.36 (KHTML, like Gecko; compatible; ClaudeBot/1.0; +claudebot@anthropic.com)"
216.73.216.110 - - [28/Jul/2026:13:01:34 +0000] "GET /?o=r9u3c1e6r6v3u6s3559 HTTP/2.0" 200 3885 "-" "Mozilla/5.0 AppleWebKit/537.36 (KHTML, like Gecko; compatible; ClaudeBot/1.0; +claudebot@anthropic.com)"
66.249.70.4 - - [28/Jul/2026:13:01:38 +0000] "GET /?o=p6e8r6i9v5a9s6c0u3l1ar HTTP/1.1" 200 29326 "-" "Mozilla/5.0 (Linux; Android 6.0.1; Nexus 5X Build/MMB29P) AppleWebKit/537.36 (KHTML, like Gecko) Chrome/150.0.7871.128 Mobile Safari/537.36 (compatible; GoogleOther)"
216.73.216.110 - - [28/Jul/2026:13:01:39 +0000] "GET /?o=h9u1m4i1l3i2a0t2i9o3n9 HTTP/2.0" 200 3885 "-" "Mozilla/5.0 AppleWebKit/537.36 (KHTML, like Gecko; compatible; ClaudeBot/1.0; +claudebot@anthropic.com)"
216.73.216.110 - - [28/Jul/2026:13:01:44 +0000] "GET /?o=i9n6o6r7g8a9n6i8c3a8l HTTP/2.0" 200 3885 "-" "Mozilla/5.0 AppleWebKit/537.36 (KHTML, like Gecko; compatible; ClaudeBot/1.0; +claudebot@anthropic.com)"
66.249.70.4 - - [28/Jul/2026:13:01:44 +0000] "GET /?o=e6b3o9n9y9703336 HTTP/1.1" 200 29534 "-" "Mozilla/5.0 (Linux; Android 6.0.1; Nexus 5X Build/MMB29P) AppleWebKit/537.36 (KHTML, like Gecko) Chrome/150.0.7871.128 Mobile Safari/537.36 (compatible; Googlebot/2.1; +http://www.google.com/bot.html)"
66.249.70.4 - - [28/Jul/2026:13:01:48 +0000] "GET /?o=c2i1t0a7t2o9r22480 HTTP/1.1" 200 29027 "-" "Mozilla/5.0 (Linux; Android 6.0.1; Nexus 5X Build/MMB29P) AppleWebKit/537.36 (KHTML, like Gecko) Chrome/150.0.7871.128 Mobile Safari/537.36 (compatible; GoogleOther)"
216.73.216.110 - - [28/Jul/2026:13:01:49 +0000] "GET /?o=h7i4t0c5h6i1n9g2375 HTTP/2.0" 200 3885 "-" "Mozilla/5.0 AppleWebKit/537.36 (KHTML, like Gecko; compatible; ClaudeBot/1.0; +claudebot@anthropic.com)"
216.73.216.110 - - [28/Jul/2026:13:01:54 +0000] "GET /?o=a7n3t1i0t1h9e5i9s4m4 HTTP/2.0" 200 3885 "-" "Mozilla/5.0 AppleWebKit/537.36 (KHTML, like Gecko; compatible; ClaudeBot/1.0; +claudebot@anthropic.com)"
66.249.70.4 - - [28/Jul/2026:13:01:58 +0000] "GET /ja/themes/179 HTTP/1.1" 200 32770 "-" "Mozilla/5.0 (Linux; Android 6.0.1; Nexus 5X Build/MMB29P) AppleWebKit/537.36 (KHTML, like Gecko) Chrome/150.0.7871.128 Mobile Safari/537.36 (compatible; GoogleOther)"
216.73.216.110 - - [28/Jul/2026:13:01:59 +0000] "GET /?o=c9o1n5f6i5s3c6a2t3o9r0y HTTP/2.0" 200 3885 "-" "Mozilla/5.0 AppleWebKit/537.36 (KHTML, like Gecko; compatible; ClaudeBot/1.0; +claudebot@anthropic.com)"
216.73.216.110 - - [28/Jul/2026:13:02:04 +0000] "GET /?o=t9o4r1c5h9b8e3a8r3e9r3 HTTP/2.0" 200 3885 "-" "Mozilla/5.0 AppleWebKit/537.36 (KHTML, like Gecko; compatible; ClaudeBot/1.0; +claudebot@anthropic.com)"
116.193.128.26 - - [28/Jul/2026:13:02:07 +0000] "POST /xmlrpc.php HTTP/1.1" 200 52738 "-" "Jetpack by WordPress.com (Jetpack 13.0; WordPress 6.4)"
66.249.70.5 - - [28/Jul/2026:13:02:06 +0000] "GET /?o=v6o1c5i7f0e7r1a6n9c3e1 HTTP/1.1" 200 29289 "-" "Mozilla/5.0 (Linux; Android 6.0.1; Nexus 5X Build/MMB29P) AppleWebKit/537.36 (KHTML, like Gecko) Chrome/150.0.7871.128 Mobile Safari/537.36 (compatible; GoogleOther)"
216.73.216.110 - - [28/Jul/2026:13:02:09 +0000] "GET /avengeful/mortalness/e7p1i9g9l3o9t1t0i8c56 HTTP/2.0" 500 3885 "-" "Mozilla/5.0 AppleWebKit/537.36 (KHTML, like Gecko; compatible; ClaudeBot/1.0; +claudebot@anthropic.com)"
216.73.216.110 - - [28/Jul/2026:13:02:14 +0000] "GET /?o=r9o1t6i1n8g385618 HTTP/2.0" 200 3885 "-" "Mozilla/5.0 AppleWebKit/537.36 (KHTML, like Gecko; compatible; ClaudeBot/1.0; +claudebot@anthropic.com)"
66.249.70.4 - - [28/Jul/2026:13:02:14 +0000] "GET /?o=e1n2d1r6u6d0g1e1377 HTTP/1.1" 200 29599 "-" "Mozilla/5.0 (Linux; Android 6.0.1; Nexus 5X Build/MMB29P) AppleWebKit/537.36 (KHTML, like Gecko) Chrome/150.0.7871.128 Mobile Safari/537.36 (compatible; Googlebot/2.1; +http://www.google.com/bot.html)"
66.249.70.5 - - [28/Jul/2026:13:02:15 +0000] "GET /?o=t3r1o5c3h5a68879 HTTP/1.1" 200 28636 "-" "Mozilla/5.0 (Linux; Android 6.0.1; Nexus 5X Build/MMB29P) AppleWebKit/537.36 (KHTML, like Gecko) Chrome/150.0.7871.128 Mobile Safari/537.36 (compatible; GoogleOther)"
116.193.128.26 - - [28/Jul/2026:13:02:17 +0000] "POST /xmlrpc.php HTTP/1.1" 200 52738 "-" "WordPress.com; https://wordpress.com"
216.73.216.110 - - [28/Jul/2026:13:02:19 +0000] "GET /?o=m9u1t5i7l9a4t4o4r493 HTTP/2.0" 200 3885 "-" "Mozilla/5.0 AppleWebKit/537.36 (KHTML, like Gecko; compatible; ClaudeBot/1.0; +claudebot@anthropic.com)"
66.249.70.4 - - [28/Jul/2026:13:02:23 +0000] "GET /?o=b1e3c5o3m2i5n7g8n2e5ss HTTP/1.1" 200 29314 "-" "Mozilla/5.0 (Linux; Android 6.0.1; Nexus 5X Build/MMB29P) AppleWebKit/537.36 (KHTML, like Gecko) Chrome/150.0.7871.128 Mobile Safari/537.36 (compatible; GoogleOther)"
116.193.128.26 - - [28/Jul/2026:13:02:25 +0000] "POST /xmlrpc.php HTTP/1.1" 200 52738 "-" "Jetpack/13.0; WordPress/6.4; http://site25007080.com"
66.249.70.4 - - [28/Jul/2026:13:02:29 +0000] "GET /?o=t7e1n6d0o0n979769 HTTP/1.1" 200 29330 "-" "Mozilla/5.0 (Linux; Android 6.0.1; Nexus 5X Build/MMB29P) AppleWebKit/537.36 (KHTML, like Gecko) Chrome/150.0.7871.128 Mobile Safari/537.36 (compatible; GoogleOther)"
116.193.128.26 - - [28/Jul/2026:13:02:35 +0000] "POST /xmlrpc.php HTTP/1.1" 200 52738 "-" "Jetpack/12.0; WordPress/6.4; http://site32014363.com"
66.249.70.4 - - [28/Jul/2026:13:02:36 +0000] "GET /?o=i5r4r2e3p6r3o8a4c9h4a8bleness HTTP/1.1" 200 30166 "-" "Mozilla/5.0 (Linux; Android 6.0.1; Nexus 5X Build/MMB29P) AppleWebKit/537.36 (KHTML, like Gecko) Chrome/150.0.7871.128 Mobile Safari/537.36 (compatible; GoogleOther)"
66.249.70.4 - - [28/Jul/2026:13:02:44 +0000] "GET /?fileloc=/home/dacusvillerec/public_html/wp-blog-header.php?shops/bumpkin/f6i3l2l0i1n2g90880 HTTP/1.1" 200 29479 "-" "Mozilla/5.0 (Linux; Android 6.0.1; Nexus 5X Build/MMB29P) AppleWebKit/537.36 (KHTML, like Gecko) Chrome/150.0.7871.128 Mobile Safari/537.36 (compatible; GoogleOther)"
116.193.128.26 - - [28/Jul/2026:13:02:46 +0000] "POST /xmlrpc.php HTTP/1.1" 200 52738 "-" "WordPress.com; https://wordpress.com"
66.249.70.4 - - [28/Jul/2026:13:02:48 +0000] "GET /shops/stoned/c4o3n2v2e9r5s6a2n9c8y1 HTTP/1.1" 200 29605 "-" "Mozilla/5.0 (Linux; Android 6.0.1; Nexus 5X Build/MMB29P) AppleWebKit/537.36 (KHTML, like Gecko) Chrome/150.0.7871.128 Mobile Safari/537.36 (compatible; Googlebot/2.1; +http://www.google.com/bot.html)"
66.249.70.4 - - [28/Jul/2026:13:02:53 +0000] "GET /?o=b2o2t2c5h5y69522 HTTP/1.1" 200 29194 "-" "Mozilla/5.0 (Linux; Android 6.0.1; Nexus 5X Build/MMB29P) AppleWebKit/537.36 (KHTML, like Gecko) Chrome/150.0.7871.128 Mobile Safari/537.36 (compatible; GoogleOther)"
116.193.128.26 - - [28/Jul/2026:13:02:57 +0000] "POST /xmlrpc.php HTTP/1.1" 200 52738 "-" "Jetpack by WordPress.com"
66.249.70.4 - - [28/Jul/2026:13:03:02 +0000] "GET /?o=t6a2n2g9e2l3o33673 HTTP/1.1" 200 28523 "-" "Mozilla/5.0 (Linux; Android 6.0.1; Nexus 5X Build/MMB29P) AppleWebKit/537.36 (KHTML, like Gecko) Chrome/150.0.7871.128 Mobile Safari/537.36 (compatible; GoogleOther)"
116.193.128.26 - - [28/Jul/2026:13:03:08 +0000] "POST /xmlrpc.php HTTP/1.1" 200 52738 "-" "Jetpack by WordPress.com"
66.249.70.4 - - [28/Jul/2026:13:03:14 +0000] "GET /?o=p0a5r9t0i9b5u6s664 HTTP/1.1" 200 29986 "-" "Mozilla/5.0 (Linux; Android 6.0.1; Nexus 5X Build/MMB29P) AppleWebKit/537.36 (KHTML, like Gecko) Chrome/150.0.7871.128 Mobile Safari/537.36 (compatible; GoogleOther)"
116.193.128.26 - - [28/Jul/2026:13:03:18 +0000] "POST /xmlrpc.php HTTP/1.1" 200 52738 "-" "Jetpack by WordPress.com"
116.193.128.26 - - [28/Jul/2026:13:03:29 +0000] "POST /xmlrpc.php HTTP/1.1" 200 52738 "-" "Jetpack/12.0; WordPress/6.3; http://site57011785.com"
66.249.70.4 - - [28/Jul/2026:13:03:28 +0000] "GET /?o=u7n9f4r8a5u2g2h3t81 HTTP/1.1" 200 29306 "-" "Mozilla/5.0 (Linux; Android 6.0.1; Nexus 5X Build/MMB29P) AppleWebKit/537.36 (KHTML, like Gecko) Chrome/150.0.7871.128 Mobile Safari/537.36 (compatible; GoogleOther)"
66.249.70.4 - - [28/Jul/2026:13:03:34 +0000] "GET /?path=/home/dacusvillerec/public_html/wp-includes HTTP/1.1" 200 29123 "-" "Mozilla/5.0 (Linux; Android 6.0.1; Nexus 5X Build/MMB29P) AppleWebKit/537.36 (KHTML, like Gecko) Chrome/150.0.7871.128 Mobile Safari/537.36 (compatible; Googlebot/2.1; +http://www.google.com/bot.html)"
116.193.128.26 - - [28/Jul/2026:13:03:39 +0000] "POST /xmlrpc.php HTTP/1.1" 200 52738 "-" "Jetpack by WordPress.com"
66.249.70.4 - - [28/Jul/2026:13:03:42 +0000] "GET /metallorganic/g1o3m4e1r3578719 HTTP/1.1" 200 28955 "-" "Mozilla/5.0 (Linux; Android 6.0.1; Nexus 5X Build/MMB29P) AppleWebKit/537.36 (KHTML, like Gecko) Chrome/150.0.7871.128 Mobile Safari/537.36 (compatible; GoogleOther)"
116.193.128.26 - - [28/Jul/2026:13:03:50 +0000] "POST /xmlrpc.php HTTP/1.1" 200 52738 "-" "Jetpack by WordPress.com (Jetpack 13.0; WordPress 6.2)"
66.249.70.4 - - [28/Jul/2026:13:03:57 +0000] "GET /?fileloc=/home/dacusvillerec/public_html/xmlrpc.php?sf/new_products/00/0/ HTTP/1.1" 200 33004 "-" "Mozilla/5.0 (Linux; Android 6.0.1; Nexus 5X Build/MMB29P) AppleWebKit/537.36 (KHTML, like Gecko) Chrome/150.0.7871.128 Mobile Safari/537.36 (compatible; Googlebot/2.1; +http://www.google.com/bot.html)"
116.193.128.26 - - [28/Jul/2026:13:04:01 +0000] "POST /xmlrpc.php HTTP/1.1" 200 52738 "-" "Jetpack/13.0; WordPress/6.3; http://site82819570.com"
66.249.70.4 - - [28/Jul/2026:13:04:00 +0000] "GET /?o=s4l2a2v2o9p2h9i8l342 HTTP/1.1" 200 29331 "-" "Mozilla/5.0 (Linux; Android 6.0.1; Nexus 5X Build/MMB29P) AppleWebKit/537.36 (KHTML, like Gecko) Chrome/150.0.7871.128 Mobile Safari/537.36 (compatible; GoogleOther)"
116.193.128.26 - - [28/Jul/2026:13:04:11 +0000] "POST /xmlrpc.php HTTP/1.1" 200 52738 "-" "Jetpack by WordPress.com (Jetpack 12.5; WordPress 6.4)"
66.249.70.4 - - [28/Jul/2026:13:04:15 +0000] "GET /?o=o8b1t0r2u3d3e4r4826 HTTP/1.1" 200 28358 "-" "Mozilla/5.0 (Linux; Android 6.0.1; Nexus 5X Build/MMB29P) AppleWebKit/537.36 (KHTML, like Gecko) Chrome/150.0.7871.128 Mobile Safari/537.36 (compatible; GoogleOther)"
116.193.128.26 - - [28/Jul/2026:13:04:22 +0000] "POST /xmlrpc.php HTTP/1.1" 200 52738 "-" "Jetpack by WordPress.com (Jetpack 12.0; WordPress 6.3)"
66.249.70.4 - - [28/Jul/2026:13:04:29 +0000] "GET /?o=c1o3n6v9e6n8t2i7o1n30 HTTP/1.1" 200 28840 "-" "Mozilla/5.0 (Linux; Android 6.0.1; Nexus 5X Build/MMB29P) AppleWebKit/537.36 (KHTML, like Gecko) Chrome/150.0.7871.128 Mobile Safari/537.36 (compatible; GoogleOther)"
116.193.128.26 - - [28/Jul/2026:13:04:32 +0000] "POST /xmlrpc.php HTTP/1.1" 200 52738 "-" "Jetpack by WordPress.com"
116.193.128.26 - - [28/Jul/2026:13:04:43 +0000] "POST /xmlrpc.php HTTP/1.1" 200 52738 "-" "Jetpack by WordPress.com"
66.249.70.4 - - [28/Jul/2026:13:04:44 +0000] "GET /?fileloc=/home/dacusvillerec/public_html/wp-activate.php?o=s4c2e1n2d354190 HTTP/1.1" 200 30086 "-" "Mozilla/5.0 (Linux; Android 6.0.1; Nexus 5X Build/MMB29P) AppleWebKit/537.36 (KHTML, like Gecko) Chrome/150.0.7871.128 Mobile Safari/537.36 (compatible; GoogleOther)"
66.249.70.4 - - [28/Jul/2026:13:04:51 +0000] "GET /?o=p9e4a1c6h6y043550 HTTP/1.1" 200 29133 "-" "Mozilla/5.0 (Linux; Android 6.0.1; Nexus 5X Build/MMB29P) AppleWebKit/537.36 (KHTML, like Gecko) Chrome/150.0.7871.128 Mobile Safari/537.36 (compatible; Googlebot/2.1; +http://www.google.com/bot.html)"
116.193.128.26 - - [28/Jul/2026:13:04:54 +0000] "POST /xmlrpc.php HTTP/1.1" 200 52738 "-" "Jetpack by WordPress.com (Jetpack 13.0; WordPress 6.1)"
66.249.70.4 - - [28/Jul/2026:13:04:59 +0000] "GET /?o=m3i2d1d9l0e71708 HTTP/1.1" 200 29563 "-" "Mozilla/5.0 (Linux; Android 6.0.1; Nexus 5X Build/MMB29P) AppleWebKit/537.36 (KHTML, like Gecko) Chrome/150.0.7871.128 Mobile Safari/537.36 (compatible; GoogleOther)"
116.193.128.26 - - [28/Jul/2026:13:05:05 +0000] "POST /xmlrpc.php HTTP/1.1" 200 52738 "-" "Jetpack by WordPress.com"
66.249.70.4 - - [28/Jul/2026:13:05:13 +0000] "GET /shops/frigidity/c7a2t5e1s0b2i4a9n1a44 HTTP/1.1" 200 32804 "-" "Mozilla/5.0 (Linux; Android 6.0.1; Nexus 5X Build/MMB29P) AppleWebKit/537.36 (KHTML, like Gecko) Chrome/150.0.7871.128 Mobile Safari/537.36 (compatible; GoogleOther)"
116.193.128.26 - - [28/Jul/2026:13:05:15 +0000] "POST /xmlrpc.php HTTP/1.1" 200 52738 "-" "WordPress.com; https://wordpress.com"
66.249.70.4 - - [28/Jul/2026:13:05:18 +0000] "GET /wanting/saree/3302668328 HTTP/1.1" 200 29911 "-" "Mozilla/5.0 (Linux; Android 6.0.1; Nexus 5X Build/MMB29P) AppleWebKit/537.36 (KHTML, like Gecko) Chrome/150.0.7871.128 Mobile Safari/537.36 (compatible; Googlebot/2.1; +http://www.google.com/bot.html)"
116.193.128.26 - - [28/Jul/2026:13:05:26 +0000] "POST /xmlrpc.php HTTP/1.1" 200 52738 "-" "Jetpack/12.5; WordPress/6.4; http://site16897877.com"
66.249.70.4 - - [28/Jul/2026:13:05:26 +0000] "GET /shops/classicism/g5a2l0l5i9c790332 HTTP/1.1" 200 29073 "-" "Mozilla/5.0 (Linux; Android 6.0.1; Nexus 5X Build/MMB29P) AppleWebKit/537.36 (KHTML, like Gecko) Chrome/150.0.7871.128 Mobile Safari/537.36 (compatible; GoogleOther)"
116.193.128.26 - - [28/Jul/2026:13:05:36 +0000] "POST /xmlrpc.php HTTP/1.1" 200 52738 "-" "Jetpack by WordPress.com (Jetpack 12.0; WordPress 6.1)"
66.249.70.4 - - [28/Jul/2026:13:05:37 +0000] "GET /?o=i6r1r7e7p8r6e9h9e8n8s8ible HTTP/1.1" 200 28117 "-" "Mozilla/5.0 (Linux; Android 6.0.1; Nexus 5X Build/MMB29P) AppleWebKit/537.36 (KHTML, like Gecko) Chrome/150.0.7871.128 Mobile Safari/537.36 (compatible; GoogleOther)"
116.193.128.26 - - [28/Jul/2026:13:05:47 +0000] "POST /xmlrpc.php HTTP/1.1" 200 52738 "-" "WordPress.com; https://wordpress.com"
66.249.70.4 - - [28/Jul/2026:13:05:47 +0000] "GET /?o=i9r3o9n3m3o2n0g0e7r7y7 HTTP/1.1" 200 29663 "-" "Mozilla/5.0 (Linux; Android 6.0.1; Nexus 5X Build/MMB29P) AppleWebKit/537.36 (KHTML, like Gecko) Chrome/150.0.7871.128 Mobile Safari/537.36 (compatible; GoogleOther)"
66.249.70.4 - - [28/Jul/2026:13:05:51 +0000] "GET /iqr/refitInputView HTTP/1.1" 200 28615 "-" "Mozilla/5.0 (Linux; Android 6.0.1; Nexus 5X Build/MMB29P) AppleWebKit/537.36 (KHTML, like Gecko) Chrome/150.0.7871.128 Mobile Safari/537.36 (compatible; Googlebot/2.1; +http://www.google.com/bot.html)"
66.249.70.4 - - [28/Jul/2026:13:05:56 +0000] "GET /?o=r7e3v7e3l2l2e2d7152 HTTP/1.1" 200 29922 "-" "Mozilla/5.0 (Linux; Android 6.0.1; Nexus 5X Build/MMB29P) AppleWebKit/537.36 (KHTML, like Gecko) Chrome/150.0.7871.128 Mobile Safari/537.36 (compatible; GoogleOther)"
116.193.128.26 - - [28/Jul/2026:13:05:57 +0000] "POST /xmlrpc.php HTTP/1.1" 200 52738 "-" "WordPress.com; https://wordpress.com"
66.249.70.6 - - [28/Jul/2026:13:06:05 +0000] "GET /?o=a3c1c8o4m5p3t86726 HTTP/1.1" 200 29087 "-" "Mozilla/5.0 (Linux; Android 6.0.1; Nexus 5X Build/MMB29P) AppleWebKit/537.36 (KHTML, like Gecko) Chrome/150.0.7871.128 Mobile Safari/537.36 (compatible; GoogleOther)"
116.193.128.26 - - [28/Jul/2026:13:06:08 +0000] "POST /xmlrpc.php HTTP/1.1" 200 52738 "-" "Jetpack by WordPress.com (Jetpack 12.1; WordPress 6.3)"
66.249.70.4 - - [28/Jul/2026:13:06:12 +0000] "GET /?o=s6c2r5u8t2a1b5l2e831 HTTP/1.1" 200 28036 "-" "Mozilla/5.0 (Linux; Android 6.0.1; Nexus 5X Build/MMB29P) AppleWebKit/537.36 (KHTML, like Gecko) Chrome/150.0.7871.128 Mobile Safari/537.36 (compatible; GoogleOther)"
66.249.70.4 - - [28/Jul/2026:13:06:13 +0000] "GET /goodtempered/hermaphroditism/s1u2b9t4r6a5c1t1e9r80 HTTP/1.1" 200 33990 "-" "Mozilla/5.0 (Linux; Android 6.0.1; Nexus 5X Build/MMB29P) AppleWebKit/537.36 (KHTML, like Gecko) Chrome/150.0.7871.128 Mobile Safari/537.36 (compatible; Googlebot/2.1; +http://www.google.com/bot.html)"
116.193.128.26 - - [28/Jul/2026:13:06:19 +0000] "POST /xmlrpc.php HTTP/1.1" 200 52738 "-" "Jetpack by WordPress.com"
66.249.70.4 - - [28/Jul/2026:13:06:19 +0000] "GET /?o=i4n2c2l8i1n4e5r6078 HTTP/1.1" 200 29738 "-" "Mozilla/5.0 (Linux; Android 6.0.1; Nexus 5X Build/MMB29P) AppleWebKit/537.36 (KHTML, like Gecko) Chrome/150.0.7871.128 Mobile Safari/537.36 (compatible; GoogleOther)"
66.249.70.4 - - [28/Jul/2026:13:06:25 +0000] "GET /tinctorial/goslet/4852814798 HTTP/1.1" 200 28512 "-" "Mozilla/5.0 (Linux; Android 6.0.1; Nexus 5X Build/MMB29P) AppleWebKit/537.36 (KHTML, like Gecko) Chrome/150.0.7871.128 Mobile Safari/537.36 (compatible; GoogleOther)"
116.193.128.26 - - [28/Jul/2026:13:06:30 +0000] "POST /xmlrpc.php HTTP/1.1" 200 52738 "-" "Jetpack/12.5; WordPress/6.3; http://site90157422.com"
66.249.70.4 - - [28/Jul/2026:13:06:31 +0000] "GET /?o=h9i1g7h8g2a5t6e9378 HTTP/1.1" 200 29592 "-" "Mozilla/5.0 (Linux; Android 6.0.1; Nexus 5X Build/MMB29P) AppleWebKit/537.36 (KHTML, like Gecko) Chrome/150.0.7871.128 Mobile Safari/537.36 (compatible; GoogleOther)"
66.249.70.4 - - [28/Jul/2026:13:06:36 +0000] "GET /f/special/mask HTTP/1.1" 200 29646 "-" "Mozilla/5.0 (Linux; Android 6.0.1; Nexus 5X Build/MMB29P) AppleWebKit/537.36 (KHTML, like Gecko) Chrome/150.0.7871.128 Mobile Safari/537.36 (compatible; Googlebot/2.1; +http://www.google.com/bot.html)"
66.249.70.4 - - [28/Jul/2026:13:06:38 +0000] "GET /?o=p0r8o3p7i0t2i8a6t1orily HTTP/1.1" 200 29653 "-" "Mozilla/5.0 (Linux; Android 6.0.1; Nexus 5X Build/MMB29P) AppleWebKit/537.36 (KHTML, like Gecko) Chrome/150.0.7871.128 Mobile Safari/537.36 (compatible; GoogleOther)"
116.193.128.26 - - [28/Jul/2026:13:06:40 +0000] "POST /xmlrpc.php HTTP/1.1" 200 52738 "-" "WordPress.com; https://wordpress.com"
66.249.70.4 - - [28/Jul/2026:13:06:44 +0000] "GET /?o=r5h1o9m5b7i2c56822 HTTP/1.1" 200 30044 "-" "Mozilla/5.0 (Linux; Android 6.0.1; Nexus 5X Build/MMB29P) AppleWebKit/537.36 (KHTML, like Gecko) Chrome/150.0.7871.128 Mobile Safari/537.36 (compatible; GoogleOther)"
66.249.70.4 - - [28/Jul/2026:13:06:48 +0000] "GET /?o=e6n3i2g2m5a061733 HTTP/1.1" 200 28049 "-" "Mozilla/5.0 (Linux; Android 6.0.1; Nexus 5X Build/MMB29P) AppleWebKit/537.36 (KHTML, like Gecko) Chrome/150.0.7871.128 Mobile Safari/537.36 (compatible; Googlebot/2.1; +http://www.google.com/bot.html)"
66.249.70.4 - - [28/Jul/2026:13:06:50 +0000] "GET /?o=h2a3m7m1e2r8e2d5946 HTTP/1.1" 200 29250 "-" "Mozilla/5.0 (Linux; Android 6.0.1; Nexus 5X Build/MMB29P) AppleWebKit/537.36 (KHTML, like Gecko) Chrome/150.0.7871.128 Mobile Safari/537.36 (compatible; GoogleOther)"
116.193.128.26 - - [28/Jul/2026:13:06:51 +0000] "POST /xmlrpc.php HTTP/1.1" 200 52738 "-" "Jetpack by WordPress.com"
66.249.70.4 - - [28/Jul/2026:13:06:55 +0000] "GET /?o=z0y6m5o2l1o4g8i3c17 HTTP/1.1" 200 30030 "-" "Mozilla/5.0 (Linux; Android 6.0.1; Nexus 5X Build/MMB29P) AppleWebKit/537.36 (KHTML, like Gecko) Chrome/150.0.7871.128 Mobile Safari/537.36 (compatible; GoogleOther)"
66.249.70.4 - - [28/Jul/2026:13:07:01 +0000] "GET /?o=d6i5v8i5s3i0b1l8y68 HTTP/1.1" 200 28728 "-" "Mozilla/5.0 (Linux; Android 6.0.1; Nexus 5X Build/MMB29P) AppleWebKit/537.36 (KHTML, like Gecko) Chrome/150.0.7871.128 Mobile Safari/537.36 (compatible; GoogleOther)"
116.193.128.26 - - [28/Jul/2026:13:07:02 +0000] "POST /xmlrpc.php HTTP/1.1" 200 52738 "-" "Jetpack by WordPress.com"
66.249.70.5 - - [28/Jul/2026:13:07:06 +0000] "GET /?o=d7i3t0a8t2i4o0n0869 HTTP/1.1" 200 29697 "-" "Mozilla/5.0 (Linux; Android 6.0.1; Nexus 5X Build/MMB29P) AppleWebKit/537.36 (KHTML, like Gecko) Chrome/150.0.7871.128 Mobile Safari/537.36 (compatible; GoogleOther)"
66.249.70.4 - - [28/Jul/2026:13:07:12 +0000] "GET /?o=c5e2m0e8n2t2a5l4364 HTTP/1.1" 200 29976 "-" "Mozilla/5.0 (Linux; Android 6.0.1; Nexus 5X Build/MMB29P) AppleWebKit/537.36 (KHTML, like Gecko) Chrome/150.0.7871.128 Mobile Safari/537.36 (compatible; GoogleOther)"
116.193.128.26 - - [28/Jul/2026:13:07:12 +0000] "POST /xmlrpc.php HTTP/1.1" 200 52738 "-" "WordPress.com; https://wordpress.com"
66.249.70.4 - - [28/Jul/2026:13:07:17 +0000] "GET /?o=o2v2e0r3s6p6r5e1a9d01 HTTP/1.1" 200 29555 "-" "Mozilla/5.0 (Linux; Android 6.0.1; Nexus 5X Build/MMB29P) AppleWebKit/537.36 (KHTML, like Gecko) Chrome/150.0.7871.128 Mobile Safari/537.36 (compatible; GoogleOther)"
66.249.70.4 - - [28/Jul/2026:13:07:22 +0000] "GET /?o=a9f8l2i9c5k7e2r569 HTTP/1.1" 200 29798 "-" "Mozilla/5.0 (Linux; Android 6.0.1; Nexus 5X Build/MMB29P) AppleWebKit/537.36 (KHTML, like Gecko) Chrome/150.0.7871.128 Mobile Safari/537.36 (compatible; GoogleOther)"
116.193.128.26 - - [28/Jul/2026:13:07:23 +0000] "POST /xmlrpc.php HTTP/1.1" 200 52738 "-" "Jetpack/12.1; WordPress/6.3; http://site33240345.com"
66.249.70.4 - - [28/Jul/2026:13:07:26 +0000] "GET /?fileloc=/home/dacusvillerec/public_html/wp-config.php?shops/canine/d4i1t2h0e2i7s9m7853 HTTP/1.1" 200 29497 "-" "Mozilla/5.0 (Linux; Android 6.0.1; Nexus 5X Build/MMB29P) AppleWebKit/537.36 (KHTML, like Gecko) Chrome/150.0.7871.128 Mobile Safari/537.36 (compatible; GoogleOther)"
66.249.70.4 - - [28/Jul/2026:13:07:31 +0000] "GET /?o=d4i6s8p9r3o9p8o5r3t9ional HTTP/1.1" 200 29432 "-" "Mozilla/5.0 (Linux; Android 6.0.1; Nexus 5X Build/MMB29P) AppleWebKit/537.36 (KHTML, like Gecko) Chrome/150.0.7871.128 Mobile Safari/537.36 (compatible; GoogleOther)"
116.193.128.26 - - [28/Jul/2026:13:07:34 +0000] "POST /xmlrpc.php HTTP/1.1" 200 52738 "-" "Jetpack/12.5; WordPress/6.2; http://site91527544.com"
66.249.70.4 - - [28/Jul/2026:13:07:36 +0000] "GET /?o=p4l1e4i6a5d050199 HTTP/1.1" 200 29059 "-" "Mozilla/5.0 (Linux; Android 6.0.1; Nexus 5X Build/MMB29P) AppleWebKit/537.36 (KHTML, like Gecko) Chrome/150.0.7871.128 Mobile Safari/537.36 (compatible; Googlebot/2.1; +http://www.google.com/bot.html)"
66.249.70.4 - - [28/Jul/2026:13:07:40 +0000] "GET /?o=l8a2p7p1e7d292621 HTTP/1.1" 200 28483 "-" "Mozilla/5.0 (Linux; Android 6.0.1; Nexus 5X Build/MMB29P) AppleWebKit/537.36 (KHTML, like Gecko) Chrome/150.0.7871.128 Mobile Safari/537.36 (compatible; GoogleOther)"
116.193.128.26 - - [28/Jul/2026:13:07:45 +0000] "POST /xmlrpc.php HTTP/1.1" 200 52738 "-" "Jetpack by WordPress.com"
66.249.70.6 - - [28/Jul/2026:13:07:48 +0000] "GET /phosphonium/papilonacea/430607 HTTP/1.1" 200 29366 "-" "Mozilla/5.0 (Linux; Android 6.0.1; Nexus 5X Build/MMB29P) AppleWebKit/537.36 (KHTML, like Gecko) Chrome/150.0.7871.128 Mobile Safari/537.36 (compatible; GoogleOther)"
66.249.70.4 - - [28/Jul/2026:13:07:54 +0000] "GET /?o=c5r3o8s6s3n8e1s4s447 HTTP/1.1" 200 28974 "-" "Mozilla/5.0 (Linux; Android 6.0.1; Nexus 5X Build/MMB29P) AppleWebKit/537.36 (KHTML, like Gecko) Chrome/150.0.7871.128 Mobile Safari/537.36 (compatible; GoogleOther)"
116.193.128.26 - - [28/Jul/2026:13:07:55 +0000] "POST /xmlrpc.php HTTP/1.1" 200 52738 "-" "Jetpack by WordPress.com (Jetpack 12.0; WordPress 6.2)"
66.249.70.4 - - [28/Jul/2026:13:07:56 +0000] "GET /?o=f9r1a8m1i1n8g967 HTTP/1.1" 200 29748 "-" "Mozilla/5.0 (Linux; Android 6.0.1; Nexus 5X Build/MMB29P) AppleWebKit/537.36 (KHTML, like Gecko) Chrome/150.0.7871.128 Mobile Safari/537.36 (compatible; Googlebot/2.1; +http://www.google.com/bot.html)"
116.193.128.26 - - [28/Jul/2026:13:08:06 +0000] "POST /xmlrpc.php HTTP/1.1" 200 52738 "-" "Jetpack by WordPress.com (Jetpack 12.0; WordPress 6.3)"
66.249.70.4 - - [28/Jul/2026:13:08:10 +0000] "GET /?o=a5s7t4r5o4l8i4t9h9o6logy HTTP/1.1" 200 29992 "-" "Mozilla/5.0 (Linux; Android 6.0.1; Nexus 5X Build/MMB29P) AppleWebKit/537.36 (KHTML, like Gecko) Chrome/150.0.7871.128 Mobile Safari/537.36 (compatible; GoogleOther)"
116.193.128.26 - - [28/Jul/2026:13:08:17 +0000] "POST /xmlrpc.php HTTP/1.1" 200 52738 "-" "Jetpack by WordPress.com (Jetpack 13.0; WordPress 6.3)"
66.249.70.4 - - [28/Jul/2026:13:08:23 +0000] "GET /?o=p8r2u0r5i9t3u7s8160 HTTP/1.1" 200 29415 "-" "Mozilla/5.0 (Linux; Android 6.0.1; Nexus 5X Build/MMB29P) AppleWebKit/537.36 (KHTML, like Gecko) Chrome/150.0.7871.128 Mobile Safari/537.36 (compatible; GoogleOther)"
116.193.128.26 - - [28/Jul/2026:13:08:28 +0000] "POST /xmlrpc.php HTTP/1.1" 200 52738 "-" "Jetpack by WordPress.com"
66.249.70.4 - - [28/Jul/2026:13:08:35 +0000] "GET /?o=q1u3a6d0r3i7l8l9e018 HTTP/1.1" 200 29182 "-" "Mozilla/5.0 (Linux; Android 6.0.1; Nexus 5X Build/MMB29P) AppleWebKit/537.36 (KHTML, like Gecko) Chrome/150.0.7871.128 Mobile Safari/537.36 (compatible; GoogleOther)"
116.193.128.26 - - [28/Jul/2026:13:08:38 +0000] "POST /xmlrpc.php HTTP/1.1" 200 52738 "-" "Jetpack by WordPress.com"
66.249.70.4 - - [28/Jul/2026:13:08:44 +0000] "GET /?o=c6o6n0v4o1k6i6n7g13 HTTP/1.1" 200 27958 "-" "Mozilla/5.0 (Linux; Android 6.0.1; Nexus 5X Build/MMB29P) AppleWebKit/537.36 (KHTML, like Gecko) Chrome/150.0.7871.128 Mobile Safari/537.36 (compatible; Googlebot/2.1; +http://www.google.com/bot.html)"
116.193.128.26 - - [28/Jul/2026:13:08:49 +0000] "POST /xmlrpc.php HTTP/1.1" 200 52738 "-" "WordPress.com; https://wordpress.com"
66.249.70.4 - - [28/Jul/2026:13:08:49 +0000] "GET /?o=f7o1r7e5s5t3a8l3l304 HTTP/1.1" 200 29411 "-" "Mozilla/5.0 (Linux; Android 6.0.1; Nexus 5X Build/MMB29P) AppleWebKit/537.36 (KHTML, like Gecko) Chrome/150.0.7871.128 Mobile Safari/537.36 (compatible; GoogleOther)"
116.193.128.26 - - [28/Jul/2026:13:09:00 +0000] "POST /xmlrpc.php HTTP/1.1" 200 52738 "-" "Jetpack/12.5; WordPress/6.2; http://site19032788.com"
66.249.70.4 - - [28/Jul/2026:13:09:02 +0000] "GET /demolishment/beguilingly/41532373279 HTTP/1.1" 200 29576 "-" "Mozilla/5.0 (Linux; Android 6.0.1; Nexus 5X Build/MMB29P) AppleWebKit/537.36 (KHTML, like Gecko) Chrome/150.0.7871.128 Mobile Safari/537.36 (compatible; GoogleOther)"
66.249.70.5 - - [28/Jul/2026:13:09:07 +0000] "GET /?o=f9r1o6t9h2i5e5r3367 HTTP/1.1" 200 29686 "-" "Mozilla/5.0 (Linux; Android 6.0.1; Nexus 5X Build/MMB29P) AppleWebKit/537.36 (KHTML, like Gecko) Chrome/150.0.7871.128 Mobile Safari/537.36 (compatible; GoogleOther)"
116.193.128.26 - - [28/Jul/2026:13:09:11 +0000] "POST /xmlrpc.php HTTP/1.1" 200 52738 "-" "Jetpack by WordPress.com"
66.249.70.4 - - [28/Jul/2026:13:09:10 +0000] "GET /panegyrizing/bidentate/61446129161 HTTP/1.1" 200 29070 "-" "Mozilla/5.0 (Linux; Android 6.0.1; Nexus 5X Build/MMB29P) AppleWebKit/537.36 (KHTML, like Gecko) Chrome/150.0.7871.128 Mobile Safari/537.36 (compatible; Googlebot/2.1; +http://www.google.com/bot.html)"
66.249.70.4 - - [28/Jul/2026:13:09:17 +0000] "GET /?o=p9a2n4d6u3r7e06882 HTTP/1.1" 200 29451 "-" "Mozilla/5.0 (Linux; Android 6.0.1; Nexus 5X Build/MMB29P) AppleWebKit/537.36 (KHTML, like Gecko) Chrome/150.0.7871.128 Mobile Safari/537.36 (compatible; GoogleOther)"
116.193.128.26 - - [28/Jul/2026:13:09:21 +0000] "POST /xmlrpc.php HTTP/1.1" 200 52738 "-" "Jetpack by WordPress.com (Jetpack 12.5; WordPress 6.2)"
116.193.128.26 - - [28/Jul/2026:13:09:32 +0000] "POST /xmlrpc.php HTTP/1.1" 200 52738 "-" "Jetpack/12.0; WordPress/6.3; http://site43884623.com"
66.249.70.4 - - [28/Jul/2026:13:09:31 +0000] "GET /?o=g8l3o0v4e0r057023 HTTP/1.1" 200 29512 "-" "Mozilla/5.0 (Linux; Android 6.0.1; Nexus 5X Build/MMB29P) AppleWebKit/537.36 (KHTML, like Gecko) Chrome/150.0.7871.128 Mobile Safari/537.36 (compatible; GoogleOther)"
116.193.128.26 - - [28/Jul/2026:13:09:42 +0000] "POST /xmlrpc.php HTTP/1.1" 200 52738 "-" "WordPress.com; https://wordpress.com"
66.249.70.4 - - [28/Jul/2026:13:09:46 +0000] "GET /shops/criminological/d1i1s4t9e2m5p5e6r9a7n5ce HTTP/1.1" 200 29707 "-" "Mozilla/5.0 (Linux; Android 6.0.1; Nexus 5X Build/MMB29P) AppleWebKit/537.36 (KHTML, like Gecko) Chrome/150.0.7871.128 Mobile Safari/537.36 (compatible; Googlebot/2.1; +http://www.google.com/bot.html)"
116.193.128.26 - - [28/Jul/2026:13:09:53 +0000] "POST /xmlrpc.php HTTP/1.1" 200 52738 "-" "Jetpack/12.5; WordPress/6.2; http://site24416553.com"
66.249.70.4 - - [28/Jul/2026:13:09:50 +0000] "GET /?o=c1a2b9b4a2g5i8n5g991 HTTP/1.1" 200 28424 "-" "Mozilla/5.0 (Linux; Android 6.0.1; Nexus 5X Build/MMB29P) AppleWebKit/537.36 (KHTML, like Gecko) Chrome/150.0.7871.128 Mobile Safari/537.36 (compatible; GoogleOther)"
116.193.128.26 - - [28/Jul/2026:13:10:04 +0000] "POST /xmlrpc.php HTTP/1.1" 200 52738 "-" "WordPress.com; https://wordpress.com"
216.73.216.110 - - [28/Jul/2026:13:10:02 +0000] "GET /moieties/hemiorthotype/72594952409 HTTP/2.0" 500 3885 "-" "Mozilla/5.0 AppleWebKit/537.36 (KHTML, like Gecko; compatible; ClaudeBot/1.0; +claudebot@anthropic.com)"
66.249.70.4 - - [28/Jul/2026:13:10:03 +0000] "GET /?o=p5r1o9x7i6m2i4t4y938 HTTP/1.1" 200 27809 "-" "Mozilla/5.0 (Linux; Android 6.0.1; Nexus 5X Build/MMB29P) AppleWebKit/537.36 (KHTML, like Gecko) Chrome/150.0.7871.128 Mobile Safari/537.36 (compatible; GoogleOther)"
216.73.216.110 - - [28/Jul/2026:13:10:07 +0000] "GET /shops/pluvious/c7h2r5o7m6a6t2o7s8p5h2ere HTTP/2.0" 500 3885 "-" "Mozilla/5.0 AppleWebKit/537.36 (KHTML, like Gecko; compatible; ClaudeBot/1.0; +claudebot@anthropic.com)"
216.73.216.110 - - [28/Jul/2026:13:10:10 +0000] "GET /ideal/lecherer/7492874872 HTTP/2.0" 500 3885 "-" "Mozilla/5.0 AppleWebKit/537.36 (KHTML, like Gecko; compatible; ClaudeBot/1.0; +claudebot@anthropic.com)"
116.193.128.26 - - [28/Jul/2026:13:10:14 +0000] "POST /xmlrpc.php HTTP/1.1" 200 52738 "-" "Jetpack by WordPress.com (Jetpack 13.0; WordPress 6.1)"
216.73.216.110 - - [28/Jul/2026:13:10:13 +0000] "GET /shops/venice/o7b5e4l6i3s7k6988 HTTP/2.0" 500 3885 "-" "Mozilla/5.0 AppleWebKit/537.36 (KHTML, like Gecko; compatible; ClaudeBot/1.0; +claudebot@anthropic.com)"
66.249.70.5 - - [28/Jul/2026:13:10:14 +0000] "GET /shops/barmcloth/t6i3t2i6l7l7a0t5i0o3n6 HTTP/1.1" 200 28629 "-" "Mozilla/5.0 (Linux; Android 6.0.1; Nexus 5X Build/MMB29P) AppleWebKit/537.36 (KHTML, like Gecko) Chrome/150.0.7871.128 Mobile Safari/537.36 (compatible; Googlebot/2.1; +http://www.google.com/bot.html)"
216.73.216.110 - - [28/Jul/2026:13:10:16 +0000] "GET /domify/typhlus/71883455560 HTTP/2.0" 500 3885 "-" "Mozilla/5.0 AppleWebKit/537.36 (KHTML, like Gecko; compatible; ClaudeBot/1.0; +claudebot@anthropic.com)"
216.73.216.110 - - [28/Jul/2026:13:10:19 +0000] "GET /papyrograph/b7o2g7u3e719623 HTTP/2.0" 500 3885 "-" "Mozilla/5.0 AppleWebKit/537.36 (KHTML, like Gecko; compatible; ClaudeBot/1.0; +claudebot@anthropic.com)"
66.249.70.4 - - [28/Jul/2026:13:10:18 +0000] "GET /?o=i2n1t0e6r0c1e0p1t3e9d2 HTTP/1.1" 200 29848 "-" "Mozilla/5.0 (Linux; Android 6.0.1; Nexus 5X Build/MMB29P) AppleWebKit/537.36 (KHTML, like Gecko) Chrome/150.0.7871.128 Mobile Safari/537.36 (compatible; GoogleOther)"
216.73.216.110 - - [28/Jul/2026:13:10:22 +0000] "GET /shops/torulae/o7v3e3r0l5a3d9e4d356 HTTP/2.0" 500 3885 "-" "Mozilla/5.0 AppleWebKit/537.36 (KHTML, like Gecko; compatible; ClaudeBot/1.0; +claudebot@anthropic.com)"
116.193.128.26 - - [28/Jul/2026:13:10:26 +0000] "POST /xmlrpc.php HTTP/1.1" 200 52738 "-" "Jetpack by WordPress.com"
216.73.216.110 - - [28/Jul/2026:13:10:26 +0000] "GET /shops/flabelliform/o7s1c2i3l7l6a7n2c2y41 HTTP/2.0" 500 3885 "-" "Mozilla/5.0 AppleWebKit/537.36 (KHTML, like Gecko; compatible; ClaudeBot/1.0; +claudebot@anthropic.com)"
216.73.216.110 - - [28/Jul/2026:13:10:29 +0000] "GET /shops/scamillus/s7p2a0t8e8235844 HTTP/2.0" 500 3885 "-" "Mozilla/5.0 AppleWebKit/537.36 (KHTML, like Gecko; compatible; ClaudeBot/1.0; +claudebot@anthropic.com)"
216.73.216.110 - - [28/Jul/2026:13:10:32 +0000] "GET /slinger/c7a2w6i8n5g752133 HTTP/2.0" 500 3885 "-" "Mozilla/5.0 AppleWebKit/537.36 (KHTML, like Gecko; compatible; ClaudeBot/1.0; +claudebot@anthropic.com)"
66.249.70.4 - - [28/Jul/2026:13:10:33 +0000] "GET /?o=t8r1o6u6s7e6r5e6d190 HTTP/1.1" 200 28656 "-" "Mozilla/5.0 (Linux; Android 6.0.1; Nexus 5X Build/MMB29P) AppleWebKit/537.36 (KHTML, like Gecko) Chrome/150.0.7871.128 Mobile Safari/537.36 (compatible; GoogleOther)"
116.193.128.26 - - [28/Jul/2026:13:10:36 +0000] "POST /xmlrpc.php HTTP/1.1" 200 52738 "-" "Jetpack/12.1; WordPress/6.2; http://site26457612.com"
216.73.216.110 - - [28/Jul/2026:13:10:35 +0000] "GET /shops/snorting/l7o5u6g6h485340 HTTP/2.0" 500 3885 "-" "Mozilla/5.0 AppleWebKit/537.36 (KHTML, like Gecko; compatible; ClaudeBot/1.0; +claudebot@anthropic.com)"
216.73.216.110 - - [28/Jul/2026:13:10:38 +0000] "GET /shops/tatula/m7o7t6o3r5d8i7c7a13 HTTP/2.0" 500 3885 "-" "Mozilla/5.0 AppleWebKit/537.36 (KHTML, like Gecko; compatible; ClaudeBot/1.0; +claudebot@anthropic.com)"
216.73.216.110 - - [28/Jul/2026:13:10:43 +0000] "GET /shops/ionization/g7l5u3t7t0o7n7i6z3e HTTP/2.0" 500 3885 "-" "Mozilla/5.0 AppleWebKit/537.36 (KHTML, like Gecko; compatible; ClaudeBot/1.0; +claudebot@anthropic.com)"
116.193.128.26 - - [28/Jul/2026:13:10:47 +0000] "POST /xmlrpc.php HTTP/1.1" 200 52738 "-" "Jetpack/12.0; WordPress/6.2; http://site15989840.com"
66.249.70.4 - - [28/Jul/2026:13:10:49 +0000] "GET /?o=b2r4e6a2k9e0r7589 HTTP/1.1" 200 29407 "-" "Mozilla/5.0 (Linux; Android 6.0.1; Nexus 5X Build/MMB29P) AppleWebKit/537.36 (KHTML, like Gecko) Chrome/150.0.7871.128 Mobile Safari/537.36 (compatible; GoogleOther)"
116.193.128.26 - - [28/Jul/2026:13:10:58 +0000] "POST /xmlrpc.php HTTP/1.1" 200 52738 "-" "Jetpack/12.1; WordPress/6.4; http://site85441648.com"
216.73.216.110 - - [28/Jul/2026:13:10:57 +0000] "GET /shops/deploy/a7t2h0e3t7i2z6e9951 HTTP/2.0" 500 3885 "-" "Mozilla/5.0 AppleWebKit/537.36 (KHTML, like Gecko; compatible; ClaudeBot/1.0; +claudebot@anthropic.com)"
216.73.216.110 - - [28/Jul/2026:13:11:02 +0000] "GET /causality/ornithologic/c7o2c5k9s3h7e4a0d310 HTTP/2.0" 500 3885 "-" "Mozilla/5.0 AppleWebKit/537.36 (KHTML, like Gecko; compatible; ClaudeBot/1.0; +claudebot@anthropic.com)"
66.249.70.4 - - [28/Jul/2026:13:11:03 +0000] "GET /embrasure/tachyons/21280476650 HTTP/1.1" 200 29761 "-" "Mozilla/5.0 (Linux; Android 6.0.1; Nexus 5X Build/MMB29P) AppleWebKit/537.36 (KHTML, like Gecko) Chrome/150.0.7871.128 Mobile Safari/537.36 (compatible; Googlebot/2.1; +http://www.google.com/bot.html)"
216.73.216.110 - - [28/Jul/2026:13:11:07 +0000] "GET /shops/squabby/u7n3e0a1s7e529014 HTTP/2.0" 500 3885 "-" "Mozilla/5.0 AppleWebKit/537.36 (KHTML, like Gecko; compatible; ClaudeBot/1.0; +claudebot@anthropic.com)"
116.193.128.26 - - [28/Jul/2026:13:11:09 +0000] "POST /xmlrpc.php HTTP/1.1" 200 52738 "-" "Jetpack by WordPress.com"
66.249.70.5 - - [28/Jul/2026:13:11:06 +0000] "GET /?o=g7o2a3s9y5o7u5p7l2e6a9se HTTP/1.1" 200 28756 "-" "Mozilla/5.0 (Linux; Android 6.0.1; Nexus 5X Build/MMB29P) AppleWebKit/537.36 (KHTML, like Gecko) Chrome/150.0.7871.128 Mobile Safari/537.36 (compatible; GoogleOther)"
216.73.216.110 - - [28/Jul/2026:13:11:12 +0000] "GET /?o=o7k3i1n5a8w4a172 HTTP/2.0" 200 3885 "-" "Mozilla/5.0 AppleWebKit/537.36 (KHTML, like Gecko; compatible; ClaudeBot/1.0; +claudebot@anthropic.com)"
116.193.128.26 - - [28/Jul/2026:13:11:19 +0000] "POST /xmlrpc.php HTTP/1.1" 200 52738 "-" "Jetpack/12.1; WordPress/6.3; http://site23117849.com"
66.249.70.4 - - [28/Jul/2026:13:11:22 +0000] "GET /?o=a7n7o0m0a4l8o3p0s89 HTTP/1.1" 200 29494 "-" "Mozilla/5.0 (Linux; Android 6.0.1; Nexus 5X Build/MMB29P) AppleWebKit/537.36 (KHTML, like Gecko) Chrome/150.0.7871.128 Mobile Safari/537.36 (compatible; Googlebot/2.1; +http://www.google.com/bot.html)"
66.249.70.4 - - [28/Jul/2026:13:11:25 +0000] "GET /?o=i9n4s6u9l8a3r5y407 HTTP/1.1" 200 28892 "-" "Mozilla/5.0 (Linux; Android 6.0.1; Nexus 5X Build/MMB29P) AppleWebKit/537.36 (KHTML, like Gecko) Chrome/150.0.7871.128 Mobile Safari/537.36 (compatible; GoogleOther)"
216.73.216.110 - - [28/Jul/2026:13:11:29 +0000] "GET /shops/spiracular/a7p1e0r8y3981674 HTTP/2.0" 500 3885 "-" "Mozilla/5.0 AppleWebKit/537.36 (KHTML, like Gecko; compatible; ClaudeBot/1.0; +claudebot@anthropic.com)"
116.193.128.26 - - [28/Jul/2026:13:11:30 +0000] "POST /xmlrpc.php HTTP/1.1" 200 52738 "-" "Jetpack by WordPress.com"
216.73.216.110 - - [28/Jul/2026:13:11:34 +0000] "GET /shops/petaled/s7c3o5a7t8450195 HTTP/2.0" 500 3885 "-" "Mozilla/5.0 AppleWebKit/537.36 (KHTML, like Gecko; compatible; ClaudeBot/1.0; +claudebot@anthropic.com)"
216.73.216.110 - - [28/Jul/2026:13:11:39 +0000] "GET /shops/esquired/c7o1u4v8a5d8e51159 HTTP/2.0" 500 3885 "-" "Mozilla/5.0 AppleWebKit/537.36 (KHTML, like Gecko; compatible; ClaudeBot/1.0; +claudebot@anthropic.com)"
116.193.128.26 - - [28/Jul/2026:13:11:41 +0000] "POST /xmlrpc.php HTTP/1.1" 200 52738 "-" "Jetpack by WordPress.com"
66.249.70.4 - - [28/Jul/2026:13:11:41 +0000] "GET /?o=f6o7n8d7e0r1s1365 HTTP/1.1" 200 28685 "-" "Mozilla/5.0 (Linux; Android 6.0.1; Nexus 5X Build/MMB29P) AppleWebKit/537.36 (KHTML, like Gecko) Chrome/150.0.7871.128 Mobile Safari/537.36 (compatible; GoogleOther)"
216.73.216.110 - - [28/Jul/2026:13:11:44 +0000] "GET /shops/colutea/s7h1a2m5i2n4g396 HTTP/2.0" 500 3885 "-" "Mozilla/5.0 AppleWebKit/537.36 (KHTML, like Gecko; compatible; ClaudeBot/1.0; +claudebot@anthropic.com)"
216.73.216.110 - - [28/Jul/2026:13:11:49 +0000] "GET /interlocation/p7a4r0l9o0u6s20768 HTTP/2.0" 500 3885 "-" "Mozilla/5.0 AppleWebKit/537.36 (KHTML, like Gecko; compatible; ClaudeBot/1.0; +claudebot@anthropic.com)"
116.193.128.26 - - [28/Jul/2026:13:11:51 +0000] "POST /xmlrpc.php HTTP/1.1" 200 52738 "-" "WordPress.com; https://wordpress.com"
66.249.70.4 - - [28/Jul/2026:13:11:54 +0000] "GET /?o=m9a3u9n8g6y927683 HTTP/1.1" 200 30008 "-" "Mozilla/5.0 (Linux; Android 6.0.1; Nexus 5X Build/MMB29P) AppleWebKit/537.36 (KHTML, like Gecko) Chrome/150.0.7871.128 Mobile Safari/537.36 (compatible; GoogleOther)"
216.73.216.110 - - [28/Jul/2026:13:11:56 +0000] "GET /shops/genially/e7x3o3t2i7c760559 HTTP/2.0" 500 3885 "-" "Mozilla/5.0 AppleWebKit/537.36 (KHTML, like Gecko; compatible; ClaudeBot/1.0; +claudebot@anthropic.com)"
66.249.70.4 - - [28/Jul/2026:13:11:57 +0000] "GET /?o=s2t4e2e8l3y370122 HTTP/1.1" 200 29629 "-" "Mozilla/5.0 (Linux; Android 6.0.1; Nexus 5X Build/MMB29P) AppleWebKit/537.36 (KHTML, like Gecko) Chrome/150.0.7871.128 Mobile Safari/537.36 (compatible; Googlebot/2.1; +http://www.google.com/bot.html)"
216.73.216.110 - - [28/Jul/2026:13:12:01 +0000] "GET /subterranean/f7o3r7e2s8h1i8p7648 HTTP/2.0" 500 3885 "-" "Mozilla/5.0 AppleWebKit/537.36 (KHTML, like Gecko; compatible; ClaudeBot/1.0; +claudebot@anthropic.com)"
116.193.128.26 - - [28/Jul/2026:13:12:02 +0000] "POST /xmlrpc.php HTTP/1.1" 200 52738 "-" "Jetpack by WordPress.com"
216.73.216.110 - - [28/Jul/2026:13:12:06 +0000] "GET /unfertile/v7e2r3m6i2n778463 HTTP/2.0" 500 3885 "-" "Mozilla/5.0 AppleWebKit/537.36 (KHTML, like Gecko; compatible; ClaudeBot/1.0; +claudebot@anthropic.com)"
66.249.70.5 - - [28/Jul/2026:13:12:07 +0000] "GET /?o=i4m3p2r2o0v8i4d8e6d24 HTTP/1.1" 200 30526 "-" "Mozilla/5.0 (Linux; Android 6.0.1; Nexus 5X Build/MMB29P) AppleWebKit/537.36 (KHTML, like Gecko) Chrome/150.0.7871.128 Mobile Safari/537.36 (compatible; GoogleOther)"
216.73.216.110 - - [28/Jul/2026:13:12:11 +0000] "GET /shops/dermatoid/w7e2t0t8i6n5g7250 HTTP/2.0" 500 3885 "-" "Mozilla/5.0 AppleWebKit/537.36 (KHTML, like Gecko; compatible; ClaudeBot/1.0; +claudebot@anthropic.com)"
116.193.128.26 - - [28/Jul/2026:13:12:13 +0000] "POST /xmlrpc.php HTTP/1.1" 200 52738 "-" "Jetpack by WordPress.com (Jetpack 12.5; WordPress 6.3)"
216.73.216.110 - - [28/Jul/2026:13:12:16 +0000] "GET /spoutfish/h7o2r9s8e1b5e2a0n303 HTTP/2.0" 500 3885 "-" "Mozilla/5.0 AppleWebKit/537.36 (KHTML, like Gecko; compatible; ClaudeBot/1.0; +claudebot@anthropic.com)"
66.249.70.4 - - [28/Jul/2026:13:12:18 +0000] "GET /?o=p4o1r2t6r2o9y3a4l5i8s3t HTTP/1.1" 200 29068 "-" "Mozilla/5.0 (Linux; Android 6.0.1; Nexus 5X Build/MMB29P) AppleWebKit/537.36 (KHTML, like Gecko) Chrome/150.0.7871.128 Mobile Safari/537.36 (compatible; GoogleOther)"
216.73.216.110 - - [28/Jul/2026:13:12:21 +0000] "GET /shops/celticize/b7a1c2k9f8r0i7e4n5d32 HTTP/2.0" 500 3885 "-" "Mozilla/5.0 AppleWebKit/537.36 (KHTML, like Gecko; compatible; ClaudeBot/1.0; +claudebot@anthropic.com)"
116.193.128.26 - - [28/Jul/2026:13:12:23 +0000] "POST /xmlrpc.php HTTP/1.1" 200 52738 "-" "Jetpack by WordPress.com"
216.73.216.110 - - [28/Jul/2026:13:12:26 +0000] "GET /slype/macropetalous/72898891730 HTTP/2.0" 500 3885 "-" "Mozilla/5.0 AppleWebKit/537.36 (KHTML, like Gecko; compatible; ClaudeBot/1.0; +claudebot@anthropic.com)"
66.249.70.4 - - [28/Jul/2026:13:12:28 +0000] "GET /?o=a9p4p9l7i7c3a1t4i4o7n HTTP/1.1" 200 29880 "-" "Mozilla/5.0 (Linux; Android 6.0.1; Nexus 5X Build/MMB29P) AppleWebKit/537.36 (KHTML, like Gecko) Chrome/150.0.7871.128 Mobile Safari/537.36 (compatible; GoogleOther)"
216.73.216.110 - - [28/Jul/2026:13:12:31 +0000] "GET /shops/thrustle/e7l7e5c0t7r3o4p9l2a7te HTTP/2.0" 500 3885 "-" "Mozilla/5.0 AppleWebKit/537.36 (KHTML, like Gecko; compatible; ClaudeBot/1.0; +claudebot@anthropic.com)"
66.249.70.4 - - [28/Jul/2026:13:12:33 +0000] "GET /shops/pocketful/l1u4d0i5b8u6n9d2616 HTTP/1.1" 200 30361 "-" "Mozilla/5.0 (Linux; Android 6.0.1; Nexus 5X Build/MMB29P) AppleWebKit/537.36 (KHTML, like Gecko) Chrome/150.0.7871.128 Mobile Safari/537.36 (compatible; Googlebot/2.1; +http://www.google.com/bot.html)"
116.193.128.26 - - [28/Jul/2026:13:12:34 +0000] "POST /xmlrpc.php HTTP/1.1" 200 52738 "-" "WordPress.com; https://wordpress.com"
216.73.216.110 - - [28/Jul/2026:13:12:36 +0000] "GET /shops/flagelliform/q7u4a0i9l3044950 HTTP/2.0" 500 3885 "-" "Mozilla/5.0 AppleWebKit/537.36 (KHTML, like Gecko; compatible; ClaudeBot/1.0; +claudebot@anthropic.com)"
66.249.70.4 - - [28/Jul/2026:13:12:36 +0000] "GET /subtileness/codeine/8345387993 HTTP/1.1" 200 28728 "-" "Mozilla/5.0 (Linux; Android 6.0.1; Nexus 5X Build/MMB29P) AppleWebKit/537.36 (KHTML, like Gecko) Chrome/150.0.7871.128 Mobile Safari/537.36 (compatible; GoogleOther)"
216.73.216.110 - - [28/Jul/2026:13:12:41 +0000] "GET /shops/permeably/o7r1t4y5g9i7s11478 HTTP/2.0" 500 3885 "-" "Mozilla/5.0 AppleWebKit/537.36 (KHTML, like Gecko; compatible; ClaudeBot/1.0; +claudebot@anthropic.com)"
66.249.70.4 - - [28/Jul/2026:13:12:44 +0000] "GET /omnibus/karaite/z5e1n1d6a5v2e3s8t8a46 HTTP/1.1" 200 29644 "-" "Mozilla/5.0 (Linux; Android 6.0.1; Nexus 5X Build/MMB29P) AppleWebKit/537.36 (KHTML, like Gecko) Chrome/150.0.7871.128 Mobile Safari/537.36 (compatible; GoogleOther)"
116.193.128.26 - - [28/Jul/2026:13:12:45 +0000] "POST /xmlrpc.php HTTP/1.1" 200 52738 "-" "Jetpack by WordPress.com (Jetpack 12.0; WordPress 6.3)"
216.73.216.110 - - [28/Jul/2026:13:12:46 +0000] "GET /duped/antrostomus/74283213410 HTTP/2.0" 500 3885 "-" "Mozilla/5.0 AppleWebKit/537.36 (KHTML, like Gecko; compatible; ClaudeBot/1.0; +claudebot@anthropic.com)"
216.73.216.110 - - [28/Jul/2026:13:12:51 +0000] "GET /barble/r7e3l7o4c4a9t3e5553 HTTP/2.0" 500 3885 "-" "Mozilla/5.0 AppleWebKit/537.36 (KHTML, like Gecko; compatible; ClaudeBot/1.0; +claudebot@anthropic.com)"
66.249.70.4 - - [28/Jul/2026:13:12:51 +0000] "GET /?o=p5i3d9d8l9e6d59503 HTTP/1.1" 200 29441 "-" "Mozilla/5.0 (Linux; Android 6.0.1; Nexus 5X Build/MMB29P) AppleWebKit/537.36 (KHTML, like Gecko) Chrome/150.0.7871.128 Mobile Safari/537.36 (compatible; GoogleOther)"
116.193.128.26 - - [28/Jul/2026:13:12:56 +0000] "POST /xmlrpc.php HTTP/1.1" 200 52738 "-" "Jetpack/12.5; WordPress/6.1; http://site88785699.com"
216.73.216.110 - - [28/Jul/2026:13:12:56 +0000] "GET /?o=r7e1p5o7r7t8a3b6l9e44 HTTP/2.0" 200 3885 "-" "Mozilla/5.0 AppleWebKit/537.36 (KHTML, like Gecko; compatible; ClaudeBot/1.0; +claudebot@anthropic.com)"
66.249.70.4 - - [28/Jul/2026:13:12:58 +0000] "GET /?o=c2o2n7v5i3c4e84797 HTTP/1.1" 200 28380 "-" "Mozilla/5.0 (Linux; Android 6.0.1; Nexus 5X Build/MMB29P) AppleWebKit/537.36 (KHTML, like Gecko) Chrome/150.0.7871.128 Mobile Safari/537.36 (compatible; GoogleOther)"
216.73.216.110 - - [28/Jul/2026:13:13:01 +0000] "GET /shops/immix/p7h2o7t3o5t5r6i1c0h0romatic HTTP/2.0" 500 3885 "-" "Mozilla/5.0 AppleWebKit/537.36 (KHTML, like Gecko; compatible; ClaudeBot/1.0; +claudebot@anthropic.com)"
66.249.70.6 - - [28/Jul/2026:13:13:04 +0000] "GET /?o=u0n3s8u0b8s5t0a1n8t3i2alize HTTP/1.1" 200 30031 "-" "Mozilla/5.0 (Linux; Android 6.0.1; Nexus 5X Build/MMB29P) AppleWebKit/537.36 (KHTML, like Gecko) Chrome/150.0.7871.128 Mobile Safari/537.36 (compatible; GoogleOther)"
66.249.70.5 - - [28/Jul/2026:13:13:05 +0000] "GET /shops/attiring/u9b3i3q7u2i1t1o1u7s29 HTTP/1.1" 200 30050 "-" "Mozilla/5.0 (Linux; Android 6.0.1; Nexus 5X Build/MMB29P) AppleWebKit/537.36 (KHTML, like Gecko) Chrome/150.0.7871.128 Mobile Safari/537.36 (compatible; Googlebot/2.1; +http://www.google.com/bot.html)"
216.73.216.110 - - [28/Jul/2026:13:13:06 +0000] "GET /eider/arithmetically/p7o1i6c1i8l0e93890 HTTP/2.0" 500 3885 "-" "Mozilla/5.0 AppleWebKit/537.36 (KHTML, like Gecko; compatible; ClaudeBot/1.0; +claudebot@anthropic.com)"
116.193.128.26 - - [28/Jul/2026:13:13:08 +0000] "POST /xmlrpc.php HTTP/1.1" 200 52738 "-" "Jetpack/12.5; WordPress/6.4; http://site95579521.com"
73.24.102.38 - - [28/Jul/2026:13:13:08 +0000] "GET / HTTP/2.0" 200 3885 "https://www.google.com/" "Mozilla/5.0 (Macintosh; Intel Mac OS X 10_15_7) AppleWebKit/605.1.15 (KHTML, like Gecko) Version/26.5 Safari/605.1.15"
73.24.102.38 - - [28/Jul/2026:13:13:08 +0000] "GET /favicon.ico HTTP/2.0" 200 3885 "https://www.dacusvillerec.com/" "Mozilla/5.0 (Macintosh; Intel Mac OS X 10_15_7) AppleWebKit/605.1.15 (KHTML, like Gecko) Version/26.5 Safari/605.1.15"
66.249.70.5 - - [28/Jul/2026:13:13:10 +0000] "GET /?o=i6c2h4n5i4t2e28251 HTTP/1.1" 200 27782 "-" "Mozilla/5.0 (Linux; Android 6.0.1; Nexus 5X Build/MMB29P) AppleWebKit/537.36 (KHTML, like Gecko) Chrome/150.0.7871.128 Mobile Safari/537.36 (compatible; GoogleOther)"
216.73.216.110 - - [28/Jul/2026:13:13:11 +0000] "GET /?o=t7a1l8i7p7o7t95380 HTTP/2.0" 200 3885 "-" "Mozilla/5.0 AppleWebKit/537.36 (KHTML, like Gecko; compatible; ClaudeBot/1.0; +claudebot@anthropic.com)"
66.249.70.4 - - [28/Jul/2026:13:13:15 +0000] "GET /?o=f3l2i5p4p0a7n8t8l6y90 HTTP/1.1" 200 28453 "-" "Mozilla/5.0 (Linux; Android 6.0.1; Nexus 5X Build/MMB29P) AppleWebKit/537.36 (KHTML, like Gecko) Chrome/150.0.7871.128 Mobile Safari/537.36 (compatible; GoogleOther)"
216.73.216.110 - - [28/Jul/2026:13:13:16 +0000] "GET /shops/extemporizing/b7a2w0c0o6c3k77943 HTTP/2.0" 500 3885 "-" "Mozilla/5.0 AppleWebKit/537.36 (KHTML, like Gecko; compatible; ClaudeBot/1.0; +claudebot@anthropic.com)"
116.193.128.26 - - [28/Jul/2026:13:13:18 +0000] "POST /xmlrpc.php HTTP/1.1" 200 52738 "-" "Jetpack by WordPress.com (Jetpack 13.0; WordPress 6.3)"
66.249.70.4 - - [28/Jul/2026:13:13:20 +0000] "GET /?o=u8n1a1f1f5e0c0t9e8d4l3y HTTP/1.1" 200 29928 "-" "Mozilla/5.0 (Linux; Android 6.0.1; Nexus 5X Build/MMB29P) AppleWebKit/537.36 (KHTML, like Gecko) Chrome/150.0.7871.128 Mobile Safari/537.36 (compatible; GoogleOther)"
73.24.102.38 - - [28/Jul/2026:13:13:21 +0000] "GET /?fbclid=IwY2xjawTVikFwZG9mBWV4dG4DYWVtAjEwAGJyaWQRMXdFa2ZBWTJWeEFQdG56MTJzcnRjBmFwcF9pZBAyMjIwMzkxNzg4MjAwODkyAAEec6DMmytZFTzRkXHlu8qphVmWzv0xLl3pbNYgEZF-qFZ548cLQQv9hSTBUxU_aem_plGGE_Mpp5AEGZRnpAOmZQ HTTP/2.0" 200 3885 "https://l.facebook.com/" "Mozilla/5.0 (Macintosh; Intel Mac OS X 10_15_7) AppleWebKit/605.1.15 (KHTML, like Gecko) Version/26.5 Safari/605.1.15"
116.193.128.26 - - [28/Jul/2026:13:13:29 +0000] "POST /xmlrpc.php HTTP/1.1" 200 52738 "-" "Jetpack by WordPress.com (Jetpack 12.1; WordPress 6.2)"
66.249.70.4 - - [28/Jul/2026:13:13:28 +0000] "GET /?o=t0r3o9m6b1e191068 HTTP/1.1" 200 29789 "-" "Mozilla/5.0 (Linux; Android 6.0.1; Nexus 5X Build/MMB29P) AppleWebKit/537.36 (KHTML, like Gecko) Chrome/150.0.7871.128 Mobile Safari/537.36 (compatible; GoogleOther)"
66.249.70.4 - - [28/Jul/2026:13:13:38 +0000] "GET /before_login/koto/edenpo/ HTTP/1.1" 200 29932 "-" "Mozilla/5.0 (Linux; Android 6.0.1; Nexus 5X Build/MMB29P) AppleWebKit/537.36 (KHTML, like Gecko) Chrome/150.0.7871.128 Mobile Safari/537.36 (compatible; Googlebot/2.1; +http://www.google.com/bot.html)"
216.73.216.110 - - [28/Jul/2026:13:13:39 +0000] "GET /?o=a7n1d2a3r2a9c48439 HTTP/2.0" 200 3885 "-" "Mozilla/5.0 AppleWebKit/537.36 (KHTML, like Gecko; compatible; ClaudeBot/1.0; +claudebot@anthropic.com)"
116.193.128.26 - - [28/Jul/2026:13:13:40 +0000] "POST /xmlrpc.php HTTP/1.1" 200 52738 "-" "Jetpack/12.5; WordPress/6.1; http://site22054497.com"
66.249.70.4 - - [28/Jul/2026:13:13:43 +0000] "GET /?o=d8o3z0e5r1331673 HTTP/1.1" 200 29244 "-" "Mozilla/5.0 (Linux; Android 6.0.1; Nexus 5X Build/MMB29P) AppleWebKit/537.36 (KHTML, like Gecko) Chrome/150.0.7871.128 Mobile Safari/537.36 (compatible; GoogleOther)"
216.73.216.110 - - [28/Jul/2026:13:13:44 +0000] "GET /shops/miching/s7h7a1k9s6p1e5r7i0a8n HTTP/2.0" 500 3885 "-" "Mozilla/5.0 AppleWebKit/537.36 (KHTML, like Gecko; compatible; ClaudeBot/1.0; +claudebot@anthropic.com)"
216.73.216.110 - - [28/Jul/2026:13:13:49 +0000] "GET /?o=p7a4l2l4b6e8a7r4e7r1 HTTP/2.0" 200 3885 "-" "Mozilla/5.0 AppleWebKit/537.36 (KHTML, like Gecko; compatible; ClaudeBot/1.0; +claudebot@anthropic.com)"
116.193.128.26 - - [28/Jul/2026:13:13:50 +0000] "POST /xmlrpc.php HTTP/1.1" 200 52738 "-" "Jetpack/12.0; WordPress/6.2; http://site51122440.com"
216.73.216.110 - - [28/Jul/2026:13:13:54 +0000] "GET /shops/kantian/e7l2s4e4w4h0e3r1e398 HTTP/2.0" 500 3885 "-" "Mozilla/5.0 AppleWebKit/537.36 (KHTML, like Gecko; compatible; ClaudeBot/1.0; +claudebot@anthropic.com)"
216.73.216.110 - - [28/Jul/2026:13:13:59 +0000] "GET /antalkaline/s7h1o3g3u9n75858 HTTP/2.0" 500 3885 "-" "Mozilla/5.0 AppleWebKit/537.36 (KHTML, like Gecko; compatible; ClaudeBot/1.0; +claudebot@anthropic.com)"
66.249.70.4 - - [28/Jul/2026:13:13:59 +0000] "GET /?o=s9e3n7s6i8t5i7z2e4r19 HTTP/1.1" 200 29405 "-" "Mozilla/5.0 (Linux; Android 6.0.1; Nexus 5X Build/MMB29P) AppleWebKit/537.36 (KHTML, like Gecko) Chrome/150.0.7871.128 Mobile Safari/537.36 (compatible; GoogleOther)"
116.193.128.26 - - [28/Jul/2026:13:14:02 +0000] "POST /xmlrpc.php HTTP/1.1" 200 52738 "-" "Jetpack/12.0; WordPress/6.1; http://site15327539.com"
216.73.216.110 - - [28/Jul/2026:13:14:04 +0000] "GET /shops/spretus/c7o2m8p0t7r3o2l625 HTTP/2.0" 500 3885 "-" "Mozilla/5.0 AppleWebKit/537.36 (KHTML, like Gecko; compatible; ClaudeBot/1.0; +claudebot@anthropic.com)"
216.73.216.110 - - [28/Jul/2026:13:14:09 +0000] "GET /?o=h7e1a0d1b8a9n4d3140 HTTP/2.0" 200 3885 "-" "Mozilla/5.0 AppleWebKit/537.36 (KHTML, like Gecko; compatible; ClaudeBot/1.0; +claudebot@anthropic.com)"
