116.193.128.26 - - [28/Jul/2026:13:14:12 +0000] "POST /xmlrpc.php HTTP/1.1" 200 52738 "-" "Jetpack by WordPress.com (Jetpack 12.0; WordPress 6.1)"
66.249.70.4 - - [28/Jul/2026:13:14:13 +0000] "GET /loyalness/conceptualism/8968793398 HTTP/1.1" 200 32877 "-" "Mozilla/5.0 (Linux; Android 6.0.1; Nexus 5X Build/MMB29P) AppleWebKit/537.36 (KHTML, like Gecko) Chrome/150.0.7871.128 Mobile Safari/537.36 (compatible; Googlebot/2.1; +http://www.google.com/bot.html)"
66.249.70.4 - - [28/Jul/2026:13:14:14 +0000] "GET /?o=i0n1s2n2a5r0i6n8g044 HTTP/1.1" 200 30467 "-" "Mozilla/5.0 (Linux; Android 6.0.1; Nexus 5X Build/MMB29P) AppleWebKit/537.36 (KHTML, like Gecko) Chrome/150.0.7871.128 Mobile Safari/537.36 (compatible; GoogleOther)"
216.73.216.110 - - [28/Jul/2026:13:14:14 +0000] "GET /?o=i7d4e6a2l4l9y4149 HTTP/2.0" 200 3885 "-" "Mozilla/5.0 AppleWebKit/537.36 (KHTML, like Gecko; compatible; ClaudeBot/1.0; +claudebot@anthropic.com)"
216.73.216.110 - - [28/Jul/2026:13:14:19 +0000] "GET /shops/warehouse/a7r3c4h7c4h3a0m3b1e1r0lain HTTP/2.0" 500 3885 "-" "Mozilla/5.0 AppleWebKit/537.36 (KHTML, like Gecko; compatible; ClaudeBot/1.0; +claudebot@anthropic.com)"
66.249.70.4 - - [28/Jul/2026:13:14:19 +0000] "GET /?o=d4o3d0e4c7a8s4y1l4l0a9bic HTTP/1.1" 200 29303 "-" "Mozilla/5.0 (Linux; Android 6.0.1; Nexus 5X Build/MMB29P) AppleWebKit/537.36 (KHTML, like Gecko) Chrome/150.0.7871.128 Mobile Safari/537.36 (compatible; GoogleOther)"
116.193.128.26 - - [28/Jul/2026:13:14:23 +0000] "POST /xmlrpc.php HTTP/1.1" 200 52738 "-" "Jetpack by WordPress.com (Jetpack 12.5; WordPress 6.1)"
216.73.216.110 - - [28/Jul/2026:13:14:24 +0000] "GET /reign/sewage/a7s2p4i8r6a8t6e8d307 HTTP/2.0" 500 3885 "-" "Mozilla/5.0 AppleWebKit/537.36 (KHTML, like Gecko; compatible; ClaudeBot/1.0; +claudebot@anthropic.com)"
66.249.70.4 - - [28/Jul/2026:13:14:24 +0000] "GET /?o=g3l4u1t7t2o3n3o3u4s38 HTTP/1.1" 200 28902 "-" "Mozilla/5.0 (Linux; Android 6.0.1; Nexus 5X Build/MMB29P) AppleWebKit/537.36 (KHTML, like Gecko) Chrome/150.0.7871.128 Mobile Safari/537.36 (compatible; GoogleOther)"
216.73.216.110 - - [28/Jul/2026:13:14:29 +0000] "GET /shops/replevisable/e7n1c1o9l6u0r9e2037 HTTP/2.0" 500 3885 "-" "Mozilla/5.0 AppleWebKit/537.36 (KHTML, like Gecko; compatible; ClaudeBot/1.0; +claudebot@anthropic.com)"
116.193.128.26 - - [28/Jul/2026:13:14:34 +0000] "POST /xmlrpc.php HTTP/1.1" 200 52738 "-" "Jetpack/12.5; WordPress/6.2; http://site31049326.com"
216.73.216.110 - - [28/Jul/2026:13:14:34 +0000] "GET /shops/ictodosaur/l7e4p2t4o0d0a2c8t9y6l0 HTTP/2.0" 500 3885 "-" "Mozilla/5.0 AppleWebKit/537.36 (KHTML, like Gecko; compatible; ClaudeBot/1.0; +claudebot@anthropic.com)"
66.249.70.4 - - [28/Jul/2026:13:14:38 +0000] "GET /?o=b6l2u6e6s1t8o4c1k9i5n1gism HTTP/1.1" 200 28915 "-" "Mozilla/5.0 (Linux; Android 6.0.1; Nexus 5X Build/MMB29P) AppleWebKit/537.36 (KHTML, like Gecko) Chrome/150.0.7871.128 Mobile Safari/537.36 (compatible; GoogleOther)"
216.73.216.110 - - [28/Jul/2026:13:14:39 +0000] "GET /?o=t7i3e5u7t5e073522 HTTP/2.0" 200 3885 "-" "Mozilla/5.0 AppleWebKit/537.36 (KHTML, like Gecko; compatible; ClaudeBot/1.0; +claudebot@anthropic.com)"
216.73.216.110 - - [28/Jul/2026:13:14:44 +0000] "GET /shops/disseverment/c7o2l2o6r3a2b2l0y150 HTTP/2.0" 500 3885 "-" "Mozilla/5.0 AppleWebKit/537.36 (KHTML, like Gecko; compatible; ClaudeBot/1.0; +claudebot@anthropic.com)"
116.193.128.26 - - [28/Jul/2026:13:14:44 +0000] "POST /xmlrpc.php HTTP/1.1" 200 52738 "-" "Jetpack by WordPress.com"
66.249.70.4 - - [28/Jul/2026:13:14:52 +0000] "GET /?o=c3o3m8p6a3t9r4i4o2t64 HTTP/1.1" 200 28405 "-" "Mozilla/5.0 (Linux; Android 6.0.1; Nexus 5X Build/MMB29P) AppleWebKit/537.36 (KHTML, like Gecko) Chrome/150.0.7871.128 Mobile Safari/537.36 (compatible; Googlebot/2.1; +http://www.google.com/bot.html)"
66.249.70.4 - - [28/Jul/2026:13:14:52 +0000] "GET /?o=m5o1n0o2p5e9r9s8o4n3a3l HTTP/1.1" 200 29589 "-" "Mozilla/5.0 (Linux; Android 6.0.1; Nexus 5X Build/MMB29P) AppleWebKit/537.36 (KHTML, like Gecko) Chrome/150.0.7871.128 Mobile Safari/537.36 (compatible; GoogleOther)"
116.193.128.26 - - [28/Jul/2026:13:14:55 +0000] "POST /xmlrpc.php HTTP/1.1" 200 52738 "-" "Jetpack/12.1; WordPress/6.4; http://site17117686.com"
216.73.216.110 - - [28/Jul/2026:13:14:56 +0000] "GET /shops/trias/t7r4a8n6s0p9o3r8t1e5d HTTP/2.0" 500 3885 "-" "Mozilla/5.0 AppleWebKit/537.36 (KHTML, like Gecko; compatible; ClaudeBot/1.0; +claudebot@anthropic.com)"
216.73.216.110 - - [28/Jul/2026:13:15:01 +0000] "GET /shops/dessertspoonfuls/b7a1l0d1r8i9c7k6468 HTTP/2.0" 500 3885 "-" "Mozilla/5.0 AppleWebKit/537.36 (KHTML, like Gecko; compatible; ClaudeBot/1.0; +claudebot@anthropic.com)"
116.193.128.26 - - [28/Jul/2026:13:15:06 +0000] "POST /xmlrpc.php HTTP/1.1" 200 52738 "-" "WordPress.com; https://wordpress.com"
216.73.216.110 - - [28/Jul/2026:13:15:06 +0000] "GET /?o=h7a1v3e4n1682129 HTTP/2.0" 200 3885 "-" "Mozilla/5.0 AppleWebKit/537.36 (KHTML, like Gecko; compatible; ClaudeBot/1.0; +claudebot@anthropic.com)"
66.249.70.5 - - [28/Jul/2026:13:15:06 +0000] "GET /?o=s7e1e1t1h2i1n3g8515 HTTP/1.1" 200 29131 "-" "Mozilla/5.0 (Linux; Android 6.0.1; Nexus 5X Build/MMB29P) AppleWebKit/537.36 (KHTML, like Gecko) Chrome/150.0.7871.128 Mobile Safari/537.36 (compatible; GoogleOther)"
216.73.216.110 - - [28/Jul/2026:13:15:11 +0000] "GET /antedon/p7e2t7r4o9s0i9l0i9c6i8ous HTTP/2.0" 500 3885 "-" "Mozilla/5.0 AppleWebKit/537.36 (KHTML, like Gecko; compatible; ClaudeBot/1.0; +claudebot@anthropic.com)"
216.73.216.110 - - [28/Jul/2026:13:15:16 +0000] "GET /shops/glandule/c7r3a5n7i4a4l21360 HTTP/2.0" 500 3885 "-" "Mozilla/5.0 AppleWebKit/537.36 (KHTML, like Gecko; compatible; ClaudeBot/1.0; +claudebot@anthropic.com)"
116.193.128.26 - - [28/Jul/2026:13:15:17 +0000] "POST /xmlrpc.php HTTP/1.1" 200 52738 "-" "WordPress.com; https://wordpress.com"
66.249.70.5 - - [28/Jul/2026:13:15:20 +0000] "GET /?o=p1a2n6o3p6t0i5c7o6n70 HTTP/1.1" 200 29295 "-" "Mozilla/5.0 (Linux; Android 6.0.1; Nexus 5X Build/MMB29P) AppleWebKit/537.36 (KHTML, like Gecko) Chrome/150.0.7871.128 Mobile Safari/537.36 (compatible; GoogleOther)"
216.73.216.110 - - [28/Jul/2026:13:15:21 +0000] "GET /?o=s7w2e8r2v9e736786 HTTP/2.0" 200 3885 "-" "Mozilla/5.0 AppleWebKit/537.36 (KHTML, like Gecko; compatible; ClaudeBot/1.0; +claudebot@anthropic.com)"
66.249.70.4 - - [28/Jul/2026:13:15:22 +0000] "GET /review/EP84018 HTTP/1.1" 200 28158 "-" "Mozilla/5.0 (Linux; Android 6.0.1; Nexus 5X Build/MMB29P) AppleWebKit/537.36 (KHTML, like Gecko) Chrome/150.0.7871.128 Mobile Safari/537.36 (compatible; Googlebot/2.1; +http://www.google.com/bot.html)"
216.73.216.110 - - [28/Jul/2026:13:15:26 +0000] "GET /shops/xiphisternal/p7s4e0u6d8o2s0p1o3r8e9 HTTP/2.0" 500 3885 "-" "Mozilla/5.0 AppleWebKit/537.36 (KHTML, like Gecko; compatible; ClaudeBot/1.0; +claudebot@anthropic.com)"
116.193.128.26 - - [28/Jul/2026:13:15:28 +0000] "POST /xmlrpc.php HTTP/1.1" 200 52738 "-" "Jetpack/12.0; WordPress/6.4; http://site65960572.com"
216.73.216.110 - - [28/Jul/2026:13:15:31 +0000] "GET /glycose/tartarian/71137411352 HTTP/2.0" 500 3885 "-" "Mozilla/5.0 AppleWebKit/537.36 (KHTML, like Gecko; compatible; ClaudeBot/1.0; +claudebot@anthropic.com)"
66.249.70.4 - - [28/Jul/2026:13:15:34 +0000] "GET /?o=p1o2n4t4i4c032258 HTTP/1.1" 200 29746 "-" "Mozilla/5.0 (Linux; Android 6.0.1; Nexus 5X Build/MMB29P) AppleWebKit/537.36 (KHTML, like Gecko) Chrome/150.0.7871.128 Mobile Safari/537.36 (compatible; GoogleOther)"
216.73.216.110 - - [28/Jul/2026:13:15:36 +0000] "GET /shops/sulpitian/t7r8o1i1c604942 HTTP/2.0" 500 3885 "-" "Mozilla/5.0 AppleWebKit/537.36 (KHTML, like Gecko; compatible; ClaudeBot/1.0; +claudebot@anthropic.com)"
116.193.128.26 - - [28/Jul/2026:13:15:38 +0000] "POST /xmlrpc.php HTTP/1.1" 200 52738 "-" "Jetpack by WordPress.com"
216.73.216.110 - - [28/Jul/2026:13:15:41 +0000] "GET /shops/paxillus/p7y7r8o9m3a6n3c9y17 HTTP/2.0" 500 3885 "-" "Mozilla/5.0 AppleWebKit/537.36 (KHTML, like Gecko; compatible; ClaudeBot/1.0; +claudebot@anthropic.com)"
216.73.216.110 - - [28/Jul/2026:13:15:46 +0000] "GET /shops/oviposit/a7b3o9m9i6n1a2b6l0e1n4ess HTTP/2.0" 500 3885 "-" "Mozilla/5.0 AppleWebKit/537.36 (KHTML, like Gecko; compatible; ClaudeBot/1.0; +claudebot@anthropic.com)"
66.249.70.4 - - [28/Jul/2026:13:15:48 +0000] "GET /?o=b1a2s9e7n1e3s7s1142 HTTP/1.1" 200 30101 "-" "Mozilla/5.0 (Linux; Android 6.0.1; Nexus 5X Build/MMB29P) AppleWebKit/537.36 (KHTML, like Gecko) Chrome/150.0.7871.128 Mobile Safari/537.36 (compatible; GoogleOther)"
116.193.128.26 - - [28/Jul/2026:13:15:49 +0000] "POST /xmlrpc.php HTTP/1.1" 200 52738 "-" "Jetpack by WordPress.com (Jetpack 12.0; WordPress 6.1)"
216.73.216.110 - - [28/Jul/2026:13:15:51 +0000] "GET /?o=a7r4t5e5r8i2o7s9c6l5erotic HTTP/2.0" 200 3885 "-" "Mozilla/5.0 AppleWebKit/537.36 (KHTML, like Gecko; compatible; ClaudeBot/1.0; +claudebot@anthropic.com)"
66.249.70.4 - - [28/Jul/2026:13:15:55 +0000] "GET /aider/modernizing/11712168688 HTTP/1.1" 200 30089 "-" "Mozilla/5.0 (Linux; Android 6.0.1; Nexus 5X Build/MMB29P) AppleWebKit/537.36 (KHTML, like Gecko) Chrome/150.0.7871.128 Mobile Safari/537.36 (compatible; Googlebot/2.1; +http://www.google.com/bot.html)"
216.73.216.110 - - [28/Jul/2026:13:15:56 +0000] "GET /?o=f7o4l9d2a4b0l1e269 HTTP/2.0" 200 3885 "-" "Mozilla/5.0 AppleWebKit/537.36 (KHTML, like Gecko; compatible; ClaudeBot/1.0; +claudebot@anthropic.com)"
116.193.128.26 - - [28/Jul/2026:13:16:01 +0000] "POST /xmlrpc.php HTTP/1.1" 200 52738 "-" "Jetpack by WordPress.com"
66.249.70.6 - - [28/Jul/2026:13:16:02 +0000] "GET /?o=t6e3t2r7a7p8h5e2n1o1l5 HTTP/1.1" 200 28392 "-" "Mozilla/5.0 (Linux; Android 6.0.1; Nexus 5X Build/MMB29P) AppleWebKit/537.36 (KHTML, like Gecko) Chrome/150.0.7871.128 Mobile Safari/537.36 (compatible; GoogleOther)"
216.73.216.110 - - [28/Jul/2026:13:16:03 +0000] "GET /shops/multiloquence/o7s1t8r6a7c4o9i2d883 HTTP/2.0" 500 3885 "-" "Mozilla/5.0 AppleWebKit/537.36 (KHTML, like Gecko; compatible; ClaudeBot/1.0; +claudebot@anthropic.com)"
66.249.70.5 - - [28/Jul/2026:13:16:05 +0000] "GET /septoic/capcase/p8r2e1c4i4p0i9e4n5t39 HTTP/1.1" 200 34189 "-" "Mozilla/5.0 (Linux; Android 6.0.1; Nexus 5X Build/MMB29P) AppleWebKit/537.36 (KHTML, like Gecko) Chrome/150.0.7871.128 Mobile Safari/537.36 (compatible; GoogleOther)"
216.73.216.110 - - [28/Jul/2026:13:16:09 +0000] "GET /shops/gripe/o7p1e1r4a9n4d09682 HTTP/2.0" 500 3885 "-" "Mozilla/5.0 AppleWebKit/537.36 (KHTML, like Gecko; compatible; ClaudeBot/1.0; +claudebot@anthropic.com)"
116.193.128.26 - - [28/Jul/2026:13:16:12 +0000] "POST /xmlrpc.php HTTP/1.1" 200 52738 "-" "Jetpack by WordPress.com (Jetpack 12.0; WordPress 6.3)"
216.73.216.110 - - [28/Jul/2026:13:16:13 +0000] "GET /laster/archducal/91916984872 HTTP/2.0" 500 3885 "-" "Mozilla/5.0 AppleWebKit/537.36 (KHTML, like Gecko; compatible; ClaudeBot/1.0; +claudebot@anthropic.com)"
66.249.70.5 - - [28/Jul/2026:13:16:17 +0000] "GET /?o=e9r1u0d4i0a2t5e1438 HTTP/1.1" 200 29868 "-" "Mozilla/5.0 (Linux; Android 6.0.1; Nexus 5X Build/MMB29P) AppleWebKit/537.36 (KHTML, like Gecko) Chrome/150.0.7871.128 Mobile Safari/537.36 (compatible; GoogleOther)"
216.73.216.110 - - [28/Jul/2026:13:16:18 +0000] "GET /stamina/o7v1e1r4w6o2r9n1393 HTTP/2.0" 500 3885 "-" "Mozilla/5.0 AppleWebKit/537.36 (KHTML, like Gecko; compatible; ClaudeBot/1.0; +claudebot@anthropic.com)"
116.193.128.26 - - [28/Jul/2026:13:16:23 +0000] "POST /xmlrpc.php HTTP/1.1" 200 52738 "-" "Jetpack/13.0; WordPress/6.4; http://site40217141.com"
216.73.216.110 - - [28/Jul/2026:13:16:23 +0000] "GET /shops/acetifying/c7o2e0l4e9b1s26017 HTTP/2.0" 500 3885 "-" "Mozilla/5.0 AppleWebKit/537.36 (KHTML, like Gecko; compatible; ClaudeBot/1.0; +claudebot@anthropic.com)"
216.73.216.110 - - [28/Jul/2026:13:16:28 +0000] "GET /galop/remarque/71103711196 HTTP/2.0" 500 3885 "-" "Mozilla/5.0 AppleWebKit/537.36 (KHTML, like Gecko; compatible; ClaudeBot/1.0; +claudebot@anthropic.com)"
66.249.70.4 - - [28/Jul/2026:13:16:32 +0000] "GET /?maccaroni/23734539083 HTTP/1.1" 200 28595 "-" "Mozilla/5.0 (Linux; Android 6.0.1; Nexus 5X Build/MMB29P) AppleWebKit/537.36 (KHTML, like Gecko) Chrome/150.0.7871.128 Mobile Safari/537.36 (compatible; Googlebot/2.1; +http://www.google.com/bot.html)"
66.249.70.4 - - [28/Jul/2026:13:16:32 +0000] "GET /?o=t3e1n0d7i7n3o6u6s688 HTTP/1.1" 200 30595 "-" "Mozilla/5.0 (Linux; Android 6.0.1; Nexus 5X Build/MMB29P) AppleWebKit/537.36 (KHTML, like Gecko) Chrome/150.0.7871.128 Mobile Safari/537.36 (compatible; GoogleOther)"
216.73.216.110 - - [28/Jul/2026:13:16:33 +0000] "GET /alate/emanating/91988400853 HTTP/2.0" 500 3885 "-" "Mozilla/5.0 AppleWebKit/537.36 (KHTML, like Gecko; compatible; ClaudeBot/1.0; +claudebot@anthropic.com)"
116.193.128.26 - - [28/Jul/2026:13:16:34 +0000] "POST /xmlrpc.php HTTP/1.1" 200 52738 "-" "Jetpack/13.0; WordPress/6.4; http://site16713086.com"
216.73.216.110 - - [28/Jul/2026:13:16:38 +0000] "GET /atomy/moonless/72813244952 HTTP/2.0" 500 3885 "-" "Mozilla/5.0 AppleWebKit/537.36 (KHTML, like Gecko; compatible; ClaudeBot/1.0; +claudebot@anthropic.com)"
216.73.216.110 - - [28/Jul/2026:13:16:43 +0000] "GET /shops/bowstringed/s9t2i8b4i5c236732 HTTP/2.0" 500 3885 "-" "Mozilla/5.0 AppleWebKit/537.36 (KHTML, like Gecko; compatible; ClaudeBot/1.0; +claudebot@anthropic.com)"
116.193.128.26 - - [28/Jul/2026:13:16:45 +0000] "POST /xmlrpc.php HTTP/1.1" 200 52738 "-" "WordPress.com; https://wordpress.com"
66.249.70.4 - - [28/Jul/2026:13:16:47 +0000] "GET /?o=d9i3l3l8y2d4a0l5l3y03 HTTP/1.1" 200 28287 "-" "Mozilla/5.0 (Linux; Android 6.0.1; Nexus 5X Build/MMB29P) AppleWebKit/537.36 (KHTML, like Gecko) Chrome/150.0.7871.128 Mobile Safari/537.36 (compatible; GoogleOther)"
216.73.216.110 - - [28/Jul/2026:13:16:48 +0000] "GET /shops/echioides/y9m4a2k3e5d656263 HTTP/2.0" 500 3885 "-" "Mozilla/5.0 AppleWebKit/537.36 (KHTML, like Gecko; compatible; ClaudeBot/1.0; +claudebot@anthropic.com)"
216.73.216.110 - - [28/Jul/2026:13:16:53 +0000] "GET /coverside/e7t1i2o7l2a7t3i7o8n48 HTTP/2.0" 500 3885 "-" "Mozilla/5.0 AppleWebKit/537.36 (KHTML, like Gecko; compatible; ClaudeBot/1.0; +claudebot@anthropic.com)"
66.249.70.6 - - [28/Jul/2026:13:16:55 +0000] "GET /?tremuloides/63036335704 HTTP/1.1" 200 28386 "-" "Mozilla/5.0 (Linux; Android 6.0.1; Nexus 5X Build/MMB29P) AppleWebKit/537.36 (KHTML, like Gecko) Chrome/150.0.7871.128 Mobile Safari/537.36 (compatible; GoogleOther)"
116.193.128.26 - - [28/Jul/2026:13:16:56 +0000] "POST /xmlrpc.php HTTP/1.1" 200 52738 "-" "Jetpack by WordPress.com"
216.73.216.110 - - [28/Jul/2026:13:17:00 +0000] "GET /?o=o7a1t0e1n2068546 HTTP/2.0" 200 3885 "-" "Mozilla/5.0 AppleWebKit/537.36 (KHTML, like Gecko; compatible; ClaudeBot/1.0; +claudebot@anthropic.com)"
66.249.70.5 - - [28/Jul/2026:13:17:01 +0000] "GET /?o=l6a1r3r8e5a409557 HTTP/1.1" 200 27938 "-" "Mozilla/5.0 (Linux; Android 6.0.1; Nexus 5X Build/MMB29P) AppleWebKit/537.36 (KHTML, like Gecko) Chrome/150.0.7871.128 Mobile Safari/537.36 (compatible; GoogleOther)"
66.249.70.6 - - [28/Jul/2026:13:17:04 +0000] "GET /?fileloc=/home/dacusvillerec/public_html/wp-blog-header.php?f/special/souji/ HTTP/1.1" 200 29041 "-" "Mozilla/5.0 (Linux; Android 6.0.1; Nexus 5X Build/MMB29P) AppleWebKit/537.36 (KHTML, like Gecko) Chrome/150.0.7871.128 Mobile Safari/537.36 (compatible; Googlebot/2.1; +http://www.google.com/bot.html)"
216.73.216.110 - - [28/Jul/2026:13:17:05 +0000] "GET /golfed/humbly/74100008206 HTTP/2.0" 500 3885 "-" "Mozilla/5.0 AppleWebKit/537.36 (KHTML, like Gecko; compatible; ClaudeBot/1.0; +claudebot@anthropic.com)"
116.193.128.26 - - [28/Jul/2026:13:17:07 +0000] "POST /xmlrpc.php HTTP/1.1" 200 52738 "-" "Jetpack by WordPress.com"
216.73.216.110 - - [28/Jul/2026:13:17:10 +0000] "GET /shops/dilution/j9e1r4i6d4207 HTTP/2.0" 500 3885 "-" "Mozilla/5.0 AppleWebKit/537.36 (KHTML, like Gecko; compatible; ClaudeBot/1.0; +claudebot@anthropic.com)"
66.249.70.5 - - [28/Jul/2026:13:17:12 +0000] "GET /?o=j8u4n8i9o6r7p1r2e2n9ominal HTTP/1.1" 200 28330 "-" "Mozilla/5.0 (Linux; Android 6.0.1; Nexus 5X Build/MMB29P) AppleWebKit/537.36 (KHTML, like Gecko) Chrome/150.0.7871.128 Mobile Safari/537.36 (compatible; GoogleOther)"
216.73.216.110 - - [28/Jul/2026:13:17:15 +0000] "GET /shops/polygoneutic/o7v3e8r5w5o9r9n8231 HTTP/2.0" 500 3885 "-" "Mozilla/5.0 AppleWebKit/537.36 (KHTML, like Gecko; compatible; ClaudeBot/1.0; +claudebot@anthropic.com)"
116.193.128.26 - - [28/Jul/2026:13:17:18 +0000] "POST /xmlrpc.php HTTP/1.1" 200 52738 "-" "WordPress.com; https://wordpress.com"
216.73.216.110 - - [28/Jul/2026:13:17:20 +0000] "GET /dearborn/excitingly/91217135939 HTTP/2.0" 500 3885 "-" "Mozilla/5.0 AppleWebKit/537.36 (KHTML, like Gecko; compatible; ClaudeBot/1.0; +claudebot@anthropic.com)"
216.73.216.110 - - [28/Jul/2026:13:17:25 +0000] "GET /?o=d9i2o7d1o6n07633 HTTP/2.0" 200 3885 "-" "Mozilla/5.0 AppleWebKit/537.36 (KHTML, like Gecko; compatible; ClaudeBot/1.0; +claudebot@anthropic.com)"
66.249.70.4 - - [28/Jul/2026:13:17:26 +0000] "GET /?o=c3o6l8l6e6c4t9o2r7a1te HTTP/1.1" 200 29516 "-" "Mozilla/5.0 (Linux; Android 6.0.1; Nexus 5X Build/MMB29P) AppleWebKit/537.36 (KHTML, like Gecko) Chrome/150.0.7871.128 Mobile Safari/537.36 (compatible; GoogleOther)"
116.193.128.26 - - [28/Jul/2026:13:17:28 +0000] "POST /xmlrpc.php HTTP/1.1" 200 52738 "-" "Jetpack by WordPress.com"
216.73.216.110 - - [28/Jul/2026:13:17:30 +0000] "GET /shops/bromize/f7i3a3n6c6e763199 HTTP/2.0" 500 3885 "-" "Mozilla/5.0 AppleWebKit/537.36 (KHTML, like Gecko; compatible; ClaudeBot/1.0; +claudebot@anthropic.com)"
216.73.216.110 - - [28/Jul/2026:13:17:35 +0000] "GET /shops/fielded/n9e2o7k9a3n7t4i8a6n53 HTTP/2.0" 500 3885 "-" "Mozilla/5.0 AppleWebKit/537.36 (KHTML, like Gecko; compatible; ClaudeBot/1.0; +claudebot@anthropic.com)"
66.249.70.4 - - [28/Jul/2026:13:17:37 +0000] "GET /corer/metaplasm/51603255418 HTTP/1.1" 200 29204 "-" "Mozilla/5.0 (Linux; Android 6.0.1; Nexus 5X Build/MMB29P) AppleWebKit/537.36 (KHTML, like Gecko) Chrome/150.0.7871.128 Mobile Safari/537.36 (compatible; Googlebot/2.1; +http://www.google.com/bot.html)"
116.193.128.26 - - [28/Jul/2026:13:17:39 +0000] "POST /xmlrpc.php HTTP/1.1" 200 52738 "-" "Jetpack by WordPress.com"
66.249.70.4 - - [28/Jul/2026:13:17:40 +0000] "GET /?o=k6e3n3n4e4l5l0e0d765 HTTP/1.1" 200 28448 "-" "Mozilla/5.0 (Linux; Android 6.0.1; Nexus 5X Build/MMB29P) AppleWebKit/537.36 (KHTML, like Gecko) Chrome/150.0.7871.128 Mobile Safari/537.36 (compatible; GoogleOther)"
216.73.216.110 - - [28/Jul/2026:13:17:44 +0000] "GET /?o=d7i2t4o2l8y6l30606 HTTP/2.0" 200 3885 "-" "Mozilla/5.0 AppleWebKit/537.36 (KHTML, like Gecko; compatible; ClaudeBot/1.0; +claudebot@anthropic.com)"
216.73.216.110 - - [28/Jul/2026:13:17:49 +0000] "GET /?o=i7n1t5o8n8a0t8e141 HTTP/2.0" 200 3885 "-" "Mozilla/5.0 AppleWebKit/537.36 (KHTML, like Gecko; compatible; ClaudeBot/1.0; +claudebot@anthropic.com)"
116.193.128.26 - - [28/Jul/2026:13:17:50 +0000] "POST /xmlrpc.php HTTP/1.1" 200 52738 "-" "Jetpack by WordPress.com (Jetpack 12.1; WordPress 6.4)"
66.249.70.6 - - [28/Jul/2026:13:17:51 +0000] "GET /?o=o7l4i1g5o6m9e0r9o3u9s0 HTTP/1.1" 200 30377 "-" "Mozilla/5.0 (Linux; Android 6.0.1; Nexus 5X Build/MMB29P) AppleWebKit/537.36 (KHTML, like Gecko) Chrome/150.0.7871.128 Mobile Safari/537.36 (compatible; GoogleOther)"
216.73.216.110 - - [28/Jul/2026:13:17:54 +0000] "GET /?o=s7u2p4e2r9v8e4n2t7i0o5n HTTP/2.0" 200 3885 "-" "Mozilla/5.0 AppleWebKit/537.36 (KHTML, like Gecko; compatible; ClaudeBot/1.0; +claudebot@anthropic.com)"
66.249.70.6 - - [28/Jul/2026:13:17:54 +0000] "GET /?o=t9i3e8u7t9e034088 HTTP/1.1" 200 29609 "-" "Mozilla/5.0 (Linux; Android 6.0.1; Nexus 5X Build/MMB29P) AppleWebKit/537.36 (KHTML, like Gecko) Chrome/150.0.7871.128 Mobile Safari/537.36 (compatible; GoogleOther)"
216.73.216.110 - - [28/Jul/2026:13:17:59 +0000] "GET /?o=a7d7o3r1e3r52480 HTTP/2.0" 200 3885 "-" "Mozilla/5.0 AppleWebKit/537.36 (KHTML, like Gecko; compatible; ClaudeBot/1.0; +claudebot@anthropic.com)"
116.193.128.26 - - [28/Jul/2026:13:18:01 +0000] "POST /xmlrpc.php HTTP/1.1" 200 52738 "-" "Jetpack/13.0; WordPress/6.2; http://site32157914.com"
216.73.216.110 - - [28/Jul/2026:13:18:04 +0000] "GET /demobilize/weltanschauungen/m7a2n2d5i3b6l2e0229 HTTP/2.0" 500 3885 "-" "Mozilla/5.0 AppleWebKit/537.36 (KHTML, like Gecko; compatible; ClaudeBot/1.0; +claudebot@anthropic.com)"
66.249.70.4 - - [28/Jul/2026:13:18:08 +0000] "GET /?o=i7n2e0x9a2c6t7i9t4u0d1e HTTP/1.1" 200 30183 "-" "Mozilla/5.0 (Linux; Android 6.0.1; Nexus 5X Build/MMB29P) AppleWebKit/537.36 (KHTML, like Gecko) Chrome/150.0.7871.128 Mobile Safari/537.36 (compatible; GoogleOther)"
216.73.216.110 - - [28/Jul/2026:13:18:09 +0000] "GET /?o=p7l4a6n4i6p5e9n5n2e5s HTTP/2.0" 200 3885 "-" "Mozilla/5.0 AppleWebKit/537.36 (KHTML, like Gecko; compatible; ClaudeBot/1.0; +claudebot@anthropic.com)"
116.193.128.26 - - [28/Jul/2026:13:18:11 +0000] "POST /xmlrpc.php HTTP/1.1" 200 52738 "-" "Jetpack by WordPress.com (Jetpack 12.5; WordPress 6.4)"
216.73.216.110 - - [28/Jul/2026:13:18:14 +0000] "GET /shops/outfangthef/c7o1m3p3a1r8t5i2t3i7o5n HTTP/2.0" 500 3885 "-" "Mozilla/5.0 AppleWebKit/537.36 (KHTML, like Gecko; compatible; ClaudeBot/1.0; +claudebot@anthropic.com)"
66.249.70.4 - - [28/Jul/2026:13:18:16 +0000] "GET /?o=p1e2c4c6a9n4t29616 HTTP/1.1" 200 28356 "-" "Mozilla/5.0 (Linux; Android 6.0.1; Nexus 5X Build/MMB29P) AppleWebKit/537.36 (KHTML, like Gecko) Chrome/150.0.7871.128 Mobile Safari/537.36 (compatible; Googlebot/2.1; +http://www.google.com/bot.html)"
216.73.216.110 - - [28/Jul/2026:13:18:19 +0000] "GET /?o=m7o1s8t4r6a628949 HTTP/2.0" 200 3885 "-" "Mozilla/5.0 AppleWebKit/537.36 (KHTML, like Gecko; compatible; ClaudeBot/1.0; +claudebot@anthropic.com)"
66.249.70.4 - - [28/Jul/2026:13:18:22 +0000] "GET /?o=b5e8l3l8y5u4p931 HTTP/1.1" 200 32818 "-" "Mozilla/5.0 (Linux; Android 6.0.1; Nexus 5X Build/MMB29P) AppleWebKit/537.36 (KHTML, like Gecko) Chrome/150.0.7871.128 Mobile Safari/537.36 (compatible; GoogleOther)"
116.193.128.26 - - [28/Jul/2026:13:18:22 +0000] "POST /xmlrpc.php HTTP/1.1" 200 52738 "-" "Jetpack by WordPress.com"
216.73.216.110 - - [28/Jul/2026:13:18:24 +0000] "GET /?o=h7i2g9h7b2u1i6l2t962 HTTP/2.0" 200 3885 "-" "Mozilla/5.0 AppleWebKit/537.36 (KHTML, like Gecko; compatible; ClaudeBot/1.0; +claudebot@anthropic.com)"
216.73.216.110 - - [28/Jul/2026:13:18:29 +0000] "GET /?o=e7f3f7r9a4n1c5h8i9s4e5 HTTP/2.0" 200 3885 "-" "Mozilla/5.0 AppleWebKit/537.36 (KHTML, like Gecko; compatible; ClaudeBot/1.0; +claudebot@anthropic.com)"
116.193.128.26 - - [28/Jul/2026:13:18:33 +0000] "POST /xmlrpc.php HTTP/1.1" 200 52738 "-" "Jetpack by WordPress.com (Jetpack 12.0; WordPress 6.2)"
216.73.216.110 - - [28/Jul/2026:13:18:34 +0000] "GET /shops/peculator/h7y4d2r4a3r4g0y5r6i4s9m HTTP/2.0" 500 3885 "-" "Mozilla/5.0 AppleWebKit/537.36 (KHTML, like Gecko; compatible; ClaudeBot/1.0; +claudebot@anthropic.com)"
66.249.70.4 - - [28/Jul/2026:13:18:35 +0000] "GET /?o=p9r3e7s1e9n8t5l5y552 HTTP/1.1" 200 29761 "-" "Mozilla/5.0 (Linux; Android 6.0.1; Nexus 5X Build/MMB29P) AppleWebKit/537.36 (KHTML, like Gecko) Chrome/150.0.7871.128 Mobile Safari/537.36 (compatible; GoogleOther)"
216.73.216.110 - - [28/Jul/2026:13:18:39 +0000] "GET /shops/unfailingness/a7b1o8r5i5g2i4n6a6l04 HTTP/2.0" 500 3885 "-" "Mozilla/5.0 AppleWebKit/537.36 (KHTML, like Gecko; compatible; ClaudeBot/1.0; +claudebot@anthropic.com)"
116.193.128.26 - - [28/Jul/2026:13:18:43 +0000] "POST /xmlrpc.php HTTP/1.1" 200 52738 "-" "Jetpack by WordPress.com (Jetpack 12.5; WordPress 6.1)"
216.73.216.110 - - [28/Jul/2026:13:18:44 +0000] "GET /?o=c7a4l1i4p2e6r3s5237 HTTP/2.0" 200 3885 "-" "Mozilla/5.0 AppleWebKit/537.36 (KHTML, like Gecko; compatible; ClaudeBot/1.0; +claudebot@anthropic.com)"
216.73.216.110 - - [28/Jul/2026:13:18:49 +0000] "GET /?o=p7a3r6r2y2a0n5a7792 HTTP/2.0" 200 3885 "-" "Mozilla/5.0 AppleWebKit/537.36 (KHTML, like Gecko; compatible; ClaudeBot/1.0; +claudebot@anthropic.com)"
66.249.70.4 - - [28/Jul/2026:13:18:49 +0000] "GET /furze/development/14096461123 HTTP/1.1" 200 29573 "-" "Mozilla/5.0 (Linux; Android 6.0.1; Nexus 5X Build/MMB29P) AppleWebKit/537.36 (KHTML, like Gecko) Chrome/150.0.7871.128 Mobile Safari/537.36 (compatible; Googlebot/2.1; +http://www.google.com/bot.html)"
66.249.70.4 - - [28/Jul/2026:13:18:50 +0000] "GET /?o=a0m1m5o9n5i4a4e5419 HTTP/1.1" 200 29381 "-" "Mozilla/5.0 (Linux; Android 6.0.1; Nexus 5X Build/MMB29P) AppleWebKit/537.36 (KHTML, like Gecko) Chrome/150.0.7871.128 Mobile Safari/537.36 (compatible; GoogleOther)"
216.73.216.110 - - [28/Jul/2026:13:18:54 +0000] "GET /?o=r7e2s9a7i8l932566 HTTP/2.0" 200 3885 "-" "Mozilla/5.0 AppleWebKit/537.36 (KHTML, like Gecko; compatible; ClaudeBot/1.0; +claudebot@anthropic.com)"
116.193.128.26 - - [28/Jul/2026:13:18:54 +0000] "POST /xmlrpc.php HTTP/1.1" 200 52738 "-" "Jetpack/12.5; WordPress/6.3; http://site84716274.com"
216.73.216.110 - - [28/Jul/2026:13:18:59 +0000] "GET /?o=b7o3l0l0e5n825586 HTTP/2.0" 200 3885 "-" "Mozilla/5.0 AppleWebKit/537.36 (KHTML, like Gecko; compatible; ClaudeBot/1.0; +claudebot@anthropic.com)"
216.73.216.110 - - [28/Jul/2026:13:19:04 +0000] "GET /?o=r7e2n0a7v4i9g1a3t1e22 HTTP/2.0" 200 3885 "-" "Mozilla/5.0 AppleWebKit/537.36 (KHTML, like Gecko; compatible; ClaudeBot/1.0; +claudebot@anthropic.com)"
66.249.70.5 - - [28/Jul/2026:13:19:04 +0000] "GET /?o=f4l1u8m3i0n8o3u0s322 HTTP/1.1" 200 28338 "-" "Mozilla/5.0 (Linux; Android 6.0.1; Nexus 5X Build/MMB29P) AppleWebKit/537.36 (KHTML, like Gecko) Chrome/150.0.7871.128 Mobile Safari/537.36 (compatible; GoogleOther)"
116.193.128.26 - - [28/Jul/2026:13:19:05 +0000] "POST /xmlrpc.php HTTP/1.1" 200 52738 "-" "Jetpack by WordPress.com"
216.73.216.110 - - [28/Jul/2026:13:19:09 +0000] "GET /?o=r7e1c8o2g9n5i8s2e7r85 HTTP/2.0" 200 3885 "-" "Mozilla/5.0 AppleWebKit/537.36 (KHTML, like Gecko; compatible; ClaudeBot/1.0; +claudebot@anthropic.com)"
216.73.216.110 - - [28/Jul/2026:13:19:14 +0000] "GET /?o=s7e4l9e6n9i9c0057 HTTP/2.0" 200 3885 "-" "Mozilla/5.0 AppleWebKit/537.36 (KHTML, like Gecko; compatible; ClaudeBot/1.0; +claudebot@anthropic.com)"
116.193.128.26 - - [28/Jul/2026:13:19:16 +0000] "POST /xmlrpc.php HTTP/1.1" 200 52738 "-" "Jetpack/13.0; WordPress/6.2; http://site45341649.com"
66.249.70.4 - - [28/Jul/2026:13:19:18 +0000] "GET /?o=e4c7d9e9r8o8n4615 HTTP/1.1" 200 29944 "-" "Mozilla/5.0 (Linux; Android 6.0.1; Nexus 5X Build/MMB29P) AppleWebKit/537.36 (KHTML, like Gecko) Chrome/150.0.7871.128 Mobile Safari/537.36 (compatible; GoogleOther)"
216.73.216.110 - - [28/Jul/2026:13:19:21 +0000] "GET /?o=p7o1l4y5e7m3b8r3y3o6n5ic HTTP/2.0" 200 3885 "-" "Mozilla/5.0 AppleWebKit/537.36 (KHTML, like Gecko; compatible; ClaudeBot/1.0; +claudebot@anthropic.com)"
66.249.70.4 - - [28/Jul/2026:13:19:24 +0000] "GET /?fileloc=/home/dacusvillerec/public_html/wp-blog-header.php??habitant/31544311852 HTTP/1.1" 200 29662 "-" "Mozilla/5.0 (Linux; Android 6.0.1; Nexus 5X Build/MMB29P) AppleWebKit/537.36 (KHTML, like Gecko) Chrome/150.0.7871.128 Mobile Safari/537.36 (compatible; Googlebot/2.1; +http://www.google.com/bot.html)"
216.73.216.110 - - [28/Jul/2026:13:19:26 +0000] "GET /?o=d7e2o6n0t6o8l8o0g4i5c9al HTTP/2.0" 200 3885 "-" "Mozilla/5.0 AppleWebKit/537.36 (KHTML, like Gecko; compatible; ClaudeBot/1.0; +claudebot@anthropic.com)"
116.193.128.26 - - [28/Jul/2026:13:19:27 +0000] "POST /xmlrpc.php HTTP/1.1" 200 52738 "-" "WordPress.com; https://wordpress.com"
216.73.216.110 - - [28/Jul/2026:13:19:31 +0000] "GET /?o=t7h2e2r8m6o9l3u5m6i4n9escence HTTP/2.0" 200 3885 "-" "Mozilla/5.0 AppleWebKit/537.36 (KHTML, like Gecko; compatible; ClaudeBot/1.0; +claudebot@anthropic.com)"
66.249.70.4 - - [28/Jul/2026:13:19:33 +0000] "GET /uncovering/t9o1t3e9a6r220311 HTTP/1.1" 200 29613 "-" "Mozilla/5.0 (Linux; Android 6.0.1; Nexus 5X Build/MMB29P) AppleWebKit/537.36 (KHTML, like Gecko) Chrome/150.0.7871.128 Mobile Safari/537.36 (compatible; GoogleOther)"
66.249.70.4 - - [28/Jul/2026:13:19:36 +0000] "GET /?o=n7o8r6i4e243162 HTTP/1.1" 200 29431 "-" "Mozilla/5.0 (Linux; Android 6.0.1; Nexus 5X Build/MMB29P) AppleWebKit/537.36 (KHTML, like Gecko) Chrome/150.0.7871.128 Mobile Safari/537.36 (compatible; GoogleOther)"
216.73.216.110 - - [28/Jul/2026:13:19:36 +0000] "GET /shops/tubmen/s7a4u1r3o6i8d3i4c3h6n6ite HTTP/2.0" 500 3885 "-" "Mozilla/5.0 AppleWebKit/537.36 (KHTML, like Gecko; compatible; ClaudeBot/1.0; +claudebot@anthropic.com)"
116.193.128.26 - - [28/Jul/2026:13:19:37 +0000] "POST /xmlrpc.php HTTP/1.1" 200 52738 "-" "WordPress.com; https://wordpress.com"
66.249.70.4 - - [28/Jul/2026:13:19:39 +0000] "GET /marco/sleeky/m5e7a4n6d0r3o5u9s08 HTTP/1.1" 200 29765 "-" "Mozilla/5.0 (Linux; Android 6.0.1; Nexus 5X Build/MMB29P) AppleWebKit/537.36 (KHTML, like Gecko) Chrome/150.0.7871.128 Mobile Safari/537.36 (compatible; GoogleOther)"
216.73.216.110 - - [28/Jul/2026:13:19:41 +0000] "GET /?o=v7i2c4t7o5r7i1o0u1s7n5ess HTTP/2.0" 200 3885 "-" "Mozilla/5.0 AppleWebKit/537.36 (KHTML, like Gecko; compatible; ClaudeBot/1.0; +claudebot@anthropic.com)"
66.249.70.4 - - [28/Jul/2026:13:19:45 +0000] "GET /?o=c4h3a1r3c8a0r9o6d1o6n8 HTTP/1.1" 200 28951 "-" "Mozilla/5.0 (Linux; Android 6.0.1; Nexus 5X Build/MMB29P) AppleWebKit/537.36 (KHTML, like Gecko) Chrome/150.0.7871.128 Mobile Safari/537.36 (compatible; GoogleOther)"
216.73.216.110 - - [28/Jul/2026:13:19:46 +0000] "GET /momentums/anaesthetized/p7r3i9v7i9t9y49715 HTTP/2.0" 500 3885 "-" "Mozilla/5.0 AppleWebKit/537.36 (KHTML, like Gecko; compatible; ClaudeBot/1.0; +claudebot@anthropic.com)"
116.193.128.26 - - [28/Jul/2026:13:19:48 +0000] "POST /xmlrpc.php HTTP/1.1" 200 52738 "-" "WordPress.com; https://wordpress.com"
216.73.216.110 - - [28/Jul/2026:13:19:51 +0000] "GET /anticivic/exurgent/s7o3l5i6l4o1q1u9i1z6ing HTTP/2.0" 500 3885 "-" "Mozilla/5.0 AppleWebKit/537.36 (KHTML, like Gecko; compatible; ClaudeBot/1.0; +claudebot@anthropic.com)"
66.249.70.4 - - [28/Jul/2026:13:19:55 +0000] "GET /f/services/ HTTP/1.1" 200 29295 "-" "Mozilla/5.0 (Linux; Android 6.0.1; Nexus 5X Build/MMB29P) AppleWebKit/537.36 (KHTML, like Gecko) Chrome/150.0.7871.128 Mobile Safari/537.36 (compatible; Googlebot/2.1; +http://www.google.com/bot.html)"
216.73.216.110 - - [28/Jul/2026:13:19:56 +0000] "GET /?o=s7t5e9r9i1l6i2z1i4n5g HTTP/2.0" 200 3885 "-" "Mozilla/5.0 AppleWebKit/537.36 (KHTML, like Gecko; compatible; ClaudeBot/1.0; +claudebot@anthropic.com)"
116.193.128.26 - - [28/Jul/2026:13:19:59 +0000] "POST /xmlrpc.php HTTP/1.1" 200 52738 "-" "Jetpack by WordPress.com"
66.249.70.4 - - [28/Jul/2026:13:19:59 +0000] "GET /?o=b7e3s0h7r6o1u7d9747 HTTP/1.1" 200 29099 "-" "Mozilla/5.0 (Linux; Android 6.0.1; Nexus 5X Build/MMB29P) AppleWebKit/537.36 (KHTML, like Gecko) Chrome/150.0.7871.128 Mobile Safari/537.36 (compatible; GoogleOther)"
216.73.216.110 - - [28/Jul/2026:13:20:01 +0000] "GET /?o=s7t2e4n8t4o6r4o9p9h5onic HTTP/2.0" 200 3885 "-" "Mozilla/5.0 AppleWebKit/537.36 (KHTML, like Gecko; compatible; ClaudeBot/1.0; +claudebot@anthropic.com)"
216.73.216.110 - - [28/Jul/2026:13:20:06 +0000] "GET /?o=m7o1n6s9e8i3g6n1e9u6r9 HTTP/2.0" 200 3885 "-" "Mozilla/5.0 AppleWebKit/537.36 (KHTML, like Gecko; compatible; ClaudeBot/1.0; +claudebot@anthropic.com)"
116.193.128.26 - - [28/Jul/2026:13:20:10 +0000] "POST /xmlrpc.php HTTP/1.1" 200 52738 "-" "Jetpack by WordPress.com (Jetpack 12.0; WordPress 6.2)"
216.73.216.110 - - [28/Jul/2026:13:20:11 +0000] "GET /?o=i7n1s7u1s4c6e6p8t4i4b7le HTTP/2.0" 200 3885 "-" "Mozilla/5.0 AppleWebKit/537.36 (KHTML, like Gecko; compatible; ClaudeBot/1.0; +claudebot@anthropic.com)"
216.73.216.110 - - [28/Jul/2026:13:20:16 +0000] "GET /?o=j7o4y1f9u3l8l1y5362 HTTP/2.0" 200 3885 "-" "Mozilla/5.0 AppleWebKit/537.36 (KHTML, like Gecko; compatible; ClaudeBot/1.0; +claudebot@anthropic.com)"
116.193.128.26 - - [28/Jul/2026:13:20:20 +0000] "POST /xmlrpc.php HTTP/1.1" 200 52738 "-" "Jetpack/12.0; WordPress/6.4; http://site22109077.com"
216.73.216.110 - - [28/Jul/2026:13:20:21 +0000] "GET /?o=g7y1m4n4o0c0a2r8p3o1u1s HTTP/2.0" 200 3885 "-" "Mozilla/5.0 AppleWebKit/537.36 (KHTML, like Gecko; compatible; ClaudeBot/1.0; +claudebot@anthropic.com)"
216.73.216.110 - - [28/Jul/2026:13:20:26 +0000] "GET /?o=p7r4o2x0i9m9i5t8y317 HTTP/2.0" 200 3885 "-" "Mozilla/5.0 AppleWebKit/537.36 (KHTML, like Gecko; compatible; ClaudeBot/1.0; +claudebot@anthropic.com)"
66.249.70.4 - - [28/Jul/2026:13:20:29 +0000] "GET /?o=g8l1e0e0d313234 HTTP/1.1" 200 28627 "-" "Mozilla/5.0 (Linux; Android 6.0.1; Nexus 5X Build/MMB29P) AppleWebKit/537.36 (KHTML, like Gecko) Chrome/150.0.7871.128 Mobile Safari/537.36 (compatible; GoogleOther)"
216.73.216.110 - - [28/Jul/2026:13:20:31 +0000] "GET /?o=p7r2o4g6r1e5s4s9i9v7e5ly HTTP/2.0" 200 3885 "-" "Mozilla/5.0 AppleWebKit/537.36 (KHTML, like Gecko; compatible; ClaudeBot/1.0; +claudebot@anthropic.com)"
116.193.128.26 - - [28/Jul/2026:13:20:31 +0000] "POST /xmlrpc.php HTTP/1.1" 200 52738 "-" "Jetpack by WordPress.com (Jetpack 12.5; WordPress 6.3)"
216.73.216.110 - - [28/Jul/2026:13:20:36 +0000] "GET /?o=c7o1m9b8i1n5a0t1i0o5n4 HTTP/2.0" 200 3885 "-" "Mozilla/5.0 AppleWebKit/537.36 (KHTML, like Gecko; compatible; ClaudeBot/1.0; +claudebot@anthropic.com)"
216.73.216.110 - - [28/Jul/2026:13:20:41 +0000] "GET /?o=i7s1o8l8a6t1i3o8n5i8s0ticadj HTTP/2.0" 200 3885 "-" "Mozilla/5.0 AppleWebKit/537.36 (KHTML, like Gecko; compatible; ClaudeBot/1.0; +claudebot@anthropic.com)"
66.249.70.4 - - [28/Jul/2026:13:20:42 +0000] "GET /?o=i8c2t4e9r1u8s01361 HTTP/1.1" 200 28569 "-" "Mozilla/5.0 (Linux; Android 6.0.1; Nexus 5X Build/MMB29P) AppleWebKit/537.36 (KHTML, like Gecko) Chrome/150.0.7871.128 Mobile Safari/537.36 (compatible; GoogleOther)"
116.193.128.26 - - [28/Jul/2026:13:20:42 +0000] "POST /xmlrpc.php HTTP/1.1" 200 52738 "-" "WordPress.com; https://wordpress.com"
216.73.216.110 - - [28/Jul/2026:13:20:46 +0000] "GET /?o=p7e3r4m0i9s1s7i7o0n17 HTTP/2.0" 200 3885 "-" "Mozilla/5.0 AppleWebKit/537.36 (KHTML, like Gecko; compatible; ClaudeBot/1.0; +claudebot@anthropic.com)"
66.249.70.4 - - [28/Jul/2026:13:20:50 +0000] "GET /shops/pandered/i6n6f7l7u2e3n9t4i2a2l HTTP/1.1" 200 29249 "-" "Mozilla/5.0 (Linux; Android 6.0.1; Nexus 5X Build/MMB29P) AppleWebKit/537.36 (KHTML, like Gecko) Chrome/150.0.7871.128 Mobile Safari/537.36 (compatible; Googlebot/2.1; +http://www.google.com/bot.html)"
216.73.216.110 - - [28/Jul/2026:13:20:51 +0000] "GET /?o=t7r2i7o8n1y9c7h8o3i7d9es HTTP/2.0" 200 3885 "-" "Mozilla/5.0 AppleWebKit/537.36 (KHTML, like Gecko; compatible; ClaudeBot/1.0; +claudebot@anthropic.com)"
116.193.128.26 - - [28/Jul/2026:13:20:53 +0000] "POST /xmlrpc.php HTTP/1.1" 200 52738 "-" "Jetpack by WordPress.com (Jetpack 13.0; WordPress 6.2)"
216.73.216.110 - - [28/Jul/2026:13:20:56 +0000] "GET /?o=i7n2o2r2t2h2o0g0r3a0p6hy HTTP/2.0" 200 3885 "-" "Mozilla/5.0 AppleWebKit/537.36 (KHTML, like Gecko; compatible; ClaudeBot/1.0; +claudebot@anthropic.com)"
66.249.70.4 - - [28/Jul/2026:13:20:58 +0000] "GET /?o=m0i5c3r5o2l0o6g6i1c HTTP/1.1" 200 30098 "-" "Mozilla/5.0 (Linux; Android 6.0.1; Nexus 5X Build/MMB29P) AppleWebKit/537.36 (KHTML, like Gecko) Chrome/150.0.7871.128 Mobile Safari/537.36 (compatible; GoogleOther)"
216.73.216.110 - - [28/Jul/2026:13:21:01 +0000] "GET /?o=c7a4n1t9o1n3i9n1g164 HTTP/2.0" 200 3885 "-" "Mozilla/5.0 AppleWebKit/537.36 (KHTML, like Gecko; compatible; ClaudeBot/1.0; +claudebot@anthropic.com)"
116.193.128.26 - - [28/Jul/2026:13:21:03 +0000] "POST /xmlrpc.php HTTP/1.1" 200 52738 "-" "Jetpack/12.0; WordPress/6.2; http://site24002575.com"
216.73.216.110 - - [28/Jul/2026:13:21:06 +0000] "GET /?o=w7e3e9p0i4n1g8l7y74 HTTP/2.0" 200 3885 "-" "Mozilla/5.0 AppleWebKit/537.36 (KHTML, like Gecko; compatible; ClaudeBot/1.0; +claudebot@anthropic.com)"
66.249.70.6 - - [28/Jul/2026:13:21:09 +0000] "GET /ponderously/polychoerany/p0o4n6d7e9r3o4u9s6l4y HTTP/1.1" 200 29380 "-" "Mozilla/5.0 (Linux; Android 6.0.1; Nexus 5X Build/MMB29P) AppleWebKit/537.36 (KHTML, like Gecko) Chrome/150.0.7871.128 Mobile Safari/537.36 (compatible; Googlebot/2.1; +http://www.google.com/bot.html)"
216.73.216.110 - - [28/Jul/2026:13:21:11 +0000] "GET /?o=m7u1s3k7e3l6l9o0n1g1e9 HTTP/2.0" 200 3885 "-" "Mozilla/5.0 AppleWebKit/537.36 (KHTML, like Gecko; compatible; ClaudeBot/1.0; +claudebot@anthropic.com)"
66.249.70.5 - - [28/Jul/2026:13:21:12 +0000] "GET /?o=h6o1u7s1e7h9o9l5d5e6r6 HTTP/1.1" 200 28246 "-" "Mozilla/5.0 (Linux; Android 6.0.1; Nexus 5X Build/MMB29P) AppleWebKit/537.36 (KHTML, like Gecko) Chrome/150.0.7871.128 Mobile Safari/537.36 (compatible; GoogleOther)"
116.193.128.26 - - [28/Jul/2026:13:21:14 +0000] "POST /xmlrpc.php HTTP/1.1" 200 52738 "-" "Jetpack/12.0; WordPress/6.2; http://site16109415.com"
216.73.216.110 - - [28/Jul/2026:13:21:16 +0000] "GET /?o=s7e1n5s4i3b7i3l3i9t8y5 HTTP/2.0" 200 3885 "-" "Mozilla/5.0 AppleWebKit/537.36 (KHTML, like Gecko; compatible; ClaudeBot/1.0; +claudebot@anthropic.com)"
216.73.216.110 - - [28/Jul/2026:13:21:21 +0000] "GET /?o=m7a1c4r8o6p0t1e4r6o8u2s HTTP/2.0" 200 3885 "-" "Mozilla/5.0 AppleWebKit/537.36 (KHTML, like Gecko; compatible; ClaudeBot/1.0; +claudebot@anthropic.com)"
66.249.70.4 - - [28/Jul/2026:13:21:23 +0000] "GET /?o=r9e3a3s4s8i5g9n9648 HTTP/1.1" 200 29323 "-" "Mozilla/5.0 (Linux; Android 6.0.1; Nexus 5X Build/MMB29P) AppleWebKit/537.36 (KHTML, like Gecko) Chrome/150.0.7871.128 Mobile Safari/537.36 (compatible; GoogleOther)"
116.193.128.26 - - [28/Jul/2026:13:21:25 +0000] "POST /xmlrpc.php HTTP/1.1" 200 52738 "-" "Jetpack by WordPress.com"
216.73.216.110 - - [28/Jul/2026:13:21:26 +0000] "GET /?o=t7u1b9e0r5c0u5l1a0r7i5zation HTTP/2.0" 200 3885 "-" "Mozilla/5.0 AppleWebKit/537.36 (KHTML, like Gecko; compatible; ClaudeBot/1.0; +claudebot@anthropic.com)"
66.249.70.4 - - [28/Jul/2026:13:21:26 +0000] "GET /knapping/a0d1e5n2o7u0s36230 HTTP/1.1" 200 29821 "-" "Mozilla/5.0 (Linux; Android 6.0.1; Nexus 5X Build/MMB29P) AppleWebKit/537.36 (KHTML, like Gecko) Chrome/150.0.7871.128 Mobile Safari/537.36 (compatible; GoogleOther)"
66.249.70.4 - - [28/Jul/2026:13:21:29 +0000] "GET /transparencies/equinia/t0r3a7n2s5p0a4r2e9n4c4ies HTTP/1.1" 200 29003 "-" "Mozilla/5.0 (Linux; Android 6.0.1; Nexus 5X Build/MMB29P) AppleWebKit/537.36 (KHTML, like Gecko) Chrome/150.0.7871.128 Mobile Safari/537.36 (compatible; GoogleOther)"
216.73.216.110 - - [28/Jul/2026:13:21:31 +0000] "GET /?o=c7o3r4a6l9l5i5n0i8t1e5 HTTP/2.0" 200 3885 "-" "Mozilla/5.0 AppleWebKit/537.36 (KHTML, like Gecko; compatible; ClaudeBot/1.0; +claudebot@anthropic.com)"
116.193.128.26 - - [28/Jul/2026:13:21:36 +0000] "POST /xmlrpc.php HTTP/1.1" 200 52738 "-" "WordPress.com; https://wordpress.com"
216.73.216.110 - - [28/Jul/2026:13:21:36 +0000] "GET /?o=h7a3r3t1s0t2o4n1g9u8e2 HTTP/2.0" 200 3885 "-" "Mozilla/5.0 AppleWebKit/537.36 (KHTML, like Gecko; compatible; ClaudeBot/1.0; +claudebot@anthropic.com)"
66.249.70.4 - - [28/Jul/2026:13:21:37 +0000] "GET /?o=o0c4c2a5s1i5o5n3a8l2l9y HTTP/1.1" 200 30534 "-" "Mozilla/5.0 (Linux; Android 6.0.1; Nexus 5X Build/MMB29P) AppleWebKit/537.36 (KHTML, like Gecko) Chrome/150.0.7871.128 Mobile Safari/537.36 (compatible; GoogleOther)"
216.73.216.110 - - [28/Jul/2026:13:21:41 +0000] "GET /?o=f7l3i1r3t8i2n4g1l3y99 HTTP/2.0" 200 3885 "-" "Mozilla/5.0 AppleWebKit/537.36 (KHTML, like Gecko; compatible; ClaudeBot/1.0; +claudebot@anthropic.com)"
66.249.70.4 - - [28/Jul/2026:13:21:41 +0000] "GET /?o=m1o6d8i7s6h8n7e5s5s6 HTTP/1.1" 200 28552 "-" "Mozilla/5.0 (Linux; Android 6.0.1; Nexus 5X Build/MMB29P) AppleWebKit/537.36 (KHTML, like Gecko) Chrome/150.0.7871.128 Mobile Safari/537.36 (compatible; Googlebot/2.1; +http://www.google.com/bot.html)"
216.73.216.110 - - [28/Jul/2026:13:21:46 +0000] "GET /?o=a7m1p9l1i1f0i1c5a5t0i1on HTTP/2.0" 200 3885 "-" "Mozilla/5.0 AppleWebKit/537.36 (KHTML, like Gecko; compatible; ClaudeBot/1.0; +claudebot@anthropic.com)"
116.193.128.26 - - [28/Jul/2026:13:21:47 +0000] "POST /xmlrpc.php HTTP/1.1" 200 52738 "-" "Jetpack by WordPress.com"
66.249.70.4 - - [28/Jul/2026:13:21:51 +0000] "GET /?o=a8n3g7i6o2p6a6t0h9y11 HTTP/1.1" 200 27571 "-" "Mozilla/5.0 (Linux; Android 6.0.1; Nexus 5X Build/MMB29P) AppleWebKit/537.36 (KHTML, like Gecko) Chrome/150.0.7871.128 Mobile Safari/537.36 (compatible; GoogleOther)"
216.73.216.110 - - [28/Jul/2026:13:21:51 +0000] "GET /?o=p7h1y8r0r7h8o2l0a9e0m7us HTTP/2.0" 200 3885 "-" "Mozilla/5.0 AppleWebKit/537.36 (KHTML, like Gecko; compatible; ClaudeBot/1.0; +claudebot@anthropic.com)"
116.193.128.26 - - [28/Jul/2026:13:21:58 +0000] "POST /xmlrpc.php HTTP/1.1" 200 52738 "-" "Jetpack/12.5; WordPress/6.1; http://site67542499.com"
216.73.216.110 - - [28/Jul/2026:13:21:58 +0000] "GET /shops/depulse/l7o3o6e0d8378606 HTTP/2.0" 500 3885 "-" "Mozilla/5.0 AppleWebKit/537.36 (KHTML, like Gecko; compatible; ClaudeBot/1.0; +claudebot@anthropic.com)"
216.73.216.110 - - [28/Jul/2026:13:22:03 +0000] "GET /overgloom/i7n4e0x0p9i7a1t4e603 HTTP/2.0" 500 3885 "-" "Mozilla/5.0 AppleWebKit/537.36 (KHTML, like Gecko; compatible; ClaudeBot/1.0; +claudebot@anthropic.com)"
66.249.70.4 - - [28/Jul/2026:13:22:05 +0000] "GET /?o=r9a3n8d4a7l8l60704 HTTP/1.1" 200 30025 "-" "Mozilla/5.0 (Linux; Android 6.0.1; Nexus 5X Build/MMB29P) AppleWebKit/537.36 (KHTML, like Gecko) Chrome/150.0.7871.128 Mobile Safari/537.36 (compatible; GoogleOther)"
216.73.216.110 - - [28/Jul/2026:13:22:08 +0000] "GET /shops/touchdown/c7o1m0p0o1n4y45854 HTTP/2.0" 500 3885 "-" "Mozilla/5.0 AppleWebKit/537.36 (KHTML, like Gecko; compatible; ClaudeBot/1.0; +claudebot@anthropic.com)"
116.193.128.26 - - [28/Jul/2026:13:22:09 +0000] "POST /xmlrpc.php HTTP/1.1" 200 52738 "-" "Jetpack by WordPress.com"
216.73.216.110 - - [28/Jul/2026:13:22:13 +0000] "GET /shops/psaltriparus/h7o2l7d5e2n763387 HTTP/2.0" 500 3885 "-" "Mozilla/5.0 AppleWebKit/537.36 (KHTML, like Gecko; compatible; ClaudeBot/1.0; +claudebot@anthropic.com)"
66.249.70.5 - - [28/Jul/2026:13:22:14 +0000] "GET /acapsular/n5o2n6c9o0n1s9t5a6t90 HTTP/1.1" 200 32038 "-" "Mozilla/5.0 (Linux; Android 6.0.1; Nexus 5X Build/MMB29P) AppleWebKit/537.36 (KHTML, like Gecko) Chrome/150.0.7871.128 Mobile Safari/537.36 (compatible; Googlebot/2.1; +http://www.google.com/bot.html)"
216.73.216.110 - - [28/Jul/2026:13:22:18 +0000] "GET /?o=p7e1n7n6i5s6e8t5u0m17 HTTP/2.0" 200 3885 "-" "Mozilla/5.0 AppleWebKit/537.36 (KHTML, like Gecko; compatible; ClaudeBot/1.0; +claudebot@anthropic.com)"
116.193.128.26 - - [28/Jul/2026:13:22:20 +0000] "POST /xmlrpc.php HTTP/1.1" 200 52738 "-" "WordPress.com; https://wordpress.com"
66.249.70.4 - - [28/Jul/2026:13:22:20 +0000] "GET /?o=e8n4f0o1r5e2s2t9771 HTTP/1.1" 200 28175 "-" "Mozilla/5.0 (Linux; Android 6.0.1; Nexus 5X Build/MMB29P) AppleWebKit/537.36 (KHTML, like Gecko) Chrome/150.0.7871.128 Mobile Safari/537.36 (compatible; GoogleOther)"
216.73.216.110 - - [28/Jul/2026:13:22:23 +0000] "GET /?o=r7e1c2t9a6n8g6u2l4a4r9 HTTP/2.0" 200 3885 "-" "Mozilla/5.0 AppleWebKit/537.36 (KHTML, like Gecko; compatible; ClaudeBot/1.0; +claudebot@anthropic.com)"
216.73.216.110 - - [28/Jul/2026:13:22:28 +0000] "GET /?o=i7n1d0e5s8t7r5u0c9t0i1bility HTTP/2.0" 200 3885 "-" "Mozilla/5.0 AppleWebKit/537.36 (KHTML, like Gecko; compatible; ClaudeBot/1.0; +claudebot@anthropic.com)"
116.193.128.26 - - [28/Jul/2026:13:22:31 +0000] "POST /xmlrpc.php HTTP/1.1" 200 52738 "-" "WordPress.com; https://wordpress.com"
216.73.216.110 - - [28/Jul/2026:13:22:31 +0000] "GET /robots.txt HTTP/2.0" 200 98 "-" "Mozilla/5.0 AppleWebKit/537.36 (KHTML, like Gecko; compatible; ClaudeBot/1.0; +claudebot@anthropic.com)"
216.73.216.110 - - [28/Jul/2026:13:22:33 +0000] "GET /?o=v7i2s4c3o9s4i4m2e6t2e6r HTTP/2.0" 200 3885 "-" "Mozilla/5.0 AppleWebKit/537.36 (KHTML, like Gecko; compatible; ClaudeBot/1.0; +claudebot@anthropic.com)"
66.249.70.4 - - [28/Jul/2026:13:22:33 +0000] "GET /?o=c3o5l4o6n5n2a5d7e1 HTTP/1.1" 200 27708 "-" "Mozilla/5.0 (Linux; Android 6.0.1; Nexus 5X Build/MMB29P) AppleWebKit/537.36 (KHTML, like Gecko) Chrome/150.0.7871.128 Mobile Safari/537.36 (compatible; GoogleOther)"
216.73.216.110 - - [28/Jul/2026:13:22:38 +0000] "GET /?o=s7c3r2o9p2h5u4l1a5r8i6a HTTP/2.0" 200 3885 "-" "Mozilla/5.0 AppleWebKit/537.36 (KHTML, like Gecko; compatible; ClaudeBot/1.0; +claudebot@anthropic.com)"
116.193.128.26 - - [28/Jul/2026:13:22:41 +0000] "POST /xmlrpc.php HTTP/1.1" 200 52738 "-" "Jetpack by WordPress.com"
216.73.216.110 - - [28/Jul/2026:13:22:43 +0000] "GET /?o=g7u1r2n3a1r7d3u6s340 HTTP/2.0" 200 3885 "-" "Mozilla/5.0 AppleWebKit/537.36 (KHTML, like Gecko; compatible; ClaudeBot/1.0; +claudebot@anthropic.com)"
66.249.70.4 - - [28/Jul/2026:13:22:45 +0000] "GET /forebodement/catlin/u4n3p6l4e9a4s2a4s1n2t4 HTTP/1.1" 200 29485 "-" "Mozilla/5.0 (Linux; Android 6.0.1; Nexus 5X Build/MMB29P) AppleWebKit/537.36 (KHTML, like Gecko) Chrome/150.0.7871.128 Mobile Safari/537.36 (compatible; Googlebot/2.1; +http://www.google.com/bot.html)"
66.249.70.4 - - [28/Jul/2026:13:22:47 +0000] "GET /?o=m0a1n7g8l6i8n1g9501 HTTP/1.1" 200 29947 "-" "Mozilla/5.0 (Linux; Android 6.0.1; Nexus 5X Build/MMB29P) AppleWebKit/537.36 (KHTML, like Gecko) Chrome/150.0.7871.128 Mobile Safari/537.36 (compatible; GoogleOther)"
216.73.216.110 - - [28/Jul/2026:13:22:48 +0000] "GET /?o=g7o1b1i1e7s0o3x6057 HTTP/2.0" 200 3885 "-" "Mozilla/5.0 AppleWebKit/537.36 (KHTML, like Gecko; compatible; ClaudeBot/1.0; +claudebot@anthropic.com)"
116.193.128.26 - - [28/Jul/2026:13:22:52 +0000] "POST /xmlrpc.php HTTP/1.1" 200 52738 "-" "Jetpack/12.0; WordPress/6.4; http://site43066812.com"
216.73.216.110 - - [28/Jul/2026:13:22:53 +0000] "GET /?o=i7n2d4i5v5i5s8i5b5i8l1ity HTTP/2.0" 200 3885 "-" "Mozilla/5.0 AppleWebKit/537.36 (KHTML, like Gecko; compatible; ClaudeBot/1.0; +claudebot@anthropic.com)"
216.73.216.110 - - [28/Jul/2026:13:22:58 +0000] "GET /?o=s7u1b5c1o3m9p2r2e9s3s4ed HTTP/2.0" 200 3885 "-" "Mozilla/5.0 AppleWebKit/537.36 (KHTML, like Gecko; compatible; ClaudeBot/1.0; +claudebot@anthropic.com)"
66.249.70.4 - - [28/Jul/2026:13:23:01 +0000] "GET /?o=s8p4a1v7i4n0e8d5070 HTTP/1.1" 200 29060 "-" "Mozilla/5.0 (Linux; Android 6.0.1; Nexus 5X Build/MMB29P) AppleWebKit/537.36 (KHTML, like Gecko) Chrome/150.0.7871.128 Mobile Safari/537.36 (compatible; GoogleOther)"
116.193.128.26 - - [28/Jul/2026:13:23:03 +0000] "POST /xmlrpc.php HTTP/1.1" 200 52738 "-" "WordPress.com; https://wordpress.com"
216.73.216.110 - - [28/Jul/2026:13:23:03 +0000] "GET /?o=m7a3m1m7i1l4l2i9f9o0r9m HTTP/2.0" 200 3885 "-" "Mozilla/5.0 AppleWebKit/537.36 (KHTML, like Gecko; compatible; ClaudeBot/1.0; +claudebot@anthropic.com)"
216.73.216.110 - - [28/Jul/2026:13:23:08 +0000] "GET /?o=s7h9o5s9h7o5n2e9s32 HTTP/2.0" 200 3885 "-" "Mozilla/5.0 AppleWebKit/537.36 (KHTML, like Gecko; compatible; ClaudeBot/1.0; +claudebot@anthropic.com)"
66.249.70.4 - - [28/Jul/2026:13:23:09 +0000] "GET /?fileloc=/home/dacusvillerec/public_html/wp-activate.php??lygaeidae/01349623370 HTTP/1.1" 200 29647 "-" "Mozilla/5.0 (Linux; Android 6.0.1; Nexus 5X Build/MMB29P) AppleWebKit/537.36 (KHTML, like Gecko) Chrome/150.0.7871.128 Mobile Safari/537.36 (compatible; GoogleOther)"
216.73.216.110 - - [28/Jul/2026:13:23:13 +0000] "GET /?o=a7l1a0b1a1s9t3r0i1a5n4 HTTP/2.0" 200 3885 "-" "Mozilla/5.0 AppleWebKit/537.36 (KHTML, like Gecko; compatible; ClaudeBot/1.0; +claudebot@anthropic.com)"
116.193.128.26 - - [28/Jul/2026:13:23:13 +0000] "POST /xmlrpc.php HTTP/1.1" 200 52738 "-" "Jetpack/12.0; WordPress/6.4; http://site25778615.com"
66.249.70.4 - - [28/Jul/2026:13:23:14 +0000] "GET /?o=d7u7k0h5o7b7o3r7t6s7y HTTP/1.1" 200 29684 "-" "Mozilla/5.0 (Linux; Android 6.0.1; Nexus 5X Build/MMB29P) AppleWebKit/537.36 (KHTML, like Gecko) Chrome/150.0.7871.128 Mobile Safari/537.36 (compatible; GoogleOther)"
216.73.216.110 - - [28/Jul/2026:13:23:18 +0000] "GET /?o=s7t3e5w9a8r3t9r2y970 HTTP/2.0" 200 3885 "-" "Mozilla/5.0 AppleWebKit/537.36 (KHTML, like Gecko; compatible; ClaudeBot/1.0; +claudebot@anthropic.com)"
66.249.70.4 - - [28/Jul/2026:13:23:19 +0000] "GET /?fileloc=/home/dacusvillerec/public_html/wp-blog-header.php?odr/order/purchaseHistoryView/ HTTP/1.1" 200 30286 "-" "Mozilla/5.0 (Linux; Android 6.0.1; Nexus 5X Build/MMB29P) AppleWebKit/537.36 (KHTML, like Gecko) Chrome/150.0.7871.128 Mobile Safari/537.36 (compatible; Googlebot/2.1; +http://www.google.com/bot.html)"
216.73.216.110 - - [28/Jul/2026:13:23:23 +0000] "GET /?o=h7i2d1r9a6s7t1i8s435 HTTP/2.0" 200 3885 "-" "Mozilla/5.0 AppleWebKit/537.36 (KHTML, like Gecko; compatible; ClaudeBot/1.0; +claudebot@anthropic.com)"
116.193.128.26 - - [28/Jul/2026:13:23:24 +0000] "POST /xmlrpc.php HTTP/1.1" 200 52738 "-" "Jetpack/12.5; WordPress/6.4; http://site13391222.com"
216.73.216.110 - - [28/Jul/2026:13:23:28 +0000] "GET /?o=g7r6a6n6d7m1o2t4h2e0rly HTTP/2.0" 200 3885 "-" "Mozilla/5.0 AppleWebKit/537.36 (KHTML, like Gecko; compatible; ClaudeBot/1.0; +claudebot@anthropic.com)"
66.249.70.4 - - [28/Jul/2026:13:23:29 +0000] "GET /?o=t0r3i7c9o6l9o6r346 HTTP/1.1" 200 30006 "-" "Mozilla/5.0 (Linux; Android 6.0.1; Nexus 5X Build/MMB29P) AppleWebKit/537.36 (KHTML, like Gecko) Chrome/150.0.7871.128 Mobile Safari/537.36 (compatible; GoogleOther)"
216.73.216.110 - - [28/Jul/2026:13:23:33 +0000] "GET /?o=h7e2t3e1r1o5p5t3i7c1s6 HTTP/2.0" 200 3885 "-" "Mozilla/5.0 AppleWebKit/537.36 (KHTML, like Gecko; compatible; ClaudeBot/1.0; +claudebot@anthropic.com)"
116.193.128.26 - - [28/Jul/2026:13:23:35 +0000] "POST /xmlrpc.php HTTP/1.1" 200 52738 "-" "WordPress.com; https://wordpress.com"
216.73.216.110 - - [28/Jul/2026:13:23:38 +0000] "GET /?o=g7a4g9g9i3n1g8170 HTTP/2.0" 200 3885 "-" "Mozilla/5.0 AppleWebKit/537.36 (KHTML, like Gecko; compatible; ClaudeBot/1.0; +claudebot@anthropic.com)"
66.249.70.5 - - [28/Jul/2026:13:23:39 +0000] "GET /interesting/deliriant/m5a6i2n0s0t4r8e4a1m7 HTTP/1.1" 200 29721 "-" "Mozilla/5.0 (Linux; Android 6.0.1; Nexus 5X Build/MMB29P) AppleWebKit/537.36 (KHTML, like Gecko) Chrome/150.0.7871.128 Mobile Safari/537.36 (compatible; GoogleOther)"
216.73.216.110 - - [28/Jul/2026:13:23:43 +0000] "GET /?o=p7r3o3p1h0e9t3584 HTTP/2.0" 200 3885 "-" "Mozilla/5.0 AppleWebKit/537.36 (KHTML, like Gecko; compatible; ClaudeBot/1.0; +claudebot@anthropic.com)"
66.249.70.5 - - [28/Jul/2026:13:23:43 +0000] "GET /?o=m0e4s2a3d0680162 HTTP/1.1" 200 29493 "-" "Mozilla/5.0 (Linux; Android 6.0.1; Nexus 5X Build/MMB29P) AppleWebKit/537.36 (KHTML, like Gecko) Chrome/150.0.7871.128 Mobile Safari/537.36 (compatible; GoogleOther)"
