116.193.128.26 - - [28/Jul/2026:13:23:46 +0000] "POST /xmlrpc.php HTTP/1.1" 200 52738 "-" "Jetpack by WordPress.com"
216.73.216.110 - - [28/Jul/2026:13:23:48 +0000] "GET /shops/herzog/h7o1m5o8b5a0s1i3d4i5o3mycetes HTTP/2.0" 500 3885 "-" "Mozilla/5.0 AppleWebKit/537.36 (KHTML, like Gecko; compatible; ClaudeBot/1.0; +claudebot@anthropic.com)"
216.73.216.110 - - [28/Jul/2026:13:23:53 +0000] "GET /?o=i7a9t1r0o0l4e3p7t6i0c HTTP/2.0" 200 3885 "-" "Mozilla/5.0 AppleWebKit/537.36 (KHTML, like Gecko; compatible; ClaudeBot/1.0; +claudebot@anthropic.com)"
66.249.70.4 - - [28/Jul/2026:13:23:54 +0000] "GET /?fileloc=/home/dacusvillerec/public_html/wp-blog-header.php?odr/order/regOdrListView/ HTTP/1.1" 200 29218 "-" "Mozilla/5.0 (Linux; Android 6.0.1; Nexus 5X Build/MMB29P) AppleWebKit/537.36 (KHTML, like Gecko) Chrome/150.0.7871.128 Mobile Safari/537.36 (compatible; Googlebot/2.1; +http://www.google.com/bot.html)"
116.193.128.26 - - [28/Jul/2026:13:23:57 +0000] "POST /xmlrpc.php HTTP/1.1" 200 52738 "-" "Jetpack by WordPress.com"
216.73.216.110 - - [28/Jul/2026:13:23:58 +0000] "GET /?o=v7i2t4r1e4o3u5s1521 HTTP/2.0" 200 3885 "-" "Mozilla/5.0 AppleWebKit/537.36 (KHTML, like Gecko; compatible; ClaudeBot/1.0; +claudebot@anthropic.com)"
66.249.70.6 - - [28/Jul/2026:13:23:59 +0000] "GET /?o=s3c3u0l8l9e2r7i5e2s58 HTTP/1.1" 200 28839 "-" "Mozilla/5.0 (Linux; Android 6.0.1; Nexus 5X Build/MMB29P) AppleWebKit/537.36 (KHTML, like Gecko) Chrome/150.0.7871.128 Mobile Safari/537.36 (compatible; GoogleOther)"
216.73.216.110 - - [28/Jul/2026:13:24:03 +0000] "GET /?o=c7h1i7t3c9h9a7t819 HTTP/2.0" 200 3885 "-" "Mozilla/5.0 AppleWebKit/537.36 (KHTML, like Gecko; compatible; ClaudeBot/1.0; +claudebot@anthropic.com)"
116.193.128.26 - - [28/Jul/2026:13:24:07 +0000] "POST /xmlrpc.php HTTP/1.1" 200 52738 "-" "WordPress.com; https://wordpress.com"
216.73.216.110 - - [28/Jul/2026:13:24:08 +0000] "GET /?o=f7i7r1s4t8r9a6t7e09 HTTP/2.0" 200 3885 "-" "Mozilla/5.0 AppleWebKit/537.36 (KHTML, like Gecko; compatible; ClaudeBot/1.0; +claudebot@anthropic.com)"
66.249.70.5 - - [28/Jul/2026:13:24:11 +0000] "GET /?o=p3r2i1n4c9i1p9i4a706 HTTP/1.1" 200 28706 "-" "Mozilla/5.0 (Linux; Android 6.0.1; Nexus 5X Build/MMB29P) AppleWebKit/537.36 (KHTML, like Gecko) Chrome/150.0.7871.128 Mobile Safari/537.36 (compatible; GoogleOther)"
216.73.216.110 - - [28/Jul/2026:13:24:13 +0000] "GET /shops/grandiloquence/h7e3r8p7e1t0o5t0o3m3y5 HTTP/2.0" 500 3885 "-" "Mozilla/5.0 AppleWebKit/537.36 (KHTML, like Gecko; compatible; ClaudeBot/1.0; +claudebot@anthropic.com)"
116.193.128.26 - - [28/Jul/2026:13:24:18 +0000] "POST /xmlrpc.php HTTP/1.1" 200 52738 "-" "Jetpack by WordPress.com"
216.73.216.110 - - [28/Jul/2026:13:24:18 +0000] "GET /?o=c7o1r4y5p1h3a2e3n6o5i6d HTTP/2.0" 200 3885 "-" "Mozilla/5.0 AppleWebKit/537.36 (KHTML, like Gecko; compatible; ClaudeBot/1.0; +claudebot@anthropic.com)"
216.73.216.110 - - [28/Jul/2026:13:24:23 +0000] "GET /?o=x7y6s6t9e0r73861 HTTP/2.0" 200 3885 "-" "Mozilla/5.0 AppleWebKit/537.36 (KHTML, like Gecko; compatible; ClaudeBot/1.0; +claudebot@anthropic.com)"
66.249.70.5 - - [28/Jul/2026:13:24:24 +0000] "GET /?o=w7o1r7k4i5n1g55600 HTTP/1.1" 200 29524 "-" "Mozilla/5.0 (Linux; Android 6.0.1; Nexus 5X Build/MMB29P) AppleWebKit/537.36 (KHTML, like Gecko) Chrome/150.0.7871.128 Mobile Safari/537.36 (compatible; GoogleOther)"
216.73.216.110 - - [28/Jul/2026:13:24:28 +0000] "GET /?o=i7n8c6u1r4v0e5964 HTTP/2.0" 200 3885 "-" "Mozilla/5.0 AppleWebKit/537.36 (KHTML, like Gecko; compatible; ClaudeBot/1.0; +claudebot@anthropic.com)"
116.193.128.26 - - [28/Jul/2026:13:24:29 +0000] "POST /xmlrpc.php HTTP/1.1" 200 52738 "-" "Jetpack by WordPress.com"
216.73.216.110 - - [28/Jul/2026:13:24:33 +0000] "GET /?o=s7l1e4u2t3h5h2o3u8n6d HTTP/2.0" 200 3885 "-" "Mozilla/5.0 AppleWebKit/537.36 (KHTML, like Gecko; compatible; ClaudeBot/1.0; +claudebot@anthropic.com)"
66.249.70.4 - - [28/Jul/2026:13:24:34 +0000] "GET /?o=m2e2t5a5p3o1p3h6y0s1e6s HTTP/1.1" 200 27935 "-" "Mozilla/5.0 (Linux; Android 6.0.1; Nexus 5X Build/MMB29P) AppleWebKit/537.36 (KHTML, like Gecko) Chrome/150.0.7871.128 Mobile Safari/537.36 (compatible; Googlebot/2.1; +http://www.google.com/bot.html)"
216.73.216.110 - - [28/Jul/2026:13:24:38 +0000] "GET /?o=c7o1n3f3i7d8e8n3t0i7a9lly HTTP/2.0" 200 3885 "-" "Mozilla/5.0 AppleWebKit/537.36 (KHTML, like Gecko; compatible; ClaudeBot/1.0; +claudebot@anthropic.com)"
66.249.70.4 - - [28/Jul/2026:13:24:38 +0000] "GET /?o=c1u1l4v9e2r392532 HTTP/1.1" 200 29530 "-" "Mozilla/5.0 (Linux; Android 6.0.1; Nexus 5X Build/MMB29P) AppleWebKit/537.36 (KHTML, like Gecko) Chrome/150.0.7871.128 Mobile Safari/537.36 (compatible; GoogleOther)"
116.193.128.26 - - [28/Jul/2026:13:24:40 +0000] "POST /xmlrpc.php HTTP/1.1" 200 52738 "-" "Jetpack by WordPress.com (Jetpack 12.5; WordPress 6.1)"
216.73.216.110 - - [28/Jul/2026:13:24:43 +0000] "GET /shewel/sacramentalist/t7r3u8n3c3h4e4o0n4e9r2 HTTP/2.0" 500 3885 "-" "Mozilla/5.0 AppleWebKit/537.36 (KHTML, like Gecko; compatible; ClaudeBot/1.0; +claudebot@anthropic.com)"
216.73.216.110 - - [28/Jul/2026:13:24:48 +0000] "GET /?o=n7i4g2h8e9s1t77820 HTTP/2.0" 200 3885 "-" "Mozilla/5.0 AppleWebKit/537.36 (KHTML, like Gecko; compatible; ClaudeBot/1.0; +claudebot@anthropic.com)"
116.193.128.26 - - [28/Jul/2026:13:24:51 +0000] "POST /xmlrpc.php HTTP/1.1" 200 52738 "-" "Jetpack by WordPress.com (Jetpack 12.1; WordPress 6.1)"
66.249.70.4 - - [28/Jul/2026:13:24:52 +0000] "GET /?o=m3a2l2e8t5r2e7a9t240 HTTP/1.1" 200 28973 "-" "Mozilla/5.0 (Linux; Android 6.0.1; Nexus 5X Build/MMB29P) AppleWebKit/537.36 (KHTML, like Gecko) Chrome/150.0.7871.128 Mobile Safari/537.36 (compatible; GoogleOther)"
216.73.216.110 - - [28/Jul/2026:13:24:53 +0000] "GET /?o=p7i1l8g4r4i9m04520 HTTP/2.0" 200 3885 "-" "Mozilla/5.0 AppleWebKit/537.36 (KHTML, like Gecko; compatible; ClaudeBot/1.0; +claudebot@anthropic.com)"
66.249.70.4 - - [28/Jul/2026:13:24:56 +0000] "GET /fileloc=/home/dacusvillerec/public_html/index.php?search/ HTTP/1.1" 200 29923 "-" "Mozilla/5.0 (Linux; Android 6.0.1; Nexus 5X Build/MMB29P) AppleWebKit/537.36 (KHTML, like Gecko) Chrome/150.0.7871.128 Mobile Safari/537.36 (compatible; GoogleOther)"
216.73.216.110 - - [28/Jul/2026:13:24:58 +0000] "GET /burnedout/t9r3a7c2e1a9b0l7y801 HTTP/2.0" 500 3885 "-" "Mozilla/5.0 AppleWebKit/537.36 (KHTML, like Gecko; compatible; ClaudeBot/1.0; +claudebot@anthropic.com)"
116.193.128.26 - - [28/Jul/2026:13:25:01 +0000] "POST /xmlrpc.php HTTP/1.1" 200 52738 "-" "Jetpack by WordPress.com (Jetpack 12.1; WordPress 6.1)"
66.249.70.6 - - [28/Jul/2026:13:25:02 +0000] "GET /?o=t0o1l0m8e1n38323 HTTP/1.1" 200 29343 "-" "Mozilla/5.0 (Linux; Android 6.0.1; Nexus 5X Build/MMB29P) AppleWebKit/537.36 (KHTML, like Gecko) Chrome/150.0.7871.128 Mobile Safari/537.36 (compatible; Googlebot/2.1; +http://www.google.com/bot.html)"
216.73.216.110 - - [28/Jul/2026:13:25:03 +0000] "GET /mollifiable/phymata/m7a3n7i4l2i6o49715 HTTP/2.0" 500 3885 "-" "Mozilla/5.0 AppleWebKit/537.36 (KHTML, like Gecko; compatible; ClaudeBot/1.0; +claudebot@anthropic.com)"
66.249.70.4 - - [28/Jul/2026:13:25:06 +0000] "GET /?o=b8i5c2u6h0y0b6a640 HTTP/1.1" 200 28628 "-" "Mozilla/5.0 (Linux; Android 6.0.1; Nexus 5X Build/MMB29P) AppleWebKit/537.36 (KHTML, like Gecko) Chrome/150.0.7871.128 Mobile Safari/537.36 (compatible; GoogleOther)"
216.73.216.110 - - [28/Jul/2026:13:25:08 +0000] "GET /negro/s9t4e9r6r6o0m5e7t6al HTTP/2.0" 500 3885 "-" "Mozilla/5.0 AppleWebKit/537.36 (KHTML, like Gecko; compatible; ClaudeBot/1.0; +claudebot@anthropic.com)"
116.193.128.26 - - [28/Jul/2026:13:25:12 +0000] "POST /xmlrpc.php HTTP/1.1" 200 52738 "-" "WordPress.com; https://wordpress.com"
216.73.216.110 - - [28/Jul/2026:13:25:13 +0000] "GET /shops/waggled/s9o3l1d4i0e0r3y115 HTTP/2.0" 500 3885 "-" "Mozilla/5.0 AppleWebKit/537.36 (KHTML, like Gecko; compatible; ClaudeBot/1.0; +claudebot@anthropic.com)"
216.73.216.110 - - [28/Jul/2026:13:25:18 +0000] "GET /shops/coronilla/p9a1p3e8r9s730980 HTTP/2.0" 500 3885 "-" "Mozilla/5.0 AppleWebKit/537.36 (KHTML, like Gecko; compatible; ClaudeBot/1.0; +claudebot@anthropic.com)"
66.249.70.4 - - [28/Jul/2026:13:25:21 +0000] "GET /?o=s7t4a0b8l4e4b8o7y112 HTTP/1.1" 200 29780 "-" "Mozilla/5.0 (Linux; Android 6.0.1; Nexus 5X Build/MMB29P) AppleWebKit/537.36 (KHTML, like Gecko) Chrome/150.0.7871.128 Mobile Safari/537.36 (compatible; GoogleOther)"
116.193.128.26 - - [28/Jul/2026:13:25:22 +0000] "POST /xmlrpc.php HTTP/1.1" 200 52738 "-" "Jetpack by WordPress.com"
216.73.216.110 - - [28/Jul/2026:13:25:23 +0000] "GET /shops/atman/s9p1i8l5t0e2r87995 HTTP/2.0" 500 3885 "-" "Mozilla/5.0 AppleWebKit/537.36 (KHTML, like Gecko; compatible; ClaudeBot/1.0; +claudebot@anthropic.com)"
216.73.216.110 - - [28/Jul/2026:13:25:28 +0000] "GET /apresskiapraske/b7i2g2a8m7y495948 HTTP/2.0" 500 3885 "-" "Mozilla/5.0 AppleWebKit/537.36 (KHTML, like Gecko; compatible; ClaudeBot/1.0; +claudebot@anthropic.com)"
116.193.128.26 - - [28/Jul/2026:13:25:33 +0000] "POST /xmlrpc.php HTTP/1.1" 200 52738 "-" "WordPress.com; https://wordpress.com"
216.73.216.110 - - [28/Jul/2026:13:25:33 +0000] "GET /shops/neroli/a7n2d1r3o5g4y7n9e37 HTTP/2.0" 500 3885 "-" "Mozilla/5.0 AppleWebKit/537.36 (KHTML, like Gecko; compatible; ClaudeBot/1.0; +claudebot@anthropic.com)"
66.249.70.4 - - [28/Jul/2026:13:25:34 +0000] "GET /?o=s4o3u4n2d6e2r89900 HTTP/1.1" 200 29811 "-" "Mozilla/5.0 (Linux; Android 6.0.1; Nexus 5X Build/MMB29P) AppleWebKit/537.36 (KHTML, like Gecko) Chrome/150.0.7871.128 Mobile Safari/537.36 (compatible; GoogleOther)"
66.249.70.4 - - [28/Jul/2026:13:25:36 +0000] "GET /shops/generating/s4y2l6l1a2b7i0c0a5t4e2d HTTP/1.1" 200 29168 "-" "Mozilla/5.0 (Linux; Android 6.0.1; Nexus 5X Build/MMB29P) AppleWebKit/537.36 (KHTML, like Gecko) Chrome/150.0.7871.128 Mobile Safari/537.36 (compatible; Googlebot/2.1; +http://www.google.com/bot.html)"
216.73.216.110 - - [28/Jul/2026:13:25:38 +0000] "GET /shops/drugget/r9e1n4t4a8b7l2e2605 HTTP/2.0" 500 3885 "-" "Mozilla/5.0 AppleWebKit/537.36 (KHTML, like Gecko; compatible; ClaudeBot/1.0; +claudebot@anthropic.com)"
216.73.216.110 - - [28/Jul/2026:13:25:43 +0000] "GET /shops/suspection/s9i1c4k8l4e3s9s1693 HTTP/2.0" 500 3885 "-" "Mozilla/5.0 AppleWebKit/537.36 (KHTML, like Gecko; compatible; ClaudeBot/1.0; +claudebot@anthropic.com)"
116.193.128.26 - - [28/Jul/2026:13:25:44 +0000] "POST /xmlrpc.php HTTP/1.1" 200 52738 "-" "WordPress.com; https://wordpress.com"
66.249.70.4 - - [28/Jul/2026:13:25:48 +0000] "GET /?o=l0i8m6a6t1i7o7n471 HTTP/1.1" 200 29066 "-" "Mozilla/5.0 (Linux; Android 6.0.1; Nexus 5X Build/MMB29P) AppleWebKit/537.36 (KHTML, like Gecko) Chrome/150.0.7871.128 Mobile Safari/537.36 (compatible; GoogleOther)"
216.73.216.110 - - [28/Jul/2026:13:25:48 +0000] "GET /shops/splendidness/a9n4t0h4r6a5c1e5n9e47 HTTP/2.0" 500 3885 "-" "Mozilla/5.0 AppleWebKit/537.36 (KHTML, like Gecko; compatible; ClaudeBot/1.0; +claudebot@anthropic.com)"
216.73.216.110 - - [28/Jul/2026:13:25:53 +0000] "GET /shops/claviger/s7l2i8d5i1n1g22989 HTTP/2.0" 500 3885 "-" "Mozilla/5.0 AppleWebKit/537.36 (KHTML, like Gecko; compatible; ClaudeBot/1.0; +claudebot@anthropic.com)"
116.193.128.26 - - [28/Jul/2026:13:25:54 +0000] "POST /xmlrpc.php HTTP/1.1" 200 52738 "-" "Jetpack/12.5; WordPress/6.3; http://site47924787.com"
216.73.216.110 - - [28/Jul/2026:13:25:58 +0000] "GET /?o=e7p7i2t8o7m9i4z9i1n2g HTTP/2.0" 200 3885 "-" "Mozilla/5.0 AppleWebKit/537.36 (KHTML, like Gecko; compatible; ClaudeBot/1.0; +claudebot@anthropic.com)"
66.249.70.4 - - [28/Jul/2026:13:25:58 +0000] "GET /webapp/shops-club/servlet/YLogonSSLView?fileloc=/home/dacusvillerec/public_html/yvltn.php?o=l8o3n2g3t0a5i5l1754 HTTP/1.1" 200 29350 "-" "Mozilla/5.0 (Linux; Android 6.0.1; Nexus 5X Build/MMB29P) AppleWebKit/537.36 (KHTML, like Gecko) Chrome/150.0.7871.128 Mobile Safari/537.36 (compatible; GoogleOther)"
66.249.70.4 - - [28/Jul/2026:13:26:02 +0000] "GET /?o=w2a1y3e0d2552639 HTTP/1.1" 200 29794 "-" "Mozilla/5.0 (Linux; Android 6.0.1; Nexus 5X Build/MMB29P) AppleWebKit/537.36 (KHTML, like Gecko) Chrome/150.0.7871.128 Mobile Safari/537.36 (compatible; GoogleOther)"
216.73.216.110 - - [28/Jul/2026:13:26:03 +0000] "GET /shops/draconin/e7m1e5r5s5o3n37387 HTTP/2.0" 500 3885 "-" "Mozilla/5.0 AppleWebKit/537.36 (KHTML, like Gecko; compatible; ClaudeBot/1.0; +claudebot@anthropic.com)"
116.193.128.26 - - [28/Jul/2026:13:26:05 +0000] "POST /xmlrpc.php HTTP/1.1" 200 52738 "-" "Jetpack by WordPress.com"
216.73.216.110 - - [28/Jul/2026:13:26:08 +0000] "GET /shops/irreformable/c7e9r7o5p5l0a2s9t2e5s HTTP/2.0" 500 3885 "-" "Mozilla/5.0 AppleWebKit/537.36 (KHTML, like Gecko; compatible; ClaudeBot/1.0; +claudebot@anthropic.com)"
216.73.216.110 - - [28/Jul/2026:13:26:13 +0000] "GET /shops/noctuary/l7i1t9h9o5269030 HTTP/2.0" 500 3885 "-" "Mozilla/5.0 AppleWebKit/537.36 (KHTML, like Gecko; compatible; ClaudeBot/1.0; +claudebot@anthropic.com)"
116.193.128.26 - - [28/Jul/2026:13:26:16 +0000] "POST /xmlrpc.php HTTP/1.1" 200 52738 "-" "Jetpack by WordPress.com (Jetpack 12.1; WordPress 6.3)"
66.249.70.4 - - [28/Jul/2026:13:26:17 +0000] "GET /?o=b8i1u9r5e5t898648 HTTP/1.1" 200 28731 "-" "Mozilla/5.0 (Linux; Android 6.0.1; Nexus 5X Build/MMB29P) AppleWebKit/537.36 (KHTML, like Gecko) Chrome/150.0.7871.128 Mobile Safari/537.36 (compatible; GoogleOther)"
216.73.216.110 - - [28/Jul/2026:13:26:18 +0000] "GET /shops/popple/a7b2h0o3r8r0e8d6962 HTTP/2.0" 500 3885 "-" "Mozilla/5.0 AppleWebKit/537.36 (KHTML, like Gecko; compatible; ClaudeBot/1.0; +claudebot@anthropic.com)"
66.249.70.4 - - [28/Jul/2026:13:26:19 +0000] "GET /delices/c1l1a9n4d5e3s6t9i9n2e9ness HTTP/1.1" 200 29358 "-" "Mozilla/5.0 (Linux; Android 6.0.1; Nexus 5X Build/MMB29P) AppleWebKit/537.36 (KHTML, like Gecko) Chrome/150.0.7871.128 Mobile Safari/537.36 (compatible; Googlebot/2.1; +http://www.google.com/bot.html)"
216.73.216.110 - - [28/Jul/2026:13:26:23 +0000] "GET /shops/cantabrigian/c7o2r4o5d6y48621 HTTP/2.0" 500 3885 "-" "Mozilla/5.0 AppleWebKit/537.36 (KHTML, like Gecko; compatible; ClaudeBot/1.0; +claudebot@anthropic.com)"
116.193.128.26 - - [28/Jul/2026:13:26:26 +0000] "POST /xmlrpc.php HTTP/1.1" 200 52738 "-" "Jetpack by WordPress.com (Jetpack 12.0; WordPress 6.1)"
216.73.216.110 - - [28/Jul/2026:13:26:28 +0000] "GET /positivism/l9u4s1t5e6r2i2n2g576 HTTP/2.0" 500 3885 "-" "Mozilla/5.0 AppleWebKit/537.36 (KHTML, like Gecko; compatible; ClaudeBot/1.0; +claudebot@anthropic.com)"
66.249.70.4 - - [28/Jul/2026:13:26:30 +0000] "GET /?o=s7p3i5r9o8c4h8a0e9t3a2 HTTP/1.1" 200 30388 "-" "Mozilla/5.0 (Linux; Android 6.0.1; Nexus 5X Build/MMB29P) AppleWebKit/537.36 (KHTML, like Gecko) Chrome/150.0.7871.128 Mobile Safari/537.36 (compatible; GoogleOther)"
216.73.216.110 - - [28/Jul/2026:13:26:33 +0000] "GET /shops/troublesome/c7o4m0m2a3n7d3r6e7s5s7 HTTP/2.0" 500 3885 "-" "Mozilla/5.0 AppleWebKit/537.36 (KHTML, like Gecko; compatible; ClaudeBot/1.0; +claudebot@anthropic.com)"
116.193.128.26 - - [28/Jul/2026:13:26:37 +0000] "POST /xmlrpc.php HTTP/1.1" 200 52738 "-" "WordPress.com; https://wordpress.com"
216.73.216.110 - - [28/Jul/2026:13:26:38 +0000] "GET /angolensis/turnpiking/a9c3c6o2l5a9d4e0393 HTTP/2.0" 500 3885 "-" "Mozilla/5.0 AppleWebKit/537.36 (KHTML, like Gecko; compatible; ClaudeBot/1.0; +claudebot@anthropic.com)"
216.73.216.110 - - [28/Jul/2026:13:26:43 +0000] "GET /adrenocorticotropicadj/s7o2e6v8e9r689543 HTTP/2.0" 500 3885 "-" "Mozilla/5.0 AppleWebKit/537.36 (KHTML, like Gecko; compatible; ClaudeBot/1.0; +claudebot@anthropic.com)"
116.193.128.26 - - [28/Jul/2026:13:26:47 +0000] "POST /xmlrpc.php HTTP/1.1" 200 52738 "-" "Jetpack by WordPress.com (Jetpack 12.0; WordPress 6.3)"
66.249.70.4 - - [28/Jul/2026:13:26:44 +0000] "GET /?fileloc=/home/dacusvillerec/public_html/wp-blog-header.php?o=e3s1t1r8o3u4s62211 HTTP/1.1" 200 29196 "-" "Mozilla/5.0 (Linux; Android 6.0.1; Nexus 5X Build/MMB29P) AppleWebKit/537.36 (KHTML, like Gecko) Chrome/150.0.7871.128 Mobile Safari/537.36 (compatible; Googlebot/2.1; +http://www.google.com/bot.html)"
216.73.216.110 - - [28/Jul/2026:13:26:49 +0000] "GET /shops/foolhardily/c7r3a1n3k3e9d03328 HTTP/2.0" 500 3885 "-" "Mozilla/5.0 AppleWebKit/537.36 (KHTML, like Gecko; compatible; ClaudeBot/1.0; +claudebot@anthropic.com)"
66.249.70.4 - - [28/Jul/2026:13:26:48 +0000] "GET /dendrolagus/s3l1e2e5t7i3n6g6847 HTTP/1.1" 200 28156 "-" "Mozilla/5.0 (Linux; Android 6.0.1; Nexus 5X Build/MMB29P) AppleWebKit/537.36 (KHTML, like Gecko) Chrome/150.0.7871.128 Mobile Safari/537.36 (compatible; GoogleOther)"
216.73.216.110 - - [28/Jul/2026:13:26:54 +0000] "GET /shops/unketh/a7b1n6e0g0a0t1e102 HTTP/2.0" 500 3885 "-" "Mozilla/5.0 AppleWebKit/537.36 (KHTML, like Gecko; compatible; ClaudeBot/1.0; +claudebot@anthropic.com)"
116.193.128.26 - - [28/Jul/2026:13:26:58 +0000] "POST /xmlrpc.php HTTP/1.1" 200 52738 "-" "Jetpack/13.0; WordPress/6.1; http://site58849454.com"
66.249.70.4 - - [28/Jul/2026:13:26:58 +0000] "GET /?o=r9h4o8d6o4c0r4i3n3i3te HTTP/1.1" 200 28587 "-" "Mozilla/5.0 (Linux; Android 6.0.1; Nexus 5X Build/MMB29P) AppleWebKit/537.36 (KHTML, like Gecko) Chrome/150.0.7871.128 Mobile Safari/537.36 (compatible; GoogleOther)"
216.73.216.110 - - [28/Jul/2026:13:26:59 +0000] "GET /undeadly/anserinae/93337059787 HTTP/2.0" 500 3885 "-" "Mozilla/5.0 AppleWebKit/537.36 (KHTML, like Gecko; compatible; ClaudeBot/1.0; +claudebot@anthropic.com)"
216.73.216.110 - - [28/Jul/2026:13:27:04 +0000] "GET /micrographic/l7a4y0m5e9n828688 HTTP/2.0" 500 3885 "-" "Mozilla/5.0 AppleWebKit/537.36 (KHTML, like Gecko; compatible; ClaudeBot/1.0; +claudebot@anthropic.com)"
116.193.128.26 - - [28/Jul/2026:13:27:09 +0000] "POST /xmlrpc.php HTTP/1.1" 200 52738 "-" "Jetpack by WordPress.com (Jetpack 12.5; WordPress 6.1)"
216.73.216.110 - - [28/Jul/2026:13:27:09 +0000] "GET /shops/tortive/o9c1t1o2s8p4e9r9m8o7u5s HTTP/2.0" 500 3885 "-" "Mozilla/5.0 AppleWebKit/537.36 (KHTML, like Gecko; compatible; ClaudeBot/1.0; +claudebot@anthropic.com)"
66.249.70.4 - - [28/Jul/2026:13:27:10 +0000] "GET /?o=s9l2a5t2t7e8r80468 HTTP/1.1" 200 29987 "-" "Mozilla/5.0 (Linux; Android 6.0.1; Nexus 5X Build/MMB29P) AppleWebKit/537.36 (KHTML, like Gecko) Chrome/150.0.7871.128 Mobile Safari/537.36 (compatible; GoogleOther)"
216.73.216.110 - - [28/Jul/2026:13:27:14 +0000] "GET /shops/coppering/t7o4u2c4h7a3b8l4e930 HTTP/2.0" 500 3885 "-" "Mozilla/5.0 AppleWebKit/537.36 (KHTML, like Gecko; compatible; ClaudeBot/1.0; +claudebot@anthropic.com)"
116.193.128.26 - - [28/Jul/2026:13:27:20 +0000] "POST /xmlrpc.php HTTP/1.1" 200 52738 "-" "Jetpack by WordPress.com (Jetpack 13.0; WordPress 6.4)"
216.73.216.110 - - [28/Jul/2026:13:27:19 +0000] "GET /patience/plimsolls/7816194092 HTTP/2.0" 500 3885 "-" "Mozilla/5.0 AppleWebKit/537.36 (KHTML, like Gecko; compatible; ClaudeBot/1.0; +claudebot@anthropic.com)"
66.249.70.4 - - [28/Jul/2026:13:27:19 +0000] "GET /?o=c0h1a4e2t4u8r6e4074 HTTP/1.1" 200 29847 "-" "Mozilla/5.0 (Linux; Android 6.0.1; Nexus 5X Build/MMB29P) AppleWebKit/537.36 (KHTML, like Gecko) Chrome/150.0.7871.128 Mobile Safari/537.36 (compatible; Googlebot/2.1; +http://www.google.com/bot.html)"
66.249.70.4 - - [28/Jul/2026:13:27:23 +0000] "GET /?o=b4o2o8n8d7o7c3k0s715 HTTP/1.1" 200 29002 "-" "Mozilla/5.0 (Linux; Android 6.0.1; Nexus 5X Build/MMB29P) AppleWebKit/537.36 (KHTML, like Gecko) Chrome/150.0.7871.128 Mobile Safari/537.36 (compatible; GoogleOther)"
216.73.216.110 - - [28/Jul/2026:13:27:24 +0000] "GET /shops/tonga/a9n1a0n2a2s441481 HTTP/2.0" 500 3885 "-" "Mozilla/5.0 AppleWebKit/537.36 (KHTML, like Gecko; compatible; ClaudeBot/1.0; +claudebot@anthropic.com)"
216.73.216.110 - - [28/Jul/2026:13:27:29 +0000] "GET /shops/inconstant/p7h3a9n6e6r2o7g0a5m4i5a HTTP/2.0" 500 3885 "-" "Mozilla/5.0 AppleWebKit/537.36 (KHTML, like Gecko; compatible; ClaudeBot/1.0; +claudebot@anthropic.com)"
116.193.128.26 - - [28/Jul/2026:13:27:31 +0000] "POST /xmlrpc.php HTTP/1.1" 200 52738 "-" "Jetpack/12.5; WordPress/6.2; http://site68880752.com"
216.73.216.110 - - [28/Jul/2026:13:27:34 +0000] "GET /shops/looper/r7e2v4e5n2g4e5l9e5s7s7 HTTP/2.0" 500 3885 "-" "Mozilla/5.0 AppleWebKit/537.36 (KHTML, like Gecko; compatible; ClaudeBot/1.0; +claudebot@anthropic.com)"
66.249.70.4 - - [28/Jul/2026:13:27:37 +0000] "GET /?o=p6e2d9i1a7l987352 HTTP/1.1" 200 28785 "-" "Mozilla/5.0 (Linux; Android 6.0.1; Nexus 5X Build/MMB29P) AppleWebKit/537.36 (KHTML, like Gecko) Chrome/150.0.7871.128 Mobile Safari/537.36 (compatible; GoogleOther)"
216.73.216.110 - - [28/Jul/2026:13:27:39 +0000] "GET /intransient/osphradium/71988256060 HTTP/2.0" 500 3885 "-" "Mozilla/5.0 AppleWebKit/537.36 (KHTML, like Gecko; compatible; ClaudeBot/1.0; +claudebot@anthropic.com)"
116.193.128.26 - - [28/Jul/2026:13:27:41 +0000] "POST /xmlrpc.php HTTP/1.1" 200 52738 "-" "Jetpack by WordPress.com"
216.73.216.110 - - [28/Jul/2026:13:27:44 +0000] "GET /shops/acute/f9l2a4x8w3e5e2d3738 HTTP/2.0" 500 3885 "-" "Mozilla/5.0 AppleWebKit/537.36 (KHTML, like Gecko; compatible; ClaudeBot/1.0; +claudebot@anthropic.com)"
216.73.216.110 - - [28/Jul/2026:13:27:49 +0000] "GET /shops/felly/d9e7a5d5p1a9y3036 HTTP/2.0" 500 3885 "-" "Mozilla/5.0 AppleWebKit/537.36 (KHTML, like Gecko; compatible; ClaudeBot/1.0; +claudebot@anthropic.com)"
116.193.128.26 - - [28/Jul/2026:13:27:52 +0000] "POST /xmlrpc.php HTTP/1.1" 200 52738 "-" "Jetpack/12.0; WordPress/6.1; http://site67583122.com"
66.249.70.4 - - [28/Jul/2026:13:27:50 +0000] "GET /?o=c5u3l6l3i3s193847 HTTP/1.1" 200 29628 "-" "Mozilla/5.0 (Linux; Android 6.0.1; Nexus 5X Build/MMB29P) AppleWebKit/537.36 (KHTML, like Gecko) Chrome/150.0.7871.128 Mobile Safari/537.36 (compatible; GoogleOther)"
216.73.216.110 - - [28/Jul/2026:13:27:54 +0000] "GET /?o=d7i2s2m4o7r2t1a5g5e7d1 HTTP/2.0" 200 3885 "-" "Mozilla/5.0 AppleWebKit/537.36 (KHTML, like Gecko; compatible; ClaudeBot/1.0; +claudebot@anthropic.com)"
66.249.70.4 - - [28/Jul/2026:13:27:58 +0000] "GET /construction/golet/p8r8o3c3o1e8l1i2a0e1 HTTP/1.1" 200 32590 "-" "Mozilla/5.0 (Linux; Android 6.0.1; Nexus 5X Build/MMB29P) AppleWebKit/537.36 (KHTML, like Gecko) Chrome/150.0.7871.128 Mobile Safari/537.36 (compatible; Googlebot/2.1; +http://www.google.com/bot.html)"
216.73.216.110 - - [28/Jul/2026:13:27:59 +0000] "GET /halma/d7a3s5t5a2r3d1n7e7s4s8 HTTP/2.0" 500 3885 "-" "Mozilla/5.0 AppleWebKit/537.36 (KHTML, like Gecko; compatible; ClaudeBot/1.0; +claudebot@anthropic.com)"
116.193.128.26 - - [28/Jul/2026:13:28:03 +0000] "POST /xmlrpc.php HTTP/1.1" 200 52738 "-" "Jetpack by WordPress.com"
216.73.216.110 - - [28/Jul/2026:13:28:04 +0000] "GET /?o=a7d2d1i0c2t6i9o7n927 HTTP/2.0" 200 3885 "-" "Mozilla/5.0 AppleWebKit/537.36 (KHTML, like Gecko; compatible; ClaudeBot/1.0; +claudebot@anthropic.com)"
66.249.70.4 - - [28/Jul/2026:13:28:04 +0000] "GET /?o=v9e4r1e4c2u7n2d1i9o4u9s HTTP/1.1" 200 29603 "-" "Mozilla/5.0 (Linux; Android 6.0.1; Nexus 5X Build/MMB29P) AppleWebKit/537.36 (KHTML, like Gecko) Chrome/150.0.7871.128 Mobile Safari/537.36 (compatible; GoogleOther)"
216.73.216.110 - - [28/Jul/2026:13:28:09 +0000] "GET /bothersome/b7e1m0u3f1f4l9e9033 HTTP/2.0" 500 3885 "-" "Mozilla/5.0 AppleWebKit/537.36 (KHTML, like Gecko; compatible; ClaudeBot/1.0; +claudebot@anthropic.com)"
116.193.128.26 - - [28/Jul/2026:13:28:14 +0000] "POST /xmlrpc.php HTTP/1.1" 200 52738 "-" "Jetpack/12.5; WordPress/6.3; http://site97434418.com"
216.73.216.110 - - [28/Jul/2026:13:28:14 +0000] "GET /spicy/t9h7e1d0o4m90716 HTTP/2.0" 500 3885 "-" "Mozilla/5.0 AppleWebKit/537.36 (KHTML, like Gecko; compatible; ClaudeBot/1.0; +claudebot@anthropic.com)"
66.249.70.4 - - [28/Jul/2026:13:28:17 +0000] "GET /?o=p2r1i8v8a9t6i7v2e3l9y HTTP/1.1" 200 30346 "-" "Mozilla/5.0 (Linux; Android 6.0.1; Nexus 5X Build/MMB29P) AppleWebKit/537.36 (KHTML, like Gecko) Chrome/150.0.7871.128 Mobile Safari/537.36 (compatible; GoogleOther)"
216.73.216.110 - - [28/Jul/2026:13:28:19 +0000] "GET /shops/fancysick/o7f3f8e3r8t7o8r6i5e3s2 HTTP/2.0" 500 3885 "-" "Mozilla/5.0 AppleWebKit/537.36 (KHTML, like Gecko; compatible; ClaudeBot/1.0; +claudebot@anthropic.com)"
116.193.128.26 - - [28/Jul/2026:13:28:24 +0000] "POST /xmlrpc.php HTTP/1.1" 200 52738 "-" "WordPress.com; https://wordpress.com"
216.73.216.110 - - [28/Jul/2026:13:28:24 +0000] "GET /overcanopy/metaphysis/73253082994 HTTP/2.0" 500 3885 "-" "Mozilla/5.0 AppleWebKit/537.36 (KHTML, like Gecko; compatible; ClaudeBot/1.0; +claudebot@anthropic.com)"
216.73.216.110 - - [28/Jul/2026:13:28:29 +0000] "GET /shops/bulger/h7i3m9s1e4l2f38596 HTTP/2.0" 500 3885 "-" "Mozilla/5.0 AppleWebKit/537.36 (KHTML, like Gecko; compatible; ClaudeBot/1.0; +claudebot@anthropic.com)"
66.249.70.4 - - [28/Jul/2026:13:28:30 +0000] "GET /?o=b4e1t1h2u7m5p2t1333 HTTP/1.1" 200 29061 "-" "Mozilla/5.0 (Linux; Android 6.0.1; Nexus 5X Build/MMB29P) AppleWebKit/537.36 (KHTML, like Gecko) Chrome/150.0.7871.128 Mobile Safari/537.36 (compatible; GoogleOther)"
116.193.128.26 - - [28/Jul/2026:13:28:35 +0000] "POST /xmlrpc.php HTTP/1.1" 200 52738 "-" "Jetpack by WordPress.com"
216.73.216.110 - - [28/Jul/2026:13:28:34 +0000] "GET /doggedly/p7s2i8l8o6p8a7e7d7i6c8 HTTP/2.0" 500 3885 "-" "Mozilla/5.0 AppleWebKit/537.36 (KHTML, like Gecko; compatible; ClaudeBot/1.0; +claudebot@anthropic.com)"
216.73.216.110 - - [28/Jul/2026:13:28:39 +0000] "GET /shops/glutinous/s7h6a5m5e5d56570 HTTP/2.0" 500 3885 "-" "Mozilla/5.0 AppleWebKit/537.36 (KHTML, like Gecko; compatible; ClaudeBot/1.0; +claudebot@anthropic.com)"
66.249.70.4 - - [28/Jul/2026:13:28:43 +0000] "GET /shops/helminthite/p9a1r5a8g8r2a0p0h9i3c0 HTTP/1.1" 200 33204 "-" "Mozilla/5.0 (Linux; Android 6.0.1; Nexus 5X Build/MMB29P) AppleWebKit/537.36 (KHTML, like Gecko) Chrome/150.0.7871.128 Mobile Safari/537.36 (compatible; GoogleOther)"
116.193.128.26 - - [28/Jul/2026:13:28:46 +0000] "POST /xmlrpc.php HTTP/1.1" 200 52738 "-" "Jetpack/12.1; WordPress/6.1; http://site11695378.com"
216.73.216.110 - - [28/Jul/2026:13:28:44 +0000] "GET /haiti/declamator/71254488242 HTTP/2.0" 500 3885 "-" "Mozilla/5.0 AppleWebKit/537.36 (KHTML, like Gecko; compatible; ClaudeBot/1.0; +claudebot@anthropic.com)"
66.249.70.4 - - [28/Jul/2026:13:28:46 +0000] "GET /maker/4001/ HTTP/1.1" 200 29022 "-" "Mozilla/5.0 (Linux; Android 6.0.1; Nexus 5X Build/MMB29P) AppleWebKit/537.36 (KHTML, like Gecko) Chrome/150.0.7871.128 Mobile Safari/537.36 (compatible; Googlebot/2.1; +http://www.google.com/bot.html)"
216.73.216.110 - - [28/Jul/2026:13:28:50 +0000] "GET /?o=s9w6e7a6l4e6d3378 HTTP/2.0" 200 3885 "-" "Mozilla/5.0 AppleWebKit/537.36 (KHTML, like Gecko; compatible; ClaudeBot/1.0; +claudebot@anthropic.com)"
216.73.216.110 - - [28/Jul/2026:13:28:55 +0000] "GET /shops/nuzzle/l7o3p0h4o6s2t5e1a308 HTTP/2.0" 500 3885 "-" "Mozilla/5.0 AppleWebKit/537.36 (KHTML, like Gecko; compatible; ClaudeBot/1.0; +claudebot@anthropic.com)"
66.249.70.4 - - [28/Jul/2026:13:28:57 +0000] "GET /?o=a6g1u2a4r1d6i4e9n5t8e6 HTTP/1.1" 200 28662 "-" "Mozilla/5.0 (Linux; Android 6.0.1; Nexus 5X Build/MMB29P) AppleWebKit/537.36 (KHTML, like Gecko) Chrome/150.0.7871.128 Mobile Safari/537.36 (compatible; GoogleOther)"
216.73.216.110 - - [28/Jul/2026:13:29:00 +0000] "GET /shops/denudate/t7h1u0r3i3f4e0r5o2u2s3 HTTP/2.0" 500 3885 "-" "Mozilla/5.0 AppleWebKit/537.36 (KHTML, like Gecko; compatible; ClaudeBot/1.0; +claudebot@anthropic.com)"
66.249.70.4 - - [28/Jul/2026:13:29:01 +0000] "GET /tunicate/osculant/c1o1r4d7e9l9l0e7953 HTTP/1.1" 200 29168 "-" "Mozilla/5.0 (Linux; Android 6.0.1; Nexus 5X Build/MMB29P) AppleWebKit/537.36 (KHTML, like Gecko) Chrome/150.0.7871.128 Mobile Safari/537.36 (compatible; Googlebot/2.1; +http://www.google.com/bot.html)"
216.73.216.110 - - [28/Jul/2026:13:29:05 +0000] "GET /?o=d7e2e5p4s8i5x73060 HTTP/2.0" 200 3885 "-" "Mozilla/5.0 AppleWebKit/537.36 (KHTML, like Gecko; compatible; ClaudeBot/1.0; +claudebot@anthropic.com)"
216.73.216.110 - - [28/Jul/2026:13:29:10 +0000] "GET /contrapuntist/frondosa/7814560054 HTTP/2.0" 500 3885 "-" "Mozilla/5.0 AppleWebKit/537.36 (KHTML, like Gecko; compatible; ClaudeBot/1.0; +claudebot@anthropic.com)"
66.249.70.4 - - [28/Jul/2026:13:29:11 +0000] "GET /?o=m8i3n8e2s8w2e3e4p5i5n8g HTTP/1.1" 200 28328 "-" "Mozilla/5.0 (Linux; Android 6.0.1; Nexus 5X Build/MMB29P) AppleWebKit/537.36 (KHTML, like Gecko) Chrome/150.0.7871.128 Mobile Safari/537.36 (compatible; GoogleOther)"
216.73.216.110 - - [28/Jul/2026:13:29:15 +0000] "GET /shops/calando/i7n4c1o0m2m4u0t5a9b7l3e HTTP/2.0" 500 3885 "-" "Mozilla/5.0 AppleWebKit/537.36 (KHTML, like Gecko; compatible; ClaudeBot/1.0; +claudebot@anthropic.com)"
216.73.216.110 - - [28/Jul/2026:13:29:20 +0000] "GET /shops/glutinosity/m9a4n9l2e7s7s0322 HTTP/2.0" 500 3885 "-" "Mozilla/5.0 AppleWebKit/537.36 (KHTML, like Gecko; compatible; ClaudeBot/1.0; +claudebot@anthropic.com)"
216.73.216.110 - - [28/Jul/2026:13:29:25 +0000] "GET /shops/plantless/l9a2v9i1s5h855742 HTTP/2.0" 500 3885 "-" "Mozilla/5.0 AppleWebKit/537.36 (KHTML, like Gecko; compatible; ClaudeBot/1.0; +claudebot@anthropic.com)"
66.249.70.4 - - [28/Jul/2026:13:29:26 +0000] "GET /?o=a6n2d7r3o1t4o6m4o9u8s5 HTTP/1.1" 200 29196 "-" "Mozilla/5.0 (Linux; Android 6.0.1; Nexus 5X Build/MMB29P) AppleWebKit/537.36 (KHTML, like Gecko) Chrome/150.0.7871.128 Mobile Safari/537.36 (compatible; GoogleOther)"
216.73.216.110 - - [28/Jul/2026:13:29:30 +0000] "GET /shops/triplite/u7n2d6e6r4w4o8r6l9d83 HTTP/2.0" 500 3885 "-" "Mozilla/5.0 AppleWebKit/537.36 (KHTML, like Gecko; compatible; ClaudeBot/1.0; +claudebot@anthropic.com)"
216.73.216.110 - - [28/Jul/2026:13:29:35 +0000] "GET /shops/chitin/l7y3o5n6n6a1i7s8347 HTTP/2.0" 500 3885 "-" "Mozilla/5.0 AppleWebKit/537.36 (KHTML, like Gecko; compatible; ClaudeBot/1.0; +claudebot@anthropic.com)"
66.249.70.4 - - [28/Jul/2026:13:29:36 +0000] "GET /?o=i5n3d0i2v3i7d9u1a7l4i6zer HTTP/1.1" 200 30114 "-" "Mozilla/5.0 (Linux; Android 6.0.1; Nexus 5X Build/MMB29P) AppleWebKit/537.36 (KHTML, like Gecko) Chrome/150.0.7871.128 Mobile Safari/537.36 (compatible; Googlebot/2.1; +http://www.google.com/bot.html)"
216.73.216.110 - - [28/Jul/2026:13:29:40 +0000] "GET /scarves/u7n2i0c2u9r7s5a0l398 HTTP/2.0" 500 3885 "-" "Mozilla/5.0 AppleWebKit/537.36 (KHTML, like Gecko; compatible; ClaudeBot/1.0; +claudebot@anthropic.com)"
66.249.70.4 - - [28/Jul/2026:13:29:41 +0000] "GET /?o=g4e3p1o6u2n8d12692 HTTP/1.1" 200 30082 "-" "Mozilla/5.0 (Linux; Android 6.0.1; Nexus 5X Build/MMB29P) AppleWebKit/537.36 (KHTML, like Gecko) Chrome/150.0.7871.128 Mobile Safari/537.36 (compatible; GoogleOther)"
216.73.216.110 - - [28/Jul/2026:13:29:45 +0000] "GET /shops/mallenders/r7a7m7p8s434347 HTTP/2.0" 500 3885 "-" "Mozilla/5.0 AppleWebKit/537.36 (KHTML, like Gecko; compatible; ClaudeBot/1.0; +claudebot@anthropic.com)"
216.73.216.110 - - [28/Jul/2026:13:29:50 +0000] "GET /shops/clupeaster/m7a1r6c7g1r7a1v8i7a75 HTTP/2.0" 500 3885 "-" "Mozilla/5.0 AppleWebKit/537.36 (KHTML, like Gecko; compatible; ClaudeBot/1.0; +claudebot@anthropic.com)"
216.73.216.110 - - [28/Jul/2026:13:29:55 +0000] "GET /shops/catfish/o9v3e5r2d5i1g7h0t013 HTTP/2.0" 500 3885 "-" "Mozilla/5.0 AppleWebKit/537.36 (KHTML, like Gecko; compatible; ClaudeBot/1.0; +claudebot@anthropic.com)"
66.249.70.4 - - [28/Jul/2026:13:29:56 +0000] "GET /?o=d9i2s6c8r9i6m3i9n1a2t9eness HTTP/1.1" 200 29840 "-" "Mozilla/5.0 (Linux; Android 6.0.1; Nexus 5X Build/MMB29P) AppleWebKit/537.36 (KHTML, like Gecko) Chrome/150.0.7871.128 Mobile Safari/537.36 (compatible; GoogleOther)"
216.73.216.110 - - [28/Jul/2026:13:30:00 +0000] "GET /shops/antefix/h9u3m9e4c9t122240 HTTP/2.0" 500 3885 "-" "Mozilla/5.0 AppleWebKit/537.36 (KHTML, like Gecko; compatible; ClaudeBot/1.0; +claudebot@anthropic.com)"
216.73.216.110 - - [28/Jul/2026:13:30:05 +0000] "GET /shops/cordially/t9i1l2i3n8g02290 HTTP/2.0" 500 3885 "-" "Mozilla/5.0 AppleWebKit/537.36 (KHTML, like Gecko; compatible; ClaudeBot/1.0; +claudebot@anthropic.com)"
66.249.70.4 - - [28/Jul/2026:13:30:05 +0000] "GET /subtileness/codeine/8345387993 HTTP/1.1" 200 28728 "-" "Mozilla/5.0 (Linux; Android 6.0.1; Nexus 5X Build/MMB29P) AppleWebKit/537.36 (KHTML, like Gecko) Chrome/150.0.7871.128 Mobile Safari/537.36 (compatible; Googlebot/2.1; +http://www.google.com/bot.html)"
216.73.216.110 - - [28/Jul/2026:13:30:10 +0000] "GET /shops/dicacious/t9r2a4c1t3a4r3i1a1n50 HTTP/2.0" 500 3885 "-" "Mozilla/5.0 AppleWebKit/537.36 (KHTML, like Gecko; compatible; ClaudeBot/1.0; +claudebot@anthropic.com)"
66.249.70.5 - - [28/Jul/2026:13:30:10 +0000] "GET /kaisya/index.html HTTP/1.1" 200 29170 "-" "Mozilla/5.0 (Linux; Android 6.0.1; Nexus 5X Build/MMB29P) AppleWebKit/537.36 (KHTML, like Gecko) Chrome/150.0.7871.128 Mobile Safari/537.36 (compatible; Googlebot/2.1; +http://www.google.com/bot.html)"
66.249.70.4 - - [28/Jul/2026:13:30:13 +0000] "GET /?o=f4o3r8e6j6u1d7g8e784 HTTP/1.1" 200 30010 "-" "Mozilla/5.0 (Linux; Android 6.0.1; Nexus 5X Build/MMB29P) AppleWebKit/537.36 (KHTML, like Gecko) Chrome/150.0.7871.128 Mobile Safari/537.36 (compatible; GoogleOther)"
216.73.216.110 - - [28/Jul/2026:13:30:15 +0000] "GET /?o=p9e1t8a0r7160144 HTTP/2.0" 200 3885 "-" "Mozilla/5.0 AppleWebKit/537.36 (KHTML, like Gecko; compatible; ClaudeBot/1.0; +claudebot@anthropic.com)"
216.73.216.110 - - [28/Jul/2026:13:30:20 +0000] "GET /shops/hydrosorbic/o9n2o8n6i8s248226 HTTP/2.0" 500 3885 "-" "Mozilla/5.0 AppleWebKit/537.36 (KHTML, like Gecko; compatible; ClaudeBot/1.0; +claudebot@anthropic.com)"
216.73.216.110 - - [28/Jul/2026:13:30:25 +0000] "GET /shops/tardation/a7c1e2t9a4b3u0l2i7f5o5rm HTTP/2.0" 500 3885 "-" "Mozilla/5.0 AppleWebKit/537.36 (KHTML, like Gecko; compatible; ClaudeBot/1.0; +claudebot@anthropic.com)"
66.249.70.4 - - [28/Jul/2026:13:30:28 +0000] "GET /?o=o2c3c6r1u8s5t3a6t7e60 HTTP/1.1" 200 29990 "-" "Mozilla/5.0 (Linux; Android 6.0.1; Nexus 5X Build/MMB29P) AppleWebKit/537.36 (KHTML, like Gecko) Chrome/150.0.7871.128 Mobile Safari/537.36 (compatible; GoogleOther)"
216.73.216.110 - - [28/Jul/2026:13:30:30 +0000] "GET /shops/panhandling/s7o2r9c1e7r4o1u2s033 HTTP/2.0" 500 3885 "-" "Mozilla/5.0 AppleWebKit/537.36 (KHTML, like Gecko; compatible; ClaudeBot/1.0; +claudebot@anthropic.com)"
216.73.216.110 - - [28/Jul/2026:13:30:35 +0000] "GET /shops/luminate/c9r3e5c9y2961136 HTTP/2.0" 500 3885 "-" "Mozilla/5.0 AppleWebKit/537.36 (KHTML, like Gecko; compatible; ClaudeBot/1.0; +claudebot@anthropic.com)"
216.73.216.110 - - [28/Jul/2026:13:30:40 +0000] "GET /shops/shrubbiest/m7o3l0l0a1h341830 HTTP/2.0" 500 3885 "-" "Mozilla/5.0 AppleWebKit/537.36 (KHTML, like Gecko; compatible; ClaudeBot/1.0; +claudebot@anthropic.com)"
66.249.70.4 - - [28/Jul/2026:13:30:43 +0000] "GET /?fileloc=/home/dacusvillerec/public_html/wp-blog-header.php?o=f1a1s7t1e2s8t22100 HTTP/1.1" 200 29320 "-" "Mozilla/5.0 (Linux; Android 6.0.1; Nexus 5X Build/MMB29P) AppleWebKit/537.36 (KHTML, like Gecko) Chrome/150.0.7871.128 Mobile Safari/537.36 (compatible; GoogleOther)"
216.73.216.110 - - [28/Jul/2026:13:30:45 +0000] "GET /shops/omnispective/k7n2e2e1j7o0i5n2t9e0d7 HTTP/2.0" 500 3885 "-" "Mozilla/5.0 AppleWebKit/537.36 (KHTML, like Gecko; compatible; ClaudeBot/1.0; +claudebot@anthropic.com)"
66.249.70.4 - - [28/Jul/2026:13:30:46 +0000] "GET /broader/hymeneal/53679429028 HTTP/1.1" 200 32818 "-" "Mozilla/5.0 (Linux; Android 6.0.1; Nexus 5X Build/MMB29P) AppleWebKit/537.36 (KHTML, like Gecko) Chrome/150.0.7871.128 Mobile Safari/537.36 (compatible; Googlebot/2.1; +http://www.google.com/bot.html)"
216.73.216.110 - - [28/Jul/2026:13:30:50 +0000] "GET /shops/actinopod/m7o4o1n2b2l5i5n6d982 HTTP/2.0" 500 3885 "-" "Mozilla/5.0 AppleWebKit/537.36 (KHTML, like Gecko; compatible; ClaudeBot/1.0; +claudebot@anthropic.com)"
216.73.216.110 - - [28/Jul/2026:13:30:55 +0000] "GET /shops/salpae/h9e1r6n3i9a9s72152 HTTP/2.0" 500 3885 "-" "Mozilla/5.0 AppleWebKit/537.36 (KHTML, like Gecko; compatible; ClaudeBot/1.0; +claudebot@anthropic.com)"
66.249.70.4 - - [28/Jul/2026:13:30:58 +0000] "GET /?o=s5u3b3a2s1t5r4a5l097 HTTP/1.1" 200 29439 "-" "Mozilla/5.0 (Linux; Android 6.0.1; Nexus 5X Build/MMB29P) AppleWebKit/537.36 (KHTML, like Gecko) Chrome/150.0.7871.128 Mobile Safari/537.36 (compatible; GoogleOther)"
216.73.216.110 - - [28/Jul/2026:13:31:01 +0000] "GET /shops/asseveration/p9r2e0c0e8d7e6d0286 HTTP/2.0" 500 3885 "-" "Mozilla/5.0 AppleWebKit/537.36 (KHTML, like Gecko; compatible; ClaudeBot/1.0; +claudebot@anthropic.com)"
216.73.216.110 - - [28/Jul/2026:13:31:06 +0000] "GET /shops/pallium/m7e2d1i9t1a7n3c4e575 HTTP/2.0" 500 3885 "-" "Mozilla/5.0 AppleWebKit/537.36 (KHTML, like Gecko; compatible; ClaudeBot/1.0; +claudebot@anthropic.com)"
216.73.216.110 - - [28/Jul/2026:13:31:11 +0000] "GET /shops/multifaced/l7y1c4a4o9n814664 HTTP/2.0" 500 3885 "-" "Mozilla/5.0 AppleWebKit/537.36 (KHTML, like Gecko; compatible; ClaudeBot/1.0; +claudebot@anthropic.com)"
216.73.216.110 - - [28/Jul/2026:13:31:16 +0000] "GET /shops/sheepshead/e7x2a2e0r2e3s1i0s490 HTTP/2.0" 500 3885 "-" "Mozilla/5.0 AppleWebKit/537.36 (KHTML, like Gecko; compatible; ClaudeBot/1.0; +claudebot@anthropic.com)"
66.249.70.4 - - [28/Jul/2026:13:31:16 +0000] "GET /?o=s2t8e7r9n6s2m0a2n77 HTTP/1.1" 200 29353 "-" "Mozilla/5.0 (Linux; Android 6.0.1; Nexus 5X Build/MMB29P) AppleWebKit/537.36 (KHTML, like Gecko) Chrome/150.0.7871.128 Mobile Safari/537.36 (compatible; GoogleOther)"
216.73.216.110 - - [28/Jul/2026:13:31:21 +0000] "GET /shops/crunching/c7a6n8z6o4n4e8t578 HTTP/2.0" 500 3885 "-" "Mozilla/5.0 AppleWebKit/537.36 (KHTML, like Gecko; compatible; ClaudeBot/1.0; +claudebot@anthropic.com)"
216.73.216.110 - - [28/Jul/2026:13:31:26 +0000] "GET /shops/solute/l9i2t8t6e2r2e8d3800 HTTP/2.0" 500 3885 "-" "Mozilla/5.0 AppleWebKit/537.36 (KHTML, like Gecko; compatible; ClaudeBot/1.0; +claudebot@anthropic.com)"
216.73.216.110 - - [28/Jul/2026:13:31:31 +0000] "GET /acephalocyst/glires/93802751783 HTTP/2.0" 500 3885 "-" "Mozilla/5.0 AppleWebKit/537.36 (KHTML, like Gecko; compatible; ClaudeBot/1.0; +claudebot@anthropic.com)"
66.249.70.4 - - [28/Jul/2026:13:31:34 +0000] "GET /webapp/shops-club/servlet/YLogonSSLView?fileloc=/home/dacusvillerec/public_html/yvltn.php?o=i8n1t2r6o0s0p5e7c6t0i8onist HTTP/1.1" 200 29305 "-" "Mozilla/5.0 (Linux; Android 6.0.1; Nexus 5X Build/MMB29P) AppleWebKit/537.36 (KHTML, like Gecko) Chrome/150.0.7871.128 Mobile Safari/537.36 (compatible; GoogleOther)"
216.73.216.110 - - [28/Jul/2026:13:31:36 +0000] "GET /shops/undermasted/u9n1b2r0a3c1e66452 HTTP/2.0" 500 3885 "-" "Mozilla/5.0 AppleWebKit/537.36 (KHTML, like Gecko; compatible; ClaudeBot/1.0; +claudebot@anthropic.com)"
216.73.216.110 - - [28/Jul/2026:13:31:41 +0000] "GET /heterogamous/eumenes/9434655947 HTTP/2.0" 500 3885 "-" "Mozilla/5.0 AppleWebKit/537.36 (KHTML, like Gecko; compatible; ClaudeBot/1.0; +claudebot@anthropic.com)"
66.249.70.4 - - [28/Jul/2026:13:31:44 +0000] "GET /shops/fangless/r4u2r2a8l0n7e0s9s445 HTTP/1.1" 200 29926 "-" "Mozilla/5.0 (Linux; Android 6.0.1; Nexus 5X Build/MMB29P) AppleWebKit/537.36 (KHTML, like Gecko) Chrome/150.0.7871.128 Mobile Safari/537.36 (compatible; Googlebot/2.1; +http://www.google.com/bot.html)"
216.73.216.110 - - [28/Jul/2026:13:31:46 +0000] "GET /shops/ovaries/d7r1e1n2g2a4g4e1872 HTTP/2.0" 500 3885 "-" "Mozilla/5.0 AppleWebKit/537.36 (KHTML, like Gecko; compatible; ClaudeBot/1.0; +claudebot@anthropic.com)"
216.73.216.110 - - [28/Jul/2026:13:31:51 +0000] "GET /shops/classicize/n9y3c4t1e5a587831 HTTP/2.0" 500 3885 "-" "Mozilla/5.0 AppleWebKit/537.36 (KHTML, like Gecko; compatible; ClaudeBot/1.0; +claudebot@anthropic.com)"
66.249.70.4 - - [28/Jul/2026:13:31:52 +0000] "GET /?o=e1m1b9l5e4m4a8t4i6c5ally HTTP/1.1" 200 29198 "-" "Mozilla/5.0 (Linux; Android 6.0.1; Nexus 5X Build/MMB29P) AppleWebKit/537.36 (KHTML, like Gecko) Chrome/150.0.7871.128 Mobile Safari/537.36 (compatible; GoogleOther)"
216.73.216.110 - - [28/Jul/2026:13:31:56 +0000] "GET /disparaged/erythrolitmin/71212451506 HTTP/2.0" 500 3885 "-" "Mozilla/5.0 AppleWebKit/537.36 (KHTML, like Gecko; compatible; ClaudeBot/1.0; +claudebot@anthropic.com)"
216.73.216.110 - - [28/Jul/2026:13:32:01 +0000] "GET /shops/fleen/z7i2n9c7o0i2d00930 HTTP/2.0" 500 3885 "-" "Mozilla/5.0 AppleWebKit/537.36 (KHTML, like Gecko; compatible; ClaudeBot/1.0; +claudebot@anthropic.com)"
66.249.70.5 - - [28/Jul/2026:13:32:01 +0000] "GET /shops/iodoformogen/u1n5h1a2t731085 HTTP/1.1" 200 29108 "-" "Mozilla/5.0 (Linux; Android 6.0.1; Nexus 5X Build/MMB29P) AppleWebKit/537.36 (KHTML, like Gecko) Chrome/150.0.7871.128 Mobile Safari/537.36 (compatible; Googlebot/2.1; +http://www.google.com/bot.html)"
216.73.216.110 - - [28/Jul/2026:13:32:06 +0000] "GET /?o=g7u9i1a4c9o7l5532 HTTP/2.0" 200 3885 "-" "Mozilla/5.0 AppleWebKit/537.36 (KHTML, like Gecko; compatible; ClaudeBot/1.0; +claudebot@anthropic.com)"
216.73.216.110 - - [28/Jul/2026:13:32:11 +0000] "GET /shops/custrel/a7b7r4o9o1k27740 HTTP/2.0" 500 3885 "-" "Mozilla/5.0 AppleWebKit/537.36 (KHTML, like Gecko; compatible; ClaudeBot/1.0; +claudebot@anthropic.com)"
66.249.70.5 - - [28/Jul/2026:13:32:11 +0000] "GET /?o=m0e3s2o4t3h9o9r9a0x13 HTTP/1.1" 200 28961 "-" "Mozilla/5.0 (Linux; Android 6.0.1; Nexus 5X Build/MMB29P) AppleWebKit/537.36 (KHTML, like Gecko) Chrome/150.0.7871.128 Mobile Safari/537.36 (compatible; GoogleOther)"
216.73.216.110 - - [28/Jul/2026:13:32:16 +0000] "GET /shops/befrill/s7a1d1n3e8s9s33049 HTTP/2.0" 500 3885 "-" "Mozilla/5.0 AppleWebKit/537.36 (KHTML, like Gecko; compatible; ClaudeBot/1.0; +claudebot@anthropic.com)"
216.73.216.110 - - [28/Jul/2026:13:32:21 +0000] "GET /deuteropathia/alexia/71235715621 HTTP/2.0" 500 3885 "-" "Mozilla/5.0 AppleWebKit/537.36 (KHTML, like Gecko; compatible; ClaudeBot/1.0; +claudebot@anthropic.com)"
216.73.216.110 - - [28/Jul/2026:13:32:26 +0000] "GET /shops/barelegged/b7u1m8m8e0r7y83633 HTTP/2.0" 500 3885 "-" "Mozilla/5.0 AppleWebKit/537.36 (KHTML, like Gecko; compatible; ClaudeBot/1.0; +claudebot@anthropic.com)"
66.249.70.4 - - [28/Jul/2026:13:32:26 +0000] "GET /?fileloc=/home/dacusvillerec/public_html/wp-blog-header.php?o=t3e4l2e2o8c3e5p1h6a0l9i HTTP/1.1" 200 29020 "-" "Mozilla/5.0 (Linux; Android 6.0.1; Nexus 5X Build/MMB29P) AppleWebKit/537.36 (KHTML, like Gecko) Chrome/150.0.7871.128 Mobile Safari/537.36 (compatible; Googlebot/2.1; +http://www.google.com/bot.html)"
66.249.70.4 - - [28/Jul/2026:13:32:29 +0000] "GET /?o=s9i3d7e5t9r9a6c9k7e7d2 HTTP/1.1" 200 32698 "-" "Mozilla/5.0 (Linux; Android 6.0.1; Nexus 5X Build/MMB29P) AppleWebKit/537.36 (KHTML, like Gecko) Chrome/150.0.7871.128 Mobile Safari/537.36 (compatible; GoogleOther)"
216.73.216.110 - - [28/Jul/2026:13:32:31 +0000] "GET /shops/piecing/s7e2r6i3c5i1t8e0376 HTTP/2.0" 500 3885 "-" "Mozilla/5.0 AppleWebKit/537.36 (KHTML, like Gecko; compatible; ClaudeBot/1.0; +claudebot@anthropic.com)"
216.73.216.110 - - [28/Jul/2026:13:32:36 +0000] "GET /pycnogonida/oligarchal/7604535344 HTTP/2.0" 500 3885 "-" "Mozilla/5.0 AppleWebKit/537.36 (KHTML, like Gecko; compatible; ClaudeBot/1.0; +claudebot@anthropic.com)"
216.73.216.110 - - [28/Jul/2026:13:32:41 +0000] "GET /tamil/u7n8t3h8r7e4a2d868 HTTP/2.0" 500 3885 "-" "Mozilla/5.0 AppleWebKit/537.36 (KHTML, like Gecko; compatible; ClaudeBot/1.0; +claudebot@anthropic.com)"
216.73.216.110 - - [28/Jul/2026:13:32:46 +0000] "GET /shops/rabidity/e7i4g0h6t5h882239 HTTP/2.0" 500 3885 "-" "Mozilla/5.0 AppleWebKit/537.36 (KHTML, like Gecko; compatible; ClaudeBot/1.0; +claudebot@anthropic.com)"
66.249.70.5 - - [28/Jul/2026:13:32:47 +0000] "GET /?o=q8u1i6n1q6u8e0d6e2n1t4ated HTTP/1.1" 200 29330 "-" "Mozilla/5.0 (Linux; Android 6.0.1; Nexus 5X Build/MMB29P) AppleWebKit/537.36 (KHTML, like Gecko) Chrome/150.0.7871.128 Mobile Safari/537.36 (compatible; GoogleOther)"
216.73.216.110 - - [28/Jul/2026:13:32:51 +0000] "GET /shops/monographic/t9u2r0f6y4739554 HTTP/2.0" 500 3885 "-" "Mozilla/5.0 AppleWebKit/537.36 (KHTML, like Gecko; compatible; ClaudeBot/1.0; +claudebot@anthropic.com)"
216.73.216.110 - - [28/Jul/2026:13:32:56 +0000] "GET /apehood/b7u3l2l2h4e9a7d2e9d43 HTTP/2.0" 500 3885 "-" "Mozilla/5.0 AppleWebKit/537.36 (KHTML, like Gecko; compatible; ClaudeBot/1.0; +claudebot@anthropic.com)"
216.73.216.110 - - [28/Jul/2026:13:33:01 +0000] "GET /shops/lector/s7w3e5l0l3587931 HTTP/2.0" 500 3885 "-" "Mozilla/5.0 AppleWebKit/537.36 (KHTML, like Gecko; compatible; ClaudeBot/1.0; +claudebot@anthropic.com)"
66.249.70.4 - - [28/Jul/2026:13:33:02 +0000] "GET /?o=p9y2g0i8d3i8a98179 HTTP/1.1" 200 28938 "-" "Mozilla/5.0 (Linux; Android 6.0.1; Nexus 5X Build/MMB29P) AppleWebKit/537.36 (KHTML, like Gecko) Chrome/150.0.7871.128 Mobile Safari/537.36 (compatible; Googlebot/2.1; +http://www.google.com/bot.html)"
216.73.216.110 - - [28/Jul/2026:13:33:06 +0000] "GET /shops/sunshiny/l9o2u0n0g4e582390 HTTP/2.0" 500 3885 "-" "Mozilla/5.0 AppleWebKit/537.36 (KHTML, like Gecko; compatible; ClaudeBot/1.0; +claudebot@anthropic.com)"
66.249.70.4 - - [28/Jul/2026:13:33:05 +0000] "GET /?o=c0o2m6p6l9i6m0e1n9t58 HTTP/1.1" 200 30695 "-" "Mozilla/5.0 (Linux; Android 6.0.1; Nexus 5X Build/MMB29P) AppleWebKit/537.36 (KHTML, like Gecko) Chrome/150.0.7871.128 Mobile Safari/537.36 (compatible; GoogleOther)"
216.73.216.110 - - [28/Jul/2026:13:33:11 +0000] "GET /shops/colophon/u7n1i2c3e9l7l5e2d609 HTTP/2.0" 500 3885 "-" "Mozilla/5.0 AppleWebKit/537.36 (KHTML, like Gecko; compatible; ClaudeBot/1.0; +claudebot@anthropic.com)"
216.73.216.110 - - [28/Jul/2026:13:33:16 +0000] "GET /spiders/d7e2a8l1b1a9t3i8o4n58 HTTP/2.0" 500 3885 "-" "Mozilla/5.0 AppleWebKit/537.36 (KHTML, like Gecko; compatible; ClaudeBot/1.0; +claudebot@anthropic.com)"
216.73.216.110 - - [28/Jul/2026:13:33:21 +0000] "GET /roarer/tomcat/71974227689 HTTP/2.0" 500 3885 "-" "Mozilla/5.0 AppleWebKit/537.36 (KHTML, like Gecko; compatible; ClaudeBot/1.0; +claudebot@anthropic.com)"
66.249.70.5 - - [28/Jul/2026:13:33:23 +0000] "GET /?o=c8l9e4a3v3i2n4g916 HTTP/1.1" 200 28295 "-" "Mozilla/5.0 (Linux; Android 6.0.1; Nexus 5X Build/MMB29P) AppleWebKit/537.36 (KHTML, like Gecko) Chrome/150.0.7871.128 Mobile Safari/537.36 (compatible; GoogleOther)"
216.73.216.110 - - [28/Jul/2026:13:33:26 +0000] "GET /shops/epical/t7r1i7p2e3d2a3l6500 HTTP/2.0" 500 3885 "-" "Mozilla/5.0 AppleWebKit/537.36 (KHTML, like Gecko; compatible; ClaudeBot/1.0; +claudebot@anthropic.com)"
216.73.216.110 - - [28/Jul/2026:13:33:31 +0000] "GET /shops/trimorph/d7o3l9o6r1o6u8s1757 HTTP/2.0" 500 3885 "-" "Mozilla/5.0 AppleWebKit/537.36 (KHTML, like Gecko; compatible; ClaudeBot/1.0; +claudebot@anthropic.com)"
216.73.216.110 - - [28/Jul/2026:13:33:36 +0000] "GET /shops/dewret/b7r1e6v4o8o8r1t1i2a37 HTTP/2.0" 500 3885 "-" "Mozilla/5.0 AppleWebKit/537.36 (KHTML, like Gecko; compatible; ClaudeBot/1.0; +claudebot@anthropic.com)"
216.73.216.110 - - [28/Jul/2026:13:33:41 +0000] "GET /shops/rotch/n7o2t0o6b3r5a0n2c8hiata HTTP/2.0" 500 3885 "-" "Mozilla/5.0 AppleWebKit/537.36 (KHTML, like Gecko; compatible; ClaudeBot/1.0; +claudebot@anthropic.com)"
66.249.70.4 - - [28/Jul/2026:13:33:40 +0000] "GET /webapp/shops-club/servlet/YLogonSSLView?fileloc=/home/dacusvillerec/public_html/yvltn.php?o=a6i3c8h3s6966572 HTTP/1.1" 200 29421 "-" "Mozilla/5.0 (Linux; Android 6.0.1; Nexus 5X Build/MMB29P) AppleWebKit/537.36 (KHTML, like Gecko) Chrome/150.0.7871.128 Mobile Safari/537.36 (compatible; GoogleOther)"
66.249.70.5 - - [28/Jul/2026:13:33:45 +0000] "GET /shops/pererration/s0t3r8u7s1e248918 HTTP/1.1" 200 28496 "-" "Mozilla/5.0 (Linux; Android 6.0.1; Nexus 5X Build/MMB29P) AppleWebKit/537.36 (KHTML, like Gecko) Chrome/150.0.7871.128 Mobile Safari/537.36 (compatible; Googlebot/2.1; +http://www.google.com/bot.html)"
216.73.216.110 - - [28/Jul/2026:13:33:46 +0000] "GET /shops/entailing/d7i3v8i7d9u1a6l0l9y67 HTTP/2.0" 500 3885 "-" "Mozilla/5.0 AppleWebKit/537.36 (KHTML, like Gecko; compatible; ClaudeBot/1.0; +claudebot@anthropic.com)"
216.73.216.110 - - [28/Jul/2026:13:33:51 +0000] "GET /overlook/s7t2a1n6n3y8e0l9223 HTTP/2.0" 500 3885 "-" "Mozilla/5.0 AppleWebKit/537.36 (KHTML, like Gecko; compatible; ClaudeBot/1.0; +claudebot@anthropic.com)"
216.73.216.110 - - [28/Jul/2026:13:33:56 +0000] "GET /shops/crematories/j7a3s0p5o6n5y7x6276 HTTP/2.0" 500 3885 "-" "Mozilla/5.0 AppleWebKit/537.36 (KHTML, like Gecko; compatible; ClaudeBot/1.0; +claudebot@anthropic.com)"
66.249.70.4 - - [28/Jul/2026:13:33:59 +0000] "GET /?o=l7u2n8c0h0r0o7o4m807 HTTP/1.1" 200 28893 "-" "Mozilla/5.0 (Linux; Android 6.0.1; Nexus 5X Build/MMB29P) AppleWebKit/537.36 (KHTML, like Gecko) Chrome/150.0.7871.128 Mobile Safari/537.36 (compatible; GoogleOther)"
216.73.216.110 - - [28/Jul/2026:13:34:01 +0000] "GET /shops/paratoluic/g7l1o6i7o7p6e1l4t0i5s7 HTTP/2.0" 500 3885 "-" "Mozilla/5.0 AppleWebKit/537.36 (KHTML, like Gecko; compatible; ClaudeBot/1.0; +claudebot@anthropic.com)"
216.73.216.110 - - [28/Jul/2026:13:34:06 +0000] "GET /shops/nutria/c7o3n0s8t1r4i5n3g1e97 HTTP/2.0" 500 3885 "-" "Mozilla/5.0 AppleWebKit/537.36 (KHTML, like Gecko; compatible; ClaudeBot/1.0; +claudebot@anthropic.com)"
66.249.70.4 - - [28/Jul/2026:13:34:09 +0000] "GET /shops/patent/f8i1s3s3i3l1e40517 HTTP/1.1" 200 31974 "-" "Mozilla/5.0 (Linux; Android 6.0.1; Nexus 5X Build/MMB29P) AppleWebKit/537.36 (KHTML, like Gecko) Chrome/150.0.7871.128 Mobile Safari/537.36 (compatible; Googlebot/2.1; +http://www.google.com/bot.html)"
216.73.216.110 - - [28/Jul/2026:13:34:11 +0000] "GET /shops/chatellany/s7l4e1e4p6f1u5l7n0e9s7s HTTP/2.0" 500 3885 "-" "Mozilla/5.0 AppleWebKit/537.36 (KHTML, like Gecko; compatible; ClaudeBot/1.0; +claudebot@anthropic.com)"
216.73.216.110 - - [28/Jul/2026:13:34:16 +0000] "GET /shops/achenium/f7l3a0g6e1l3l2a8t6e03 HTTP/2.0" 500 3885 "-" "Mozilla/5.0 AppleWebKit/537.36 (KHTML, like Gecko; compatible; ClaudeBot/1.0; +claudebot@anthropic.com)"
66.249.70.4 - - [28/Jul/2026:13:34:17 +0000] "GET /?o=a8g2n0u9s9e7s33834 HTTP/1.1" 200 29138 "-" "Mozilla/5.0 (Linux; Android 6.0.1; Nexus 5X Build/MMB29P) AppleWebKit/537.36 (KHTML, like Gecko) Chrome/150.0.7871.128 Mobile Safari/537.36 (compatible; GoogleOther)"
216.73.216.110 - - [28/Jul/2026:13:34:21 +0000] "GET /ecrasement/c7o3n5c6e8p8t6i0b4l6e3 HTTP/2.0" 500 3885 "-" "Mozilla/5.0 AppleWebKit/537.36 (KHTML, like Gecko; compatible; ClaudeBot/1.0; +claudebot@anthropic.com)"
216.73.216.110 - - [28/Jul/2026:13:34:26 +0000] "GET /shops/papality/c7o2n9g6r4e7g5a4t0i4o6nalist HTTP/2.0" 500 3885 "-" "Mozilla/5.0 AppleWebKit/537.36 (KHTML, like Gecko; compatible; ClaudeBot/1.0; +claudebot@anthropic.com)"
