File: /home/dacusvillerec/access-logs/dacusvillerec.com-ssl_log
66.249.70.4 - - [28/Jul/2026:12:00:45 +0000] "GET /tabular/laryngitis/s5e2d1u8c9t2i4v3e723 HTTP/1.1" 200 29894 "-" "Mozilla/5.0 (Linux; Android 6.0.1; Nexus 5X Build/MMB29P) AppleWebKit/537.36 (KHTML, like Gecko) Chrome/150.0.7871.128 Mobile Safari/537.36 (compatible; Googlebot/2.1; +http://www.google.com/bot.html)"
66.249.70.4 - - [28/Jul/2026:12:00:45 +0000] "GET /?o=t7a2c0h1y9g3r0a2p2h32 HTTP/1.1" 200 29700 "-" "Mozilla/5.0 (Linux; Android 6.0.1; Nexus 5X Build/MMB29P) AppleWebKit/537.36 (KHTML, like Gecko) Chrome/150.0.7871.128 Mobile Safari/537.36 (compatible; GoogleOther)"
66.249.70.5 - - [28/Jul/2026:12:00:50 +0000] "GET /?o=a1u1d5a7x2729393 HTTP/1.1" 200 30010 "-" "Mozilla/5.0 (Linux; Android 6.0.1; Nexus 5X Build/MMB29P) AppleWebKit/537.36 (KHTML, like Gecko) Chrome/150.0.7871.128 Mobile Safari/537.36 (compatible; GoogleOther)"
66.249.70.4 - - [28/Jul/2026:12:00:57 +0000] "GET /?o=v8e3d2r3o7238358 HTTP/1.1" 200 29238 "-" "Mozilla/5.0 (Linux; Android 6.0.1; Nexus 5X Build/MMB29P) AppleWebKit/537.36 (KHTML, like Gecko) Chrome/150.0.7871.128 Mobile Safari/537.36 (compatible; GoogleOther)"
66.249.70.5 - - [28/Jul/2026:12:01:02 +0000] "GET /?o=m2a3c3l1e1377616 HTTP/1.1" 200 29591 "-" "Mozilla/5.0 (Linux; Android 6.0.1; Nexus 5X Build/MMB29P) AppleWebKit/537.36 (KHTML, like Gecko) Chrome/150.0.7871.128 Mobile Safari/537.36 (compatible; GoogleOther)"
66.249.70.4 - - [28/Jul/2026:12:01:06 +0000] "GET /?o=e9f4f2e2m9i0n5a5t4i6n7g HTTP/1.1" 200 29499 "-" "Mozilla/5.0 (Linux; Android 6.0.1; Nexus 5X Build/MMB29P) AppleWebKit/537.36 (KHTML, like Gecko) Chrome/150.0.7871.128 Mobile Safari/537.36 (compatible; GoogleOther)"
66.249.70.4 - - [28/Jul/2026:12:01:11 +0000] "GET /shops/islamite/c2o3u6v8e3u5s7e3158 HTTP/1.1" 200 29010 "-" "Mozilla/5.0 (Linux; Android 6.0.1; Nexus 5X Build/MMB29P) AppleWebKit/537.36 (KHTML, like Gecko) Chrome/150.0.7871.128 Mobile Safari/537.36 (compatible; Googlebot/2.1; +http://www.google.com/bot.html)"
66.249.70.5 - - [28/Jul/2026:12:01:11 +0000] "GET /?o=n2o3n1s6u5b0m2e3r3s1i5bleadj HTTP/1.1" 200 29660 "-" "Mozilla/5.0 (Linux; Android 6.0.1; Nexus 5X Build/MMB29P) AppleWebKit/537.36 (KHTML, like Gecko) Chrome/150.0.7871.128 Mobile Safari/537.36 (compatible; GoogleOther)"
66.249.70.4 - - [28/Jul/2026:12:01:14 +0000] "GET /robots.txt HTTP/1.1" 200 98 "-" "Mozilla/5.0 (compatible; Googlebot/2.1; +http://www.google.com/bot.html)"
66.249.70.4 - - [28/Jul/2026:12:01:15 +0000] "GET /shops/alanine/a8u1t7o5c8r6a9t1i2c4a3lly HTTP/1.1" 200 29293 "-" "Mozilla/5.0 (Linux; Android 6.0.1; Nexus 5X Build/MMB29P) AppleWebKit/537.36 (KHTML, like Gecko) Chrome/150.0.7871.128 Mobile Safari/537.36 (compatible; GoogleOther)"
66.249.70.4 - - [28/Jul/2026:12:01:18 +0000] "GET /?o=e5p1a5n7a4p2h5o7r1a43 HTTP/1.1" 200 30052 "-" "Mozilla/5.0 (Linux; Android 6.0.1; Nexus 5X Build/MMB29P) AppleWebKit/537.36 (KHTML, like Gecko) Chrome/150.0.7871.128 Mobile Safari/537.36 (compatible; GoogleOther)"
66.249.70.4 - - [28/Jul/2026:12:01:22 +0000] "GET /?o=q0u3i2c6k4w5i8t5t0e4d3 HTTP/1.1" 200 29567 "-" "Mozilla/5.0 (Linux; Android 6.0.1; Nexus 5X Build/MMB29P) AppleWebKit/537.36 (KHTML, like Gecko) Chrome/150.0.7871.128 Mobile Safari/537.36 (compatible; GoogleOther)"
66.249.70.4 - - [28/Jul/2026:12:01:27 +0000] "GET /?o=d0e3x8t8e1r2o5u8s0l5y7 HTTP/1.1" 200 28990 "-" "Mozilla/5.0 (Linux; Android 6.0.1; Nexus 5X Build/MMB29P) AppleWebKit/537.36 (KHTML, like Gecko) Chrome/150.0.7871.128 Mobile Safari/537.36 (compatible; GoogleOther)"
66.249.70.4 - - [28/Jul/2026:12:01:33 +0000] "GET /?o=h2o1g8m8a9n5a3y1949 HTTP/1.1" 200 32624 "-" "Mozilla/5.0 (Linux; Android 6.0.1; Nexus 5X Build/MMB29P) AppleWebKit/537.36 (KHTML, like Gecko) Chrome/150.0.7871.128 Mobile Safari/537.36 (compatible; GoogleOther)"
66.249.70.4 - - [28/Jul/2026:12:01:38 +0000] "GET /e/14/ HTTP/1.1" 200 28153 "-" "Mozilla/5.0 (Linux; Android 6.0.1; Nexus 5X Build/MMB29P) AppleWebKit/537.36 (KHTML, like Gecko) Chrome/150.0.7871.128 Mobile Safari/537.36 (compatible; Googlebot/2.1; +http://www.google.com/bot.html)"
66.249.70.4 - - [28/Jul/2026:12:01:39 +0000] "GET /?o=a5n1t6a5m6b8u6l0a8c3r4al HTTP/1.1" 200 32594 "-" "Mozilla/5.0 (Linux; Android 6.0.1; Nexus 5X Build/MMB29P) AppleWebKit/537.36 (KHTML, like Gecko) Chrome/150.0.7871.128 Mobile Safari/537.36 (compatible; GoogleOther)"
66.249.70.5 - - [28/Jul/2026:12:01:43 +0000] "GET /?o=s9l3e7i2d2604788 HTTP/1.1" 200 29834 "-" "Mozilla/5.0 (Linux; Android 6.0.1; Nexus 5X Build/MMB29P) AppleWebKit/537.36 (KHTML, like Gecko) Chrome/150.0.7871.128 Mobile Safari/537.36 (compatible; GoogleOther)"
66.249.70.4 - - [28/Jul/2026:12:01:49 +0000] "GET /?o=n3o3r8t4h3w6e9s3t055 HTTP/1.1" 200 28120 "-" "Mozilla/5.0 (Linux; Android 6.0.1; Nexus 5X Build/MMB29P) AppleWebKit/537.36 (KHTML, like Gecko) Chrome/150.0.7871.128 Mobile Safari/537.36 (compatible; GoogleOther)"
66.249.70.4 - - [28/Jul/2026:12:01:54 +0000] "GET /?o=u9k2a9s9e516975 HTTP/1.1" 200 29762 "-" "Mozilla/5.0 (Linux; Android 6.0.1; Nexus 5X Build/MMB29P) AppleWebKit/537.36 (KHTML, like Gecko) Chrome/150.0.7871.128 Mobile Safari/537.36 (compatible; GoogleOther)"
66.249.70.4 - - [28/Jul/2026:12:02:00 +0000] "GET /?o=u7n1n9e8i2g8h0b1o1r1e5d HTTP/1.1" 200 29760 "-" "Mozilla/5.0 (Linux; Android 6.0.1; Nexus 5X Build/MMB29P) AppleWebKit/537.36 (KHTML, like Gecko) Chrome/150.0.7871.128 Mobile Safari/537.36 (compatible; GoogleOther)"
66.249.70.4 - - [28/Jul/2026:12:02:05 +0000] "GET /?o=t1r3u7s8i7o1n17101 HTTP/1.1" 200 29527 "-" "Mozilla/5.0 (Linux; Android 6.0.1; Nexus 5X Build/MMB29P) AppleWebKit/537.36 (KHTML, like Gecko) Chrome/150.0.7871.128 Mobile Safari/537.36 (compatible; GoogleOther)"
66.249.70.4 - - [28/Jul/2026:12:02:11 +0000] "GET /?o=d4o3r6i2a7n602154 HTTP/1.1" 200 29638 "-" "Mozilla/5.0 (Linux; Android 6.0.1; Nexus 5X Build/MMB29P) AppleWebKit/537.36 (KHTML, like Gecko) Chrome/150.0.7871.128 Mobile Safari/537.36 (compatible; GoogleOther)"
66.249.70.4 - - [28/Jul/2026:12:02:19 +0000] "GET /robots.txt HTTP/1.1" 200 98 "-" "Mozilla/5.0 (compatible; Googlebot/2.1; +http://www.google.com/bot.html)"
66.249.70.4 - - [28/Jul/2026:12:02:19 +0000] "GET /?o=i3r8i8s8h7r3y399 HTTP/1.1" 200 28579 "-" "Mozilla/5.0 (Linux; Android 6.0.1; Nexus 5X Build/MMB29P) AppleWebKit/537.36 (KHTML, like Gecko) Chrome/150.0.7871.128 Mobile Safari/537.36 (compatible; GoogleOther)"
66.249.70.4 - - [28/Jul/2026:12:02:28 +0000] "GET /?o=e1u1f9i6t7c3h2i5a778 HTTP/1.1" 200 29452 "-" "Mozilla/5.0 (Linux; Android 6.0.1; Nexus 5X Build/MMB29P) AppleWebKit/537.36 (KHTML, like Gecko) Chrome/150.0.7871.128 Mobile Safari/537.36 (compatible; GoogleOther)"
66.249.70.4 - - [28/Jul/2026:12:02:34 +0000] "GET /?o=v7i2s3c3h1a3c5h3a370 HTTP/1.1" 200 29497 "-" "Mozilla/5.0 (Linux; Android 6.0.1; Nexus 5X Build/MMB29P) AppleWebKit/537.36 (KHTML, like Gecko) Chrome/150.0.7871.128 Mobile Safari/537.36 (compatible; Googlebot/2.1; +http://www.google.com/bot.html)"
66.249.70.4 - - [28/Jul/2026:12:02:39 +0000] "GET /shops/apace/t2o1n7k7a3274558 HTTP/1.1" 200 30186 "-" "Mozilla/5.0 (Linux; Android 6.0.1; Nexus 5X Build/MMB29P) AppleWebKit/537.36 (KHTML, like Gecko) Chrome/150.0.7871.128 Mobile Safari/537.36 (compatible; GoogleOther)"
66.249.70.4 - - [28/Jul/2026:12:02:51 +0000] "GET /?o=d1i3o3n6y8s1i7a3n473 HTTP/1.1" 200 28565 "-" "Mozilla/5.0 (Linux; Android 6.0.1; Nexus 5X Build/MMB29P) AppleWebKit/537.36 (KHTML, like Gecko) Chrome/150.0.7871.128 Mobile Safari/537.36 (compatible; GoogleOther)"
66.249.70.4 - - [28/Jul/2026:12:02:55 +0000] "GET /diseasefulness/p0r1e6o4c6u5l5a2r690 HTTP/1.1" 200 29369 "-" "Mozilla/5.0 (Linux; Android 6.0.1; Nexus 5X Build/MMB29P) AppleWebKit/537.36 (KHTML, like Gecko) Chrome/150.0.7871.128 Mobile Safari/537.36 (compatible; Googlebot/2.1; +http://www.google.com/bot.html)"
66.249.70.6 - - [28/Jul/2026:12:03:05 +0000] "GET /?o=f1i2f3t1y1323477 HTTP/1.1" 200 29118 "-" "Mozilla/5.0 (Linux; Android 6.0.1; Nexus 5X Build/MMB29P) AppleWebKit/537.36 (KHTML, like Gecko) Chrome/150.0.7871.128 Mobile Safari/537.36 (compatible; GoogleOther)"
216.73.216.110 - - [28/Jul/2026:12:03:12 +0000] "GET /?o=o7r7c4i3n299596 HTTP/2.0" 200 3885 "-" "Mozilla/5.0 AppleWebKit/537.36 (KHTML, like Gecko; compatible; ClaudeBot/1.0; +claudebot@anthropic.com)"
216.73.216.110 - - [28/Jul/2026:12:03:15 +0000] "GET /shops/sciscitation/c7h5o7l0e8r4452 HTTP/2.0" 500 3885 "-" "Mozilla/5.0 AppleWebKit/537.36 (KHTML, like Gecko; compatible; ClaudeBot/1.0; +claudebot@anthropic.com)"
216.73.216.110 - - [28/Jul/2026:12:03:18 +0000] "GET /incommodated/norbertine/7130339545 HTTP/2.0" 500 3885 "-" "Mozilla/5.0 AppleWebKit/537.36 (KHTML, like Gecko; compatible; ClaudeBot/1.0; +claudebot@anthropic.com)"
66.249.70.4 - - [28/Jul/2026:12:03:20 +0000] "GET /?o=s6u3n3l9e1s7s26130 HTTP/1.1" 200 28347 "-" "Mozilla/5.0 (Linux; Android 6.0.1; Nexus 5X Build/MMB29P) AppleWebKit/537.36 (KHTML, like Gecko) Chrome/150.0.7871.128 Mobile Safari/537.36 (compatible; GoogleOther)"
66.249.70.4 - - [28/Jul/2026:12:03:23 +0000] "GET /robots.txt HTTP/1.1" 200 98 "-" "Mozilla/5.0 (compatible; Googlebot/2.1; +http://www.google.com/bot.html)"
216.73.216.110 - - [28/Jul/2026:12:03:21 +0000] "GET /irreligious/tenstrike/71579522630 HTTP/2.0" 500 3885 "-" "Mozilla/5.0 AppleWebKit/537.36 (KHTML, like Gecko; compatible; ClaudeBot/1.0; +claudebot@anthropic.com)"
216.73.216.110 - - [28/Jul/2026:12:03:24 +0000] "GET /shops/tetralix/o7s3t8e5o3c2o7m2m9a2s0 HTTP/2.0" 500 3885 "-" "Mozilla/5.0 AppleWebKit/537.36 (KHTML, like Gecko; compatible; ClaudeBot/1.0; +claudebot@anthropic.com)"
216.73.216.110 - - [28/Jul/2026:12:03:27 +0000] "GET /corymbiferous/o7a1t7c7a3k8e14033 HTTP/2.0" 500 3885 "-" "Mozilla/5.0 AppleWebKit/537.36 (KHTML, like Gecko; compatible; ClaudeBot/1.0; +claudebot@anthropic.com)"
66.249.70.4 - - [28/Jul/2026:12:03:27 +0000] "GET /manganesium/fatwa/73500350462 HTTP/1.1" 200 30028 "-" "Mozilla/5.0 (Linux; Android 6.0.1; Nexus 5X Build/MMB29P) AppleWebKit/537.36 (KHTML, like Gecko) Chrome/150.0.7871.128 Mobile Safari/537.36 (compatible; Googlebot/2.1; +http://www.google.com/bot.html)"
216.73.216.110 - - [28/Jul/2026:12:03:30 +0000] "GET /shops/twoparty/o7x3f5o4r7d590584 HTTP/2.0" 500 3885 "-" "Mozilla/5.0 AppleWebKit/537.36 (KHTML, like Gecko; compatible; ClaudeBot/1.0; +claudebot@anthropic.com)"
216.73.216.110 - - [28/Jul/2026:12:03:33 +0000] "GET /shops/gesticulating/c7a3r2d4e5r589476 HTTP/2.0" 500 3885 "-" "Mozilla/5.0 AppleWebKit/537.36 (KHTML, like Gecko; compatible; ClaudeBot/1.0; +claudebot@anthropic.com)"
216.73.216.110 - - [28/Jul/2026:12:03:36 +0000] "GET /conjuration/snuffcolour/71778665294 HTTP/2.0" 500 3885 "-" "Mozilla/5.0 AppleWebKit/537.36 (KHTML, like Gecko; compatible; ClaudeBot/1.0; +claudebot@anthropic.com)"
66.249.70.4 - - [28/Jul/2026:12:03:35 +0000] "GET /?o=p4o3r9i7f4e7r2a6695 HTTP/1.1" 200 29873 "-" "Mozilla/5.0 (Linux; Android 6.0.1; Nexus 5X Build/MMB29P) AppleWebKit/537.36 (KHTML, like Gecko) Chrome/150.0.7871.128 Mobile Safari/537.36 (compatible; GoogleOther)"
216.73.216.110 - - [28/Jul/2026:12:03:39 +0000] "GET /lighterman/bootmaking/71148139034 HTTP/2.0" 500 3885 "-" "Mozilla/5.0 AppleWebKit/537.36 (KHTML, like Gecko; compatible; ClaudeBot/1.0; +claudebot@anthropic.com)"
216.73.216.110 - - [28/Jul/2026:12:03:42 +0000] "GET /shops/aqualung/o7d1d8j7o5b371198 HTTP/2.0" 500 3885 "-" "Mozilla/5.0 AppleWebKit/537.36 (KHTML, like Gecko; compatible; ClaudeBot/1.0; +claudebot@anthropic.com)"
216.73.216.110 - - [28/Jul/2026:12:03:47 +0000] "GET /shops/resentiment/b7e2a7u7f8e1t79345 HTTP/2.0" 500 3885 "-" "Mozilla/5.0 AppleWebKit/537.36 (KHTML, like Gecko; compatible; ClaudeBot/1.0; +claudebot@anthropic.com)"
216.73.216.110 - - [28/Jul/2026:12:03:50 +0000] "GET /shops/affluentness/a7r5t4i6a2d13449 HTTP/2.0" 500 3885 "-" "Mozilla/5.0 AppleWebKit/537.36 (KHTML, like Gecko; compatible; ClaudeBot/1.0; +claudebot@anthropic.com)"
66.249.70.4 - - [28/Jul/2026:12:03:51 +0000] "GET /?o=u3n7r1e3p1r0o5v3e5d HTTP/1.1" 200 27693 "-" "Mozilla/5.0 (Linux; Android 6.0.1; Nexus 5X Build/MMB29P) AppleWebKit/537.36 (KHTML, like Gecko) Chrome/150.0.7871.128 Mobile Safari/537.36 (compatible; GoogleOther)"
216.73.216.110 - - [28/Jul/2026:12:03:55 +0000] "GET /cropful/o7t3o9p7a7t5h2y5533 HTTP/2.0" 500 3885 "-" "Mozilla/5.0 AppleWebKit/537.36 (KHTML, like Gecko; compatible; ClaudeBot/1.0; +claudebot@anthropic.com)"
216.73.216.110 - - [28/Jul/2026:12:04:00 +0000] "GET /shops/performance/o7n1g1o0i5n4g81906 HTTP/2.0" 500 3885 "-" "Mozilla/5.0 AppleWebKit/537.36 (KHTML, like Gecko; compatible; ClaudeBot/1.0; +claudebot@anthropic.com)"
66.249.70.4 - - [28/Jul/2026:12:04:03 +0000] "GET /shopping/?sc_e=shp_askul HTTP/1.1" 200 28455 "-" "Mozilla/5.0 (Linux; Android 6.0.1; Nexus 5X Build/MMB29P) AppleWebKit/537.36 (KHTML, like Gecko) Chrome/150.0.7871.128 Mobile Safari/537.36 (compatible; Googlebot/2.1; +http://www.google.com/bot.html)"
216.73.216.110 - - [28/Jul/2026:12:04:07 +0000] "GET /shops/enthronize/a7l3b2i5o2n76439 HTTP/2.0" 500 3885 "-" "Mozilla/5.0 AppleWebKit/537.36 (KHTML, like Gecko; compatible; ClaudeBot/1.0; +claudebot@anthropic.com)"
66.249.70.4 - - [28/Jul/2026:12:04:06 +0000] "GET /?o=s9a4b0b6a4t7a2r9i5a1n9ism HTTP/1.1" 200 30115 "-" "Mozilla/5.0 (Linux; Android 6.0.1; Nexus 5X Build/MMB29P) AppleWebKit/537.36 (KHTML, like Gecko) Chrome/150.0.7871.128 Mobile Safari/537.36 (compatible; GoogleOther)"
216.73.216.110 - - [28/Jul/2026:12:04:12 +0000] "GET /?o=m7e3d6e1o7l3a05465 HTTP/2.0" 200 3885 "-" "Mozilla/5.0 AppleWebKit/537.36 (KHTML, like Gecko; compatible; ClaudeBot/1.0; +claudebot@anthropic.com)"
216.73.216.110 - - [28/Jul/2026:12:04:17 +0000] "GET /rodioei/magian/o7v4e2r5p8a6m8p2e6r17 HTTP/2.0" 500 3885 "-" "Mozilla/5.0 AppleWebKit/537.36 (KHTML, like Gecko; compatible; ClaudeBot/1.0; +claudebot@anthropic.com)"
66.249.70.4 - - [28/Jul/2026:12:04:21 +0000] "GET /?o=b6a3l2l6i3u1m41035 HTTP/1.1" 200 32758 "-" "Mozilla/5.0 (Linux; Android 6.0.1; Nexus 5X Build/MMB29P) AppleWebKit/537.36 (KHTML, like Gecko) Chrome/150.0.7871.128 Mobile Safari/537.36 (compatible; GoogleOther)"
216.73.216.110 - - [28/Jul/2026:12:04:22 +0000] "GET /shops/emblemizing/b7e3c0k2o2n965332 HTTP/2.0" 500 3885 "-" "Mozilla/5.0 AppleWebKit/537.36 (KHTML, like Gecko; compatible; ClaudeBot/1.0; +claudebot@anthropic.com)"
216.73.216.110 - - [28/Jul/2026:12:04:30 +0000] "GET /?o=c7r6o7w5s055620 HTTP/2.0" 200 3885 "-" "Mozilla/5.0 AppleWebKit/537.36 (KHTML, like Gecko; compatible; ClaudeBot/1.0; +claudebot@anthropic.com)"
66.249.70.4 - - [28/Jul/2026:12:04:35 +0000] "GET /?o=f0u2g4a5c0i9a20312 HTTP/1.1" 200 28909 "-" "Mozilla/5.0 (Linux; Android 6.0.1; Nexus 5X Build/MMB29P) AppleWebKit/537.36 (KHTML, like Gecko) Chrome/150.0.7871.128 Mobile Safari/537.36 (compatible; GoogleOther)"
66.249.70.4 - - [28/Jul/2026:12:04:35 +0000] "GET /robots.txt HTTP/1.1" 200 98 "-" "Mozilla/5.0 (compatible; Googlebot/2.1; +http://www.google.com/bot.html)"
216.73.216.110 - - [28/Jul/2026:12:04:35 +0000] "GET /glycyphyllos/incarcerator/g7r6o7p0e2r52632 HTTP/2.0" 500 3885 "-" "Mozilla/5.0 AppleWebKit/537.36 (KHTML, like Gecko; compatible; ClaudeBot/1.0; +claudebot@anthropic.com)"
216.73.216.110 - - [28/Jul/2026:12:04:40 +0000] "GET /shops/paroxysmal/b7a4i2r8a7m965705 HTTP/2.0" 500 3885 "-" "Mozilla/5.0 AppleWebKit/537.36 (KHTML, like Gecko; compatible; ClaudeBot/1.0; +claudebot@anthropic.com)"
216.73.216.110 - - [28/Jul/2026:12:04:46 +0000] "GET /shops/opened/w7h3e1r0e6o5f62654 HTTP/2.0" 500 3885 "-" "Mozilla/5.0 AppleWebKit/537.36 (KHTML, like Gecko; compatible; ClaudeBot/1.0; +claudebot@anthropic.com)"
66.249.70.4 - - [28/Jul/2026:12:04:47 +0000] "GET /?o=g5u2s6h5i9n6g32594 HTTP/1.1" 200 29569 "-" "Mozilla/5.0 (Linux; Android 6.0.1; Nexus 5X Build/MMB29P) AppleWebKit/537.36 (KHTML, like Gecko) Chrome/150.0.7871.128 Mobile Safari/537.36 (compatible; GoogleOther)"
66.249.70.4 - - [28/Jul/2026:12:04:49 +0000] "GET /shops/vowed/v4e4n1g2e2r3a7n6c3e13 HTTP/1.1" 200 29333 "-" "Mozilla/5.0 (Linux; Android 6.0.1; Nexus 5X Build/MMB29P) AppleWebKit/537.36 (KHTML, like Gecko) Chrome/150.0.7871.128 Mobile Safari/537.36 (compatible; Googlebot/2.1; +http://www.google.com/bot.html)"
216.73.216.110 - - [28/Jul/2026:12:04:51 +0000] "GET /shops/crystallographical/m7o4d0e4r0a2t5e9809 HTTP/2.0" 500 3885 "-" "Mozilla/5.0 AppleWebKit/537.36 (KHTML, like Gecko; compatible; ClaudeBot/1.0; +claudebot@anthropic.com)"
216.73.216.110 - - [28/Jul/2026:12:04:56 +0000] "GET /benny/lubricant/7738969630 HTTP/2.0" 500 3885 "-" "Mozilla/5.0 AppleWebKit/537.36 (KHTML, like Gecko; compatible; ClaudeBot/1.0; +claudebot@anthropic.com)"
66.249.70.4 - - [28/Jul/2026:12:04:59 +0000] "GET /?o=m6i3s1s6i4t058557 HTTP/1.1" 200 28041 "-" "Mozilla/5.0 (Linux; Android 6.0.1; Nexus 5X Build/MMB29P) AppleWebKit/537.36 (KHTML, like Gecko) Chrome/150.0.7871.128 Mobile Safari/537.36 (compatible; GoogleOther)"
216.73.216.110 - - [28/Jul/2026:12:05:09 +0000] "GET /neurospast/k7e4m1b1e8d363298 HTTP/2.0" 500 3885 "-" "Mozilla/5.0 AppleWebKit/537.36 (KHTML, like Gecko; compatible; ClaudeBot/1.0; +claudebot@anthropic.com)"
216.73.216.110 - - [28/Jul/2026:12:05:14 +0000] "GET /shops/kingsize/i7d6e0a3l750917 HTTP/2.0" 500 3885 "-" "Mozilla/5.0 AppleWebKit/537.36 (KHTML, like Gecko; compatible; ClaudeBot/1.0; +claudebot@anthropic.com)"
66.249.70.4 - - [28/Jul/2026:12:05:13 +0000] "GET /?o=c4e2l5s3i8u8s27502 HTTP/1.1" 200 29748 "-" "Mozilla/5.0 (Linux; Android 6.0.1; Nexus 5X Build/MMB29P) AppleWebKit/537.36 (KHTML, like Gecko) Chrome/150.0.7871.128 Mobile Safari/537.36 (compatible; GoogleOther)"
66.249.70.4 - - [28/Jul/2026:12:05:17 +0000] "GET /?stapler/02063005490 HTTP/1.1" 200 29683 "-" "Mozilla/5.0 (Linux; Android 6.0.1; Nexus 5X Build/MMB29P) AppleWebKit/537.36 (KHTML, like Gecko) Chrome/150.0.7871.128 Mobile Safari/537.36 (compatible; Googlebot/2.1; +http://www.google.com/bot.html)"
216.73.216.110 - - [28/Jul/2026:12:05:19 +0000] "GET /sloughed/c7l2i9p8p3e6d84893 HTTP/2.0" 500 3885 "-" "Mozilla/5.0 AppleWebKit/537.36 (KHTML, like Gecko; compatible; ClaudeBot/1.0; +claudebot@anthropic.com)"
216.73.216.110 - - [28/Jul/2026:12:05:24 +0000] "GET /shops/wroth/p7a4r1d1a4l7e26985 HTTP/2.0" 500 3885 "-" "Mozilla/5.0 AppleWebKit/537.36 (KHTML, like Gecko; compatible; ClaudeBot/1.0; +claudebot@anthropic.com)"
66.249.70.4 - - [28/Jul/2026:12:05:27 +0000] "GET /?o=r0u3b4i6d0i8n8e2324 HTTP/1.1" 200 29873 "-" "Mozilla/5.0 (Linux; Android 6.0.1; Nexus 5X Build/MMB29P) AppleWebKit/537.36 (KHTML, like Gecko) Chrome/150.0.7871.128 Mobile Safari/537.36 (compatible; GoogleOther)"
216.73.216.110 - - [28/Jul/2026:12:05:29 +0000] "GET /shops/surnominal/f7o3r9e0s4e2e70424 HTTP/2.0" 500 3885 "-" "Mozilla/5.0 AppleWebKit/537.36 (KHTML, like Gecko; compatible; ClaudeBot/1.0; +claudebot@anthropic.com)"
216.73.216.110 - - [28/Jul/2026:12:05:38 +0000] "GET /lactobacillus/pretorture/c7o2w8a0n7495761 HTTP/2.0" 500 3885 "-" "Mozilla/5.0 AppleWebKit/537.36 (KHTML, like Gecko; compatible; ClaudeBot/1.0; +claudebot@anthropic.com)"
216.73.216.110 - - [28/Jul/2026:12:05:42 +0000] "GET /shops/allegoricalness/a7m1e7s6a2c0e48736 HTTP/2.0" 500 3885 "-" "Mozilla/5.0 AppleWebKit/537.36 (KHTML, like Gecko; compatible; ClaudeBot/1.0; +claudebot@anthropic.com)"
66.249.70.4 - - [28/Jul/2026:12:05:42 +0000] "GET /?o=s9t3r1o0m3b9u2s4459 HTTP/1.1" 200 29754 "-" "Mozilla/5.0 (Linux; Android 6.0.1; Nexus 5X Build/MMB29P) AppleWebKit/537.36 (KHTML, like Gecko) Chrome/150.0.7871.128 Mobile Safari/537.36 (compatible; GoogleOther)"
216.73.216.110 - - [28/Jul/2026:12:05:47 +0000] "GET /shops/threst/e7n3f4o2l8d5m3e0n9t55 HTTP/2.0" 500 3885 "-" "Mozilla/5.0 AppleWebKit/537.36 (KHTML, like Gecko; compatible; ClaudeBot/1.0; +claudebot@anthropic.com)"
216.73.216.110 - - [28/Jul/2026:12:05:52 +0000] "GET /squintingly/dynamics/d7o4c1t1o5r9a3l9l1y00 HTTP/2.0" 500 3885 "-" "Mozilla/5.0 AppleWebKit/537.36 (KHTML, like Gecko; compatible; ClaudeBot/1.0; +claudebot@anthropic.com)"
66.249.70.4 - - [28/Jul/2026:12:05:58 +0000] "GET /?o=s3w3e7a7t4i0l0y5069 HTTP/1.1" 200 28484 "-" "Mozilla/5.0 (Linux; Android 6.0.1; Nexus 5X Build/MMB29P) AppleWebKit/537.36 (KHTML, like Gecko) Chrome/150.0.7871.128 Mobile Safari/537.36 (compatible; GoogleOther)"
66.249.70.4 - - [28/Jul/2026:12:06:01 +0000] "GET /robots.txt HTTP/1.1" 200 98 "-" "Mozilla/5.0 (compatible; Googlebot/2.1; +http://www.google.com/bot.html)"
216.73.216.110 - - [28/Jul/2026:12:06:02 +0000] "GET /?o=c7e5r1e6m6o7n3i2o2u4sly HTTP/2.0" 200 3885 "-" "Mozilla/5.0 AppleWebKit/537.36 (KHTML, like Gecko; compatible; ClaudeBot/1.0; +claudebot@anthropic.com)"
216.73.216.110 - - [28/Jul/2026:12:06:07 +0000] "GET /shops/termly/c7o3n2s2t3r8i1n2g5e24 HTTP/2.0" 500 3885 "-" "Mozilla/5.0 AppleWebKit/537.36 (KHTML, like Gecko; compatible; ClaudeBot/1.0; +claudebot@anthropic.com)"
216.73.216.110 - - [28/Jul/2026:12:06:12 +0000] "GET /shops/cetylic/s7a3t7i9s7f5y68962 HTTP/2.0" 500 3885 "-" "Mozilla/5.0 AppleWebKit/537.36 (KHTML, like Gecko; compatible; ClaudeBot/1.0; +claudebot@anthropic.com)"
66.249.70.4 - - [28/Jul/2026:12:06:14 +0000] "GET /shops/predictively/c8o2n9c3u1b5i7n1a4r8y9 HTTP/1.1" 200 28046 "-" "Mozilla/5.0 (Linux; Android 6.0.1; Nexus 5X Build/MMB29P) AppleWebKit/537.36 (KHTML, like Gecko) Chrome/150.0.7871.128 Mobile Safari/537.36 (compatible; GoogleOther)"
216.73.216.110 - - [28/Jul/2026:12:06:17 +0000] "GET /?o=l7e4n7d2s836612 HTTP/2.0" 200 3885 "-" "Mozilla/5.0 AppleWebKit/537.36 (KHTML, like Gecko; compatible; ClaudeBot/1.0; +claudebot@anthropic.com)"
216.73.216.110 - - [28/Jul/2026:12:06:22 +0000] "GET /tendry/propound/p7r1e3c9o2e2t5a7n2e7a2n HTTP/2.0" 500 3885 "-" "Mozilla/5.0 AppleWebKit/537.36 (KHTML, like Gecko; compatible; ClaudeBot/1.0; +claudebot@anthropic.com)"
216.73.216.110 - - [28/Jul/2026:12:06:27 +0000] "GET /cyanide/outragen/73362226091 HTTP/2.0" 500 3885 "-" "Mozilla/5.0 AppleWebKit/537.36 (KHTML, like Gecko; compatible; ClaudeBot/1.0; +claudebot@anthropic.com)"
66.249.70.4 - - [28/Jul/2026:12:06:30 +0000] "GET /?o=m8u2s3a1e3249243 HTTP/1.1" 200 28919 "-" "Mozilla/5.0 (Linux; Android 6.0.1; Nexus 5X Build/MMB29P) AppleWebKit/537.36 (KHTML, like Gecko) Chrome/150.0.7871.128 Mobile Safari/537.36 (compatible; GoogleOther)"
216.73.216.110 - - [28/Jul/2026:12:06:33 +0000] "GET /shops/portioner/h7a3n6d7i3e8s7t8362 HTTP/2.0" 500 3885 "-" "Mozilla/5.0 AppleWebKit/537.36 (KHTML, like Gecko; compatible; ClaudeBot/1.0; +claudebot@anthropic.com)"
216.73.216.110 - - [28/Jul/2026:12:06:38 +0000] "GET /anisum/camelopard/p7h1a4c0o2p5s52144 HTTP/2.0" 500 3885 "-" "Mozilla/5.0 AppleWebKit/537.36 (KHTML, like Gecko; compatible; ClaudeBot/1.0; +claudebot@anthropic.com)"
216.73.216.110 - - [28/Jul/2026:12:06:43 +0000] "GET /shops/emigrator/p7e1s7t6i4l5e0n6c2e46 HTTP/2.0" 500 3885 "-" "Mozilla/5.0 AppleWebKit/537.36 (KHTML, like Gecko; compatible; ClaudeBot/1.0; +claudebot@anthropic.com)"
216.73.216.110 - - [28/Jul/2026:12:06:48 +0000] "GET /?o=t7i3g2e9r0s1f5o0o7t16 HTTP/2.0" 200 3885 "-" "Mozilla/5.0 AppleWebKit/537.36 (KHTML, like Gecko; compatible; ClaudeBot/1.0; +claudebot@anthropic.com)"
66.249.70.4 - - [28/Jul/2026:12:06:47 +0000] "GET /shops/pericarditis/l9a1s5t3a9g0e2040 HTTP/1.1" 200 32890 "-" "Mozilla/5.0 (Linux; Android 6.0.1; Nexus 5X Build/MMB29P) AppleWebKit/537.36 (KHTML, like Gecko) Chrome/150.0.7871.128 Mobile Safari/537.36 (compatible; GoogleOther)"
216.73.216.110 - - [28/Jul/2026:12:06:55 +0000] "GET /shops/maraud/s7a3t8y5r3695281 HTTP/2.0" 500 3885 "-" "Mozilla/5.0 AppleWebKit/537.36 (KHTML, like Gecko; compatible; ClaudeBot/1.0; +claudebot@anthropic.com)"
66.249.70.6 - - [28/Jul/2026:12:07:02 +0000] "GET /robots.txt HTTP/1.1" 200 98 "-" "Mozilla/5.0 (compatible; Googlebot/2.1; +http://www.google.com/bot.html)"
216.73.216.110 - - [28/Jul/2026:12:07:00 +0000] "GET /shops/aurigation/l7o1m3e8n9t8a3c3e0o9u0s HTTP/2.0" 500 3885 "-" "Mozilla/5.0 AppleWebKit/537.36 (KHTML, like Gecko; compatible; ClaudeBot/1.0; +claudebot@anthropic.com)"
66.249.70.5 - - [28/Jul/2026:12:07:02 +0000] "GET /shops/unjust/p5r2o1s5c1r0i3p4t4i2ve HTTP/1.1" 200 29363 "-" "Mozilla/5.0 (Linux; Android 6.0.1; Nexus 5X Build/MMB29P) AppleWebKit/537.36 (KHTML, like Gecko) Chrome/150.0.7871.128 Mobile Safari/537.36 (compatible; Googlebot/2.1; +http://www.google.com/bot.html)"
216.73.216.110 - - [28/Jul/2026:12:07:05 +0000] "GET /shops/limnodromus/c7o2m4p6a6r1e3d8779 HTTP/2.0" 500 3885 "-" "Mozilla/5.0 AppleWebKit/537.36 (KHTML, like Gecko; compatible; ClaudeBot/1.0; +claudebot@anthropic.com)"
66.249.70.5 - - [28/Jul/2026:12:07:07 +0000] "GET /?o=a2p4o2l3o4g0i8s1t214 HTTP/1.1" 200 33677 "-" "Mozilla/5.0 (Linux; Android 6.0.1; Nexus 5X Build/MMB29P) AppleWebKit/537.36 (KHTML, like Gecko) Chrome/150.0.7871.128 Mobile Safari/537.36 (compatible; GoogleOther)"
216.73.216.110 - - [28/Jul/2026:12:07:10 +0000] "GET /semilapidified/medalist/72515121917 HTTP/2.0" 500 3885 "-" "Mozilla/5.0 AppleWebKit/537.36 (KHTML, like Gecko; compatible; ClaudeBot/1.0; +claudebot@anthropic.com)"
216.73.216.110 - - [28/Jul/2026:12:07:15 +0000] "GET /shops/unhold/p7l3i2c8a8t9u0l5a273 HTTP/2.0" 500 3885 "-" "Mozilla/5.0 AppleWebKit/537.36 (KHTML, like Gecko; compatible; ClaudeBot/1.0; +claudebot@anthropic.com)"
216.73.216.110 - - [28/Jul/2026:12:07:20 +0000] "GET /?o=d7e1f3e4a5s2a7n3c0e02 HTTP/2.0" 200 3885 "-" "Mozilla/5.0 AppleWebKit/537.36 (KHTML, like Gecko; compatible; ClaudeBot/1.0; +claudebot@anthropic.com)"
216.73.216.110 - - [28/Jul/2026:12:07:25 +0000] "GET /?o=s7a5t2i2v6e37650 HTTP/2.0" 200 3885 "-" "Mozilla/5.0 AppleWebKit/537.36 (KHTML, like Gecko; compatible; ClaudeBot/1.0; +claudebot@anthropic.com)"
66.249.70.4 - - [28/Jul/2026:12:07:25 +0000] "GET /?o=k7y3t1h6i6n8g94489 HTTP/1.1" 200 29416 "-" "Mozilla/5.0 (Linux; Android 6.0.1; Nexus 5X Build/MMB29P) AppleWebKit/537.36 (KHTML, like Gecko) Chrome/150.0.7871.128 Mobile Safari/537.36 (compatible; GoogleOther)"
216.73.216.110 - - [28/Jul/2026:12:07:30 +0000] "GET /davyum/s7h7a8p8e3l7i8e0s9t8 HTTP/2.0" 500 3885 "-" "Mozilla/5.0 AppleWebKit/537.36 (KHTML, like Gecko; compatible; ClaudeBot/1.0; +claudebot@anthropic.com)"
66.249.70.4 - - [28/Jul/2026:12:07:32 +0000] "GET /?o=e0s2t1u8a4t3e20914 HTTP/1.1" 200 30052 "-" "Mozilla/5.0 (Linux; Android 6.0.1; Nexus 5X Build/MMB29P) AppleWebKit/537.36 (KHTML, like Gecko) Chrome/150.0.7871.128 Mobile Safari/537.36 (compatible; Googlebot/2.1; +http://www.google.com/bot.html)"
216.73.216.110 - - [28/Jul/2026:12:07:35 +0000] "GET /?o=v7a7u0d4e5v5i4l657 HTTP/2.0" 200 3885 "-" "Mozilla/5.0 AppleWebKit/537.36 (KHTML, like Gecko; compatible; ClaudeBot/1.0; +claudebot@anthropic.com)"
216.73.216.110 - - [28/Jul/2026:12:07:43 +0000] "GET /sullies/ladleful/k7e2n9n7e5l5e5d5877 HTTP/2.0" 500 3885 "-" "Mozilla/5.0 AppleWebKit/537.36 (KHTML, like Gecko; compatible; ClaudeBot/1.0; +claudebot@anthropic.com)"
66.249.70.4 - - [28/Jul/2026:12:07:44 +0000] "GET /?o=s9h4r6i1l3l0i1n6g70 HTTP/1.1" 200 30534 "-" "Mozilla/5.0 (Linux; Android 6.0.1; Nexus 5X Build/MMB29P) AppleWebKit/537.36 (KHTML, like Gecko) Chrome/150.0.7871.128 Mobile Safari/537.36 (compatible; GoogleOther)"
216.73.216.110 - - [28/Jul/2026:12:07:48 +0000] "GET /caryota/h7a3b2i1t4a0n84213 HTTP/2.0" 500 3885 "-" "Mozilla/5.0 AppleWebKit/537.36 (KHTML, like Gecko; compatible; ClaudeBot/1.0; +claudebot@anthropic.com)"
66.249.70.4 - - [28/Jul/2026:12:07:50 +0000] "GET /?o=t2r4a2i7t3e1u7r1289 HTTP/1.1" 200 29729 "-" "Mozilla/5.0 (Linux; Android 6.0.1; Nexus 5X Build/MMB29P) AppleWebKit/537.36 (KHTML, like Gecko) Chrome/150.0.7871.128 Mobile Safari/537.36 (compatible; Googlebot/2.1; +http://www.google.com/bot.html)"
216.73.216.110 - - [28/Jul/2026:12:07:55 +0000] "GET /shops/entelechy/p7u1t8l4o4g937848 HTTP/2.0" 500 3885 "-" "Mozilla/5.0 AppleWebKit/537.36 (KHTML, like Gecko; compatible; ClaudeBot/1.0; +claudebot@anthropic.com)"
216.73.216.110 - - [28/Jul/2026:12:08:00 +0000] "GET /?o=h7i1e0r7a0c2i5d7e8a72 HTTP/2.0" 200 3885 "-" "Mozilla/5.0 AppleWebKit/537.36 (KHTML, like Gecko; compatible; ClaudeBot/1.0; +claudebot@anthropic.com)"
66.249.70.5 - - [28/Jul/2026:12:08:02 +0000] "GET /shops/tribe/d8i3g2i9t8334350 HTTP/1.1" 200 28395 "-" "Mozilla/5.0 (Linux; Android 6.0.1; Nexus 5X Build/MMB29P) AppleWebKit/537.36 (KHTML, like Gecko) Chrome/150.0.7871.128 Mobile Safari/537.36 (compatible; GoogleOther)"
216.73.216.110 - - [28/Jul/2026:12:08:05 +0000] "GET /?o=b7o2a8t3w7o1m4e2n310 HTTP/2.0" 200 3885 "-" "Mozilla/5.0 AppleWebKit/537.36 (KHTML, like Gecko; compatible; ClaudeBot/1.0; +claudebot@anthropic.com)"
216.73.216.110 - - [28/Jul/2026:12:08:10 +0000] "GET /shops/spearfish/b7r1u3m1m7a7g9e1m027 HTTP/2.0" 500 3885 "-" "Mozilla/5.0 AppleWebKit/537.36 (KHTML, like Gecko; compatible; ClaudeBot/1.0; +claudebot@anthropic.com)"
216.73.216.110 - - [28/Jul/2026:12:08:15 +0000] "GET /shops/apodeme/b7u4s2h5w7h7a2c9k3e5r6 HTTP/2.0" 500 3885 "-" "Mozilla/5.0 AppleWebKit/537.36 (KHTML, like Gecko; compatible; ClaudeBot/1.0; +claudebot@anthropic.com)"
66.249.70.4 - - [28/Jul/2026:12:08:18 +0000] "GET /?o=s7t2r3y4c9h1n2i4c HTTP/1.1" 200 32605 "-" "Mozilla/5.0 (Linux; Android 6.0.1; Nexus 5X Build/MMB29P) AppleWebKit/537.36 (KHTML, like Gecko) Chrome/150.0.7871.128 Mobile Safari/537.36 (compatible; GoogleOther)"
216.73.216.110 - - [28/Jul/2026:12:08:20 +0000] "GET /shops/chuet/c7h3a9n1g6e6l4i2n0g1 HTTP/2.0" 500 3885 "-" "Mozilla/5.0 AppleWebKit/537.36 (KHTML, like Gecko; compatible; ClaudeBot/1.0; +claudebot@anthropic.com)"
66.249.70.4 - - [28/Jul/2026:12:08:21 +0000] "GET /robots.txt HTTP/1.1" 200 98 "-" "Mozilla/5.0 (compatible; Googlebot/2.1; +http://www.google.com/bot.html)"
216.73.216.110 - - [28/Jul/2026:12:08:25 +0000] "GET /shops/sparring/m7a6g4d5e3b7u5r7g43 HTTP/2.0" 500 3885 "-" "Mozilla/5.0 AppleWebKit/537.36 (KHTML, like Gecko; compatible; ClaudeBot/1.0; +claudebot@anthropic.com)"
216.73.216.110 - - [28/Jul/2026:12:08:30 +0000] "GET /shops/trotting/s7e3l9f8c9o0n3f2i4d7e2nt HTTP/2.0" 500 3885 "-" "Mozilla/5.0 AppleWebKit/537.36 (KHTML, like Gecko; compatible; ClaudeBot/1.0; +claudebot@anthropic.com)"
66.249.70.4 - - [28/Jul/2026:12:08:33 +0000] "GET /shops/anomalism/h9e1a2d7s9u5p75069 HTTP/1.1" 200 29305 "-" "Mozilla/5.0 (Linux; Android 6.0.1; Nexus 5X Build/MMB29P) AppleWebKit/537.36 (KHTML, like Gecko) Chrome/150.0.7871.128 Mobile Safari/537.36 (compatible; GoogleOther)"
216.73.216.110 - - [28/Jul/2026:12:08:35 +0000] "GET /shops/porcellaneous/a7b1n5e1g0a3t1e9981 HTTP/2.0" 500 3885 "-" "Mozilla/5.0 AppleWebKit/537.36 (KHTML, like Gecko; compatible; ClaudeBot/1.0; +claudebot@anthropic.com)"
216.73.216.110 - - [28/Jul/2026:12:08:40 +0000] "GET /?o=o7p1e5r1a6t2i8o4n3a7l5ism HTTP/2.0" 200 3885 "-" "Mozilla/5.0 AppleWebKit/537.36 (KHTML, like Gecko; compatible; ClaudeBot/1.0; +claudebot@anthropic.com)"
216.73.216.110 - - [28/Jul/2026:12:08:45 +0000] "GET /shops/coziness/s7t3e5a7d1i0e4r4671 HTTP/2.0" 500 3885 "-" "Mozilla/5.0 AppleWebKit/537.36 (KHTML, like Gecko; compatible; ClaudeBot/1.0; +claudebot@anthropic.com)"
66.249.70.4 - - [28/Jul/2026:12:08:47 +0000] "GET /shops/wiseness/s6t3i3r0t2e854356 HTTP/1.1" 200 29110 "-" "Mozilla/5.0 (Linux; Android 6.0.1; Nexus 5X Build/MMB29P) AppleWebKit/537.36 (KHTML, like Gecko) Chrome/150.0.7871.128 Mobile Safari/537.36 (compatible; GoogleOther)"
216.73.216.110 - - [28/Jul/2026:12:08:50 +0000] "GET /?o=b7e2z7z5l7e1d34802 HTTP/2.0" 200 3885 "-" "Mozilla/5.0 AppleWebKit/537.36 (KHTML, like Gecko; compatible; ClaudeBot/1.0; +claudebot@anthropic.com)"
216.73.216.110 - - [28/Jul/2026:12:08:55 +0000] "GET /shops/gonakie/a7m1m2o5n6i0a0c9561 HTTP/2.0" 500 3885 "-" "Mozilla/5.0 AppleWebKit/537.36 (KHTML, like Gecko; compatible; ClaudeBot/1.0; +claudebot@anthropic.com)"
66.249.70.4 - - [28/Jul/2026:12:08:59 +0000] "GET /?o=o6u9t0p7r2e1a7c6h03 HTTP/1.1" 200 28152 "-" "Mozilla/5.0 (Linux; Android 6.0.1; Nexus 5X Build/MMB29P) AppleWebKit/537.36 (KHTML, like Gecko) Chrome/150.0.7871.128 Mobile Safari/537.36 (compatible; Googlebot/2.1; +http://www.google.com/bot.html)"
216.73.216.110 - - [28/Jul/2026:12:09:00 +0000] "GET /?o=a7p1p4e2a2r1a0n1c6e35 HTTP/2.0" 200 3885 "-" "Mozilla/5.0 AppleWebKit/537.36 (KHTML, like Gecko; compatible; ClaudeBot/1.0; +claudebot@anthropic.com)"
66.249.70.4 - - [28/Jul/2026:12:09:02 +0000] "GET /?o=c4y3s0t4o7p3l8a7s7t70 HTTP/1.1" 200 29334 "-" "Mozilla/5.0 (Linux; Android 6.0.1; Nexus 5X Build/MMB29P) AppleWebKit/537.36 (KHTML, like Gecko) Chrome/150.0.7871.128 Mobile Safari/537.36 (compatible; GoogleOther)"
216.73.216.110 - - [28/Jul/2026:12:09:06 +0000] "GET /shops/imposturous/c7a9s8a2b6a76522 HTTP/2.0" 500 3885 "-" "Mozilla/5.0 AppleWebKit/537.36 (KHTML, like Gecko; compatible; ClaudeBot/1.0; +claudebot@anthropic.com)"
216.73.216.110 - - [28/Jul/2026:12:09:12 +0000] "GET /shops/appraised/o7v2e6r5s2i3z2e1011 HTTP/2.0" 500 3885 "-" "Mozilla/5.0 AppleWebKit/537.36 (KHTML, like Gecko; compatible; ClaudeBot/1.0; +claudebot@anthropic.com)"
216.73.216.110 - - [28/Jul/2026:12:09:17 +0000] "GET /shops/bumptious/o7b4l4a7t3u9m7412 HTTP/2.0" 500 3885 "-" "Mozilla/5.0 AppleWebKit/537.36 (KHTML, like Gecko; compatible; ClaudeBot/1.0; +claudebot@anthropic.com)"
66.249.70.4 - - [28/Jul/2026:12:09:16 +0000] "GET /?o=f6l1o5u3t3e5r4022 HTTP/1.1" 200 29024 "-" "Mozilla/5.0 (Linux; Android 6.0.1; Nexus 5X Build/MMB29P) AppleWebKit/537.36 (KHTML, like Gecko) Chrome/150.0.7871.128 Mobile Safari/537.36 (compatible; GoogleOther)"
216.73.216.110 - - [28/Jul/2026:12:09:22 +0000] "GET /flagmen/g7o1g9o7b9e1r7a5223 HTTP/2.0" 500 3885 "-" "Mozilla/5.0 AppleWebKit/537.36 (KHTML, like Gecko; compatible; ClaudeBot/1.0; +claudebot@anthropic.com)"
216.73.216.110 - - [28/Jul/2026:12:09:29 +0000] "GET /?o=a7s3i2a1t7i5c2469 HTTP/2.0" 200 3885 "-" "Mozilla/5.0 AppleWebKit/537.36 (KHTML, like Gecko; compatible; ClaudeBot/1.0; +claudebot@anthropic.com)"
5.133.192.136 - - [28/Jul/2026:12:09:30 +0000] "GET / HTTP/1.1" 200 31913 "-" "Mozilla/5.0 (Windows NT 10.0; Win64; x64) AppleWebKit/537.36 (KHTML, like Gecko) Chrome/105.0.0.0 Safari/537.36"
66.249.70.4 - - [28/Jul/2026:12:09:31 +0000] "GET /?o=c5o1e4l9o3s2p3e2r2m7o6us HTTP/1.1" 200 32020 "-" "Mozilla/5.0 (Linux; Android 6.0.1; Nexus 5X Build/MMB29P) AppleWebKit/537.36 (KHTML, like Gecko) Chrome/150.0.7871.128 Mobile Safari/537.36 (compatible; GoogleOther)"
216.73.216.110 - - [28/Jul/2026:12:09:32 +0000] "GET /rotang/ebullience/7388650976 HTTP/2.0" 500 3885 "-" "Mozilla/5.0 AppleWebKit/537.36 (KHTML, like Gecko; compatible; ClaudeBot/1.0; +claudebot@anthropic.com)"
5.133.192.136 - - [28/Jul/2026:12:09:34 +0000] "GET /wp-content/uploads/2025/01/cropped-cropped-Dacusville-Rec-Logo-32x32.png HTTP/1.1" 200 1474 "-" "Mozilla/5.0 (Windows NT 10.0; Win64; x64) AppleWebKit/537.36 (KHTML, like Gecko) Chrome/105.0.0.0 Safari/537.36"
216.73.216.110 - - [28/Jul/2026:12:09:36 +0000] "GET /shops/bowstringed/w9a3d4d5i2e4d11868 HTTP/2.0" 500 3885 "-" "Mozilla/5.0 AppleWebKit/537.36 (KHTML, like Gecko; compatible; ClaudeBot/1.0; +claudebot@anthropic.com)"
216.73.216.110 - - [28/Jul/2026:12:09:41 +0000] "GET /tycoon/curtness/73471579909 HTTP/2.0" 500 3885 "-" "Mozilla/5.0 AppleWebKit/537.36 (KHTML, like Gecko; compatible; ClaudeBot/1.0; +claudebot@anthropic.com)"
216.73.216.110 - - [28/Jul/2026:12:09:46 +0000] "GET /biosystematics/subcrystalline/71403601066 HTTP/2.0" 500 3885 "-" "Mozilla/5.0 AppleWebKit/537.36 (KHTML, like Gecko; compatible; ClaudeBot/1.0; +claudebot@anthropic.com)"
66.249.70.4 - - [28/Jul/2026:12:09:46 +0000] "GET /?o=v3i1t1e3l8l9i4g9e7n2o9us HTTP/1.1" 200 27969 "-" "Mozilla/5.0 (Linux; Android 6.0.1; Nexus 5X Build/MMB29P) AppleWebKit/537.36 (KHTML, like Gecko) Chrome/150.0.7871.128 Mobile Safari/537.36 (compatible; GoogleOther)"
66.249.70.4 - - [28/Jul/2026:12:09:50 +0000] "GET /e/34 HTTP/1.1" 200 27854 "-" "Mozilla/5.0 (Linux; Android 6.0.1; Nexus 5X Build/MMB29P) AppleWebKit/537.36 (KHTML, like Gecko) Chrome/150.0.7871.128 Mobile Safari/537.36 (compatible; Googlebot/2.1; +http://www.google.com/bot.html)"
216.73.216.110 - - [28/Jul/2026:12:09:51 +0000] "GET /shops/refutable/d9i3s1a8b5u9s1e9d03 HTTP/2.0" 500 3885 "-" "Mozilla/5.0 AppleWebKit/537.36 (KHTML, like Gecko; compatible; ClaudeBot/1.0; +claudebot@anthropic.com)"
216.73.216.110 - - [28/Jul/2026:12:09:56 +0000] "GET /guesstimate/moduli/7847872837 HTTP/2.0" 500 3885 "-" "Mozilla/5.0 AppleWebKit/537.36 (KHTML, like Gecko; compatible; ClaudeBot/1.0; +claudebot@anthropic.com)"
216.73.216.110 - - [28/Jul/2026:12:10:01 +0000] "GET /shops/chancing/a9c2c7l9i2v7e96162 HTTP/2.0" 500 3885 "-" "Mozilla/5.0 AppleWebKit/537.36 (KHTML, like Gecko; compatible; ClaudeBot/1.0; +claudebot@anthropic.com)"
66.249.70.5 - - [28/Jul/2026:12:10:02 +0000] "GET /?o=t0a3l5c9u7m757834 HTTP/1.1" 200 30413 "-" "Mozilla/5.0 (Linux; Android 6.0.1; Nexus 5X Build/MMB29P) AppleWebKit/537.36 (KHTML, like Gecko) Chrome/150.0.7871.128 Mobile Safari/537.36 (compatible; GoogleOther)"
66.249.70.5 - - [28/Jul/2026:12:10:05 +0000] "GET /?o=c5o1n6s9a3n7g2u3i6n1i1ty HTTP/1.1" 200 29205 "-" "Mozilla/5.0 (Linux; Android 6.0.1; Nexus 5X Build/MMB29P) AppleWebKit/537.36 (KHTML, like Gecko) Chrome/150.0.7871.128 Mobile Safari/537.36 (compatible; Googlebot/2.1; +http://www.google.com/bot.html)"
216.73.216.110 - - [28/Jul/2026:12:10:06 +0000] "GET /shops/myoid/e9x4u2d4e2d648801 HTTP/2.0" 500 3885 "-" "Mozilla/5.0 AppleWebKit/537.36 (KHTML, like Gecko; compatible; ClaudeBot/1.0; +claudebot@anthropic.com)"
216.73.216.110 - - [28/Jul/2026:12:10:11 +0000] "GET /felon/conusor/71506536052 HTTP/2.0" 500 3885 "-" "Mozilla/5.0 AppleWebKit/537.36 (KHTML, like Gecko; compatible; ClaudeBot/1.0; +claudebot@anthropic.com)"
216.73.216.110 - - [28/Jul/2026:12:10:16 +0000] "GET /shops/callosa/o7v2e2r4g2i4v6e3276 HTTP/2.0" 500 3885 "-" "Mozilla/5.0 AppleWebKit/537.36 (KHTML, like Gecko; compatible; ClaudeBot/1.0; +claudebot@anthropic.com)"
66.249.70.4 - - [28/Jul/2026:12:10:18 +0000] "GET /?o=u8n7d2e4s3i3g4n3i1n3g HTTP/1.1" 200 28387 "-" "Mozilla/5.0 (Linux; Android 6.0.1; Nexus 5X Build/MMB29P) AppleWebKit/537.36 (KHTML, like Gecko) Chrome/150.0.7871.128 Mobile Safari/537.36 (compatible; GoogleOther)"
216.73.216.110 - - [28/Jul/2026:12:10:21 +0000] "GET /shops/innovating/d7i2s7c5o7m2f3i9t834 HTTP/2.0" 500 3885 "-" "Mozilla/5.0 AppleWebKit/537.36 (KHTML, like Gecko; compatible; ClaudeBot/1.0; +claudebot@anthropic.com)"
216.73.216.110 - - [28/Jul/2026:12:10:26 +0000] "GET /viperoid/outwing/71510725706 HTTP/2.0" 500 3885 "-" "Mozilla/5.0 AppleWebKit/537.36 (KHTML, like Gecko; compatible; ClaudeBot/1.0; +claudebot@anthropic.com)"
66.249.70.4 - - [28/Jul/2026:12:10:26 +0000] "GET /?o=c2o4n8t3e8m7p0t3i2b6le HTTP/1.1" 200 29730 "-" "Mozilla/5.0 (Linux; Android 6.0.1; Nexus 5X Build/MMB29P) AppleWebKit/537.36 (KHTML, like Gecko) Chrome/150.0.7871.128 Mobile Safari/537.36 (compatible; Googlebot/2.1; +http://www.google.com/bot.html)"
216.73.216.110 - - [28/Jul/2026:12:10:31 +0000] "GET /shops/noncommunion/o7p6e5r5a3n4d3915 HTTP/2.0" 500 3885 "-" "Mozilla/5.0 AppleWebKit/537.36 (KHTML, like Gecko; compatible; ClaudeBot/1.0; +claudebot@anthropic.com)"
66.249.70.4 - - [28/Jul/2026:12:10:34 +0000] "GET /?o=m4a1r9e9s5c5h8a6l765 HTTP/1.1" 200 29492 "-" "Mozilla/5.0 (Linux; Android 6.0.1; Nexus 5X Build/MMB29P) AppleWebKit/537.36 (KHTML, like Gecko) Chrome/150.0.7871.128 Mobile Safari/537.36 (compatible; GoogleOther)"
216.73.216.110 - - [28/Jul/2026:12:10:40 +0000] "GET /?o=l7e1a7d9m9a6n91891 HTTP/2.0" 200 3885 "-" "Mozilla/5.0 AppleWebKit/537.36 (KHTML, like Gecko; compatible; ClaudeBot/1.0; +claudebot@anthropic.com)"
216.73.216.110 - - [28/Jul/2026:12:10:45 +0000] "GET /?o=m7e1s4d6a2m1e3s5692 HTTP/2.0" 200 3885 "-" "Mozilla/5.0 AppleWebKit/537.36 (KHTML, like Gecko; compatible; ClaudeBot/1.0; +claudebot@anthropic.com)"
66.249.70.4 - - [28/Jul/2026:12:10:47 +0000] "GET /contemptible/coldshut/44273729960 HTTP/1.1" 200 29597 "-" "Mozilla/5.0 (Linux; Android 6.0.1; Nexus 5X Build/MMB29P) AppleWebKit/537.36 (KHTML, like Gecko) Chrome/150.0.7871.128 Mobile Safari/537.36 (compatible; Googlebot/2.1; +http://www.google.com/bot.html)"
216.73.216.110 - - [28/Jul/2026:12:10:50 +0000] "GET /?o=s7a3j3o3u0184741 HTTP/2.0" 200 3885 "-" "Mozilla/5.0 AppleWebKit/537.36 (KHTML, like Gecko; compatible; ClaudeBot/1.0; +claudebot@anthropic.com)"
66.249.70.4 - - [28/Jul/2026:12:10:50 +0000] "GET /?o=s2e2r1m2o0n7i2s4h761 HTTP/1.1" 200 29641 "-" "Mozilla/5.0 (Linux; Android 6.0.1; Nexus 5X Build/MMB29P) AppleWebKit/537.36 (KHTML, like Gecko) Chrome/150.0.7871.128 Mobile Safari/537.36 (compatible; GoogleOther)"
216.73.216.110 - - [28/Jul/2026:12:10:55 +0000] "GET /?o=s7p2e2r1m6o2d3e5r8m80 HTTP/2.0" 200 3885 "-" "Mozilla/5.0 AppleWebKit/537.36 (KHTML, like Gecko; compatible; ClaudeBot/1.0; +claudebot@anthropic.com)"
216.73.216.110 - - [28/Jul/2026:12:11:00 +0000] "GET /ceroon/dramaturgist/v7e3r9r0i1c8u4l6a2t4e2 HTTP/2.0" 500 3885 "-" "Mozilla/5.0 AppleWebKit/537.36 (KHTML, like Gecko; compatible; ClaudeBot/1.0; +claudebot@anthropic.com)"
216.73.216.110 - - [28/Jul/2026:12:11:05 +0000] "GET /trematoid/editorially/q7u2i6n8q8u4i3v5a1l6e9nt HTTP/2.0" 500 3885 "-" "Mozilla/5.0 AppleWebKit/537.36 (KHTML, like Gecko; compatible; ClaudeBot/1.0; +claudebot@anthropic.com)"
66.249.70.4 - - [28/Jul/2026:12:11:05 +0000] "GET /stench/agathotes/a5m2p3h1i2a4s4t8e8r96 HTTP/1.1" 200 30579 "-" "Mozilla/5.0 (Linux; Android 6.0.1; Nexus 5X Build/MMB29P) AppleWebKit/537.36 (KHTML, like Gecko) Chrome/150.0.7871.128 Mobile Safari/537.36 (compatible; GoogleOther)"
216.73.216.110 - - [28/Jul/2026:12:11:10 +0000] "GET /?o=m7a2n1i8f9e7s0t5n4e4s9s HTTP/2.0" 200 3885 "-" "Mozilla/5.0 AppleWebKit/537.36 (KHTML, like Gecko; compatible; ClaudeBot/1.0; +claudebot@anthropic.com)"
66.249.70.5 - - [28/Jul/2026:12:11:11 +0000] "GET /?o=c1i2p7p2u8s494415 HTTP/1.1" 200 29151 "-" "Mozilla/5.0 (Linux; Android 6.0.1; Nexus 5X Build/MMB29P) AppleWebKit/537.36 (KHTML, like Gecko) Chrome/150.0.7871.128 Mobile Safari/537.36 (compatible; Googlebot/2.1; +http://www.google.com/bot.html)"
216.73.216.110 - - [28/Jul/2026:12:11:15 +0000] "GET /?o=j7u2t1t6e5d269971 HTTP/2.0" 200 3885 "-" "Mozilla/5.0 AppleWebKit/537.36 (KHTML, like Gecko; compatible; ClaudeBot/1.0; +claudebot@anthropic.com)"
216.73.216.110 - - [28/Jul/2026:12:11:20 +0000] "GET /?o=t7r1e1n2t0e412746 HTTP/2.0" 200 3885 "-" "Mozilla/5.0 AppleWebKit/537.36 (KHTML, like Gecko; compatible; ClaudeBot/1.0; +claudebot@anthropic.com)"
66.249.70.4 - - [28/Jul/2026:12:11:20 +0000] "GET /?o=d9e2c3i8m0o0s5e2x5t5o5 HTTP/1.1" 200 29721 "-" "Mozilla/5.0 (Linux; Android 6.0.1; Nexus 5X Build/MMB29P) AppleWebKit/537.36 (KHTML, like Gecko) Chrome/150.0.7871.128 Mobile Safari/537.36 (compatible; GoogleOther)"
216.73.216.110 - - [28/Jul/2026:12:11:25 +0000] "GET /?o=g7r9o3m2w4e9l6l451 HTTP/2.0" 200 3885 "-" "Mozilla/5.0 AppleWebKit/537.36 (KHTML, like Gecko; compatible; ClaudeBot/1.0; +claudebot@anthropic.com)"
216.73.216.110 - - [28/Jul/2026:12:11:30 +0000] "GET /shops/mesoxalic/m7a3i5d7e6n2l8i5n6e0s5s HTTP/2.0" 500 3885 "-" "Mozilla/5.0 AppleWebKit/537.36 (KHTML, like Gecko; compatible; ClaudeBot/1.0; +claudebot@anthropic.com)"
66.249.70.4 - - [28/Jul/2026:12:11:33 +0000] "GET /?o=p7h1l2e9m5e25430 HTTP/1.1" 200 29548 "-" "Mozilla/5.0 (Linux; Android 6.0.1; Nexus 5X Build/MMB29P) AppleWebKit/537.36 (KHTML, like Gecko) Chrome/150.0.7871.128 Mobile Safari/537.36 (compatible; GoogleOther)"
216.73.216.110 - - [28/Jul/2026:12:11:35 +0000] "GET /?o=a7n1g2l2e2w3i9s5e241 HTTP/2.0" 200 3885 "-" "Mozilla/5.0 AppleWebKit/537.36 (KHTML, like Gecko; compatible; ClaudeBot/1.0; +claudebot@anthropic.com)"
66.249.70.4 - - [28/Jul/2026:12:11:39 +0000] "GET /?o=p7i2l1f1e9r2i7n9g4l8y5 HTTP/1.1" 200 29651 "-" "Mozilla/5.0 (Linux; Android 6.0.1; Nexus 5X Build/MMB29P) AppleWebKit/537.36 (KHTML, like Gecko) Chrome/150.0.7871.128 Mobile Safari/537.36 (compatible; Googlebot/2.1; +http://www.google.com/bot.html)"
216.73.216.110 - - [28/Jul/2026:12:11:40 +0000] "GET /?o=e7x2c0l8a2m2a7t1o4t3i4ly HTTP/2.0" 200 3885 "-" "Mozilla/5.0 AppleWebKit/537.36 (KHTML, like Gecko; compatible; ClaudeBot/1.0; +claudebot@anthropic.com)"
216.73.216.110 - - [28/Jul/2026:12:11:45 +0000] "GET /?o=d7i2s9a9f0f6i5r0m2a7n2ce HTTP/2.0" 200 3885 "-" "Mozilla/5.0 AppleWebKit/537.36 (KHTML, like Gecko; compatible; ClaudeBot/1.0; +claudebot@anthropic.com)"
66.249.70.4 - - [28/Jul/2026:12:11:45 +0000] "GET /?o=l6e3t0t0e0r8l5e2s8s45 HTTP/1.1" 200 28276 "-" "Mozilla/5.0 (Linux; Android 6.0.1; Nexus 5X Build/MMB29P) AppleWebKit/537.36 (KHTML, like Gecko) Chrome/150.0.7871.128 Mobile Safari/537.36 (compatible; GoogleOther)"
216.73.216.110 - - [28/Jul/2026:12:11:50 +0000] "GET /shops/freeheartedly/p7e2r3i8c2r4a6n1i6u3m0 HTTP/2.0" 500 3885 "-" "Mozilla/5.0 AppleWebKit/537.36 (KHTML, like Gecko; compatible; ClaudeBot/1.0; +claudebot@anthropic.com)"
216.73.216.110 - - [28/Jul/2026:12:11:55 +0000] "GET /?o=b7d3e6l2l6i8u6m0780 HTTP/2.0" 200 3885 "-" "Mozilla/5.0 AppleWebKit/537.36 (KHTML, like Gecko; compatible; ClaudeBot/1.0; +claudebot@anthropic.com)"
66.249.70.4 - - [28/Jul/2026:12:11:55 +0000] "GET /?o=t7r3a0n9s4f6r4e4t3a6t9ion HTTP/1.1" 200 33098 "-" "Mozilla/5.0 (Linux; Android 6.0.1; Nexus 5X Build/MMB29P) AppleWebKit/537.36 (KHTML, like Gecko) Chrome/150.0.7871.128 Mobile Safari/537.36 (compatible; GoogleOther)"
66.249.70.4 - - [28/Jul/2026:12:11:57 +0000] "GET /?o=c4a3r3y7o4p8h9y3l4l4a9ceous HTTP/1.1" 200 29036 "-" "Mozilla/5.0 (Linux; Android 6.0.1; Nexus 5X Build/MMB29P) AppleWebKit/537.36 (KHTML, like Gecko) Chrome/150.0.7871.128 Mobile Safari/537.36 (compatible; Googlebot/2.1; +http://www.google.com/bot.html)"
216.73.216.110 - - [28/Jul/2026:12:12:00 +0000] "GET /shops/trucking/s7a4n0d6w0i9c9h1e5n5s2is HTTP/2.0" 500 3885 "-" "Mozilla/5.0 AppleWebKit/537.36 (KHTML, like Gecko; compatible; ClaudeBot/1.0; +claudebot@anthropic.com)"
216.73.216.110 - - [28/Jul/2026:12:12:05 +0000] "GET /?o=a7n4o1m7m2a315130 HTTP/2.0" 200 3885 "-" "Mozilla/5.0 AppleWebKit/537.36 (KHTML, like Gecko; compatible; ClaudeBot/1.0; +claudebot@anthropic.com)"
66.249.70.6 - - [28/Jul/2026:12:12:05 +0000] "GET /?o=l6a2v8a3t7o9r2i5e5s71 HTTP/1.1" 200 28078 "-" "Mozilla/5.0 (Linux; Android 6.0.1; Nexus 5X Build/MMB29P) AppleWebKit/537.36 (KHTML, like Gecko) Chrome/150.0.7871.128 Mobile Safari/537.36 (compatible; GoogleOther)"
216.73.216.110 - - [28/Jul/2026:12:12:10 +0000] "GET /shops/musci/t7e1n0e8m5e3n5t7a3r1y2 HTTP/2.0" 500 3885 "-" "Mozilla/5.0 AppleWebKit/537.36 (KHTML, like Gecko; compatible; ClaudeBot/1.0; +claudebot@anthropic.com)"
66.249.70.4 - - [28/Jul/2026:12:12:13 +0000] "GET /?o=m2e3c5k0e7l3s76356 HTTP/1.1" 200 32539 "-" "Mozilla/5.0 (Linux; Android 6.0.1; Nexus 5X Build/MMB29P) AppleWebKit/537.36 (KHTML, like Gecko) Chrome/150.0.7871.128 Mobile Safari/537.36 (compatible; GoogleOther)"
216.73.216.110 - - [28/Jul/2026:12:12:15 +0000] "GET /?o=l7a3u4r4e2a6t2i4o3n65 HTTP/2.0" 200 3885 "-" "Mozilla/5.0 AppleWebKit/537.36 (KHTML, like Gecko; compatible; ClaudeBot/1.0; +claudebot@anthropic.com)"
216.73.216.110 - - [28/Jul/2026:12:12:20 +0000] "GET /?o=c7u3d9d9e7n59889 HTTP/2.0" 200 3885 "-" "Mozilla/5.0 AppleWebKit/537.36 (KHTML, like Gecko; compatible; ClaudeBot/1.0; +claudebot@anthropic.com)"
66.249.70.4 - - [28/Jul/2026:12:12:21 +0000] "GET /shops/rabbi/b2e2s4h9r0e2w64208 HTTP/1.1" 200 29640 "-" "Mozilla/5.0 (Linux; Android 6.0.1; Nexus 5X Build/MMB29P) AppleWebKit/537.36 (KHTML, like Gecko) Chrome/150.0.7871.128 Mobile Safari/537.36 (compatible; GoogleOther)"
216.73.216.110 - - [28/Jul/2026:12:12:25 +0000] "GET /shops/carbostyril/e7x1p0a2r0i8a5t9i6n7g HTTP/2.0" 500 3885 "-" "Mozilla/5.0 AppleWebKit/537.36 (KHTML, like Gecko; compatible; ClaudeBot/1.0; +claudebot@anthropic.com)"
66.249.70.4 - - [28/Jul/2026:12:12:28 +0000] "GET /?o=b6e3g4g3a9r5l3i9c0e40 HTTP/1.1" 200 29330 "-" "Mozilla/5.0 (Linux; Android 6.0.1; Nexus 5X Build/MMB29P) AppleWebKit/537.36 (KHTML, like Gecko) Chrome/150.0.7871.128 Mobile Safari/537.36 (compatible; GoogleOther)"
216.73.216.110 - - [28/Jul/2026:12:12:30 +0000] "GET /?o=c7h2a6u8s9387660 HTTP/2.0" 200 3885 "-" "Mozilla/5.0 AppleWebKit/537.36 (KHTML, like Gecko; compatible; ClaudeBot/1.0; +claudebot@anthropic.com)"
66.249.70.4 - - [28/Jul/2026:12:12:32 +0000] "GET /parenesis/stagnant/c2o3r8n4u0b5i9c9a957 HTTP/1.1" 200 28763 "-" "Mozilla/5.0 (Linux; Android 6.0.1; Nexus 5X Build/MMB29P) AppleWebKit/537.36 (KHTML, like Gecko) Chrome/150.0.7871.128 Mobile Safari/537.36 (compatible; Googlebot/2.1; +http://www.google.com/bot.html)"
216.73.216.110 - - [28/Jul/2026:12:12:35 +0000] "GET /?o=m7o4r2d1a3n1t0e7d82 HTTP/2.0" 200 3885 "-" "Mozilla/5.0 AppleWebKit/537.36 (KHTML, like Gecko; compatible; ClaudeBot/1.0; +claudebot@anthropic.com)"
66.249.70.4 - - [28/Jul/2026:12:12:35 +0000] "GET /?o=t8u3r6r7e0t3h3e8a5d70 HTTP/1.1" 200 29062 "-" "Mozilla/5.0 (Linux; Android 6.0.1; Nexus 5X Build/MMB29P) AppleWebKit/537.36 (KHTML, like Gecko) Chrome/150.0.7871.128 Mobile Safari/537.36 (compatible; GoogleOther)"
216.73.216.110 - - [28/Jul/2026:12:12:40 +0000] "GET /?o=u7n2d1e7r2v4a4l6u4a9t6ion HTTP/2.0" 200 3885 "-" "Mozilla/5.0 AppleWebKit/537.36 (KHTML, like Gecko; compatible; ClaudeBot/1.0; +claudebot@anthropic.com)"
66.249.70.4 - - [28/Jul/2026:12:12:41 +0000] "GET /?o=d5e1n0d2r1o7l2i2t4e1 HTTP/1.1" 200 29596 "-" "Mozilla/5.0 (Linux; Android 6.0.1; Nexus 5X Build/MMB29P) AppleWebKit/537.36 (KHTML, like Gecko) Chrome/150.0.7871.128 Mobile Safari/537.36 (compatible; GoogleOther)"
216.73.216.110 - - [28/Jul/2026:12:12:45 +0000] "GET /?o=r7a3t3i0o8n800836 HTTP/2.0" 200 3885 "-" "Mozilla/5.0 AppleWebKit/537.36 (KHTML, like Gecko; compatible; ClaudeBot/1.0; +claudebot@anthropic.com)"
66.249.70.4 - - [28/Jul/2026:12:12:47 +0000] "GET /?o=o8u1t9w9a0r3d7b1o4u2n8d HTTP/1.1" 200 27938 "-" "Mozilla/5.0 (Linux; Android 6.0.1; Nexus 5X Build/MMB29P) AppleWebKit/537.36 (KHTML, like Gecko) Chrome/150.0.7871.128 Mobile Safari/537.36 (compatible; GoogleOther)"
66.249.70.4 - - [28/Jul/2026:12:12:48 +0000] "GET /?o=s8a1l8u5e1286941 HTTP/1.1" 200 28729 "-" "Mozilla/5.0 (Linux; Android 6.0.1; Nexus 5X Build/MMB29P) AppleWebKit/537.36 (KHTML, like Gecko) Chrome/150.0.7871.128 Mobile Safari/537.36 (compatible; GoogleOther)"
