216.73.216.110 - - [28/Jul/2026:13:34:31 +0000] "GET /shops/cudgel/i7n8n7a3r3d3s4712 HTTP/2.0" 500 3885 "-" "Mozilla/5.0 AppleWebKit/537.36 (KHTML, like Gecko; compatible; ClaudeBot/1.0; +claudebot@anthropic.com)"
216.73.216.110 - - [28/Jul/2026:13:34:36 +0000] "GET /anomal/northeast/v7i3z7c5a3c0h4a6185 HTTP/2.0" 500 3885 "-" "Mozilla/5.0 AppleWebKit/537.36 (KHTML, like Gecko; compatible; ClaudeBot/1.0; +claudebot@anthropic.com)"
66.249.70.4 - - [28/Jul/2026:13:34:36 +0000] "GET /?o=e9d2u8c9t3i7o5n4488 HTTP/1.1" 200 29220 "-" "Mozilla/5.0 (Linux; Android 6.0.1; Nexus 5X Build/MMB29P) AppleWebKit/537.36 (KHTML, like Gecko) Chrome/150.0.7871.128 Mobile Safari/537.36 (compatible; GoogleOther)"
216.73.216.110 - - [28/Jul/2026:13:34:41 +0000] "GET /shops/weepful/c7r4i6m6p3i0n9g907 HTTP/2.0" 500 3885 "-" "Mozilla/5.0 AppleWebKit/537.36 (KHTML, like Gecko; compatible; ClaudeBot/1.0; +claudebot@anthropic.com)"
66.249.70.4 - - [28/Jul/2026:13:34:43 +0000] "GET /anthropophagi/endometrium/54085326856 HTTP/1.1" 200 33373 "-" "Mozilla/5.0 (Linux; Android 6.0.1; Nexus 5X Build/MMB29P) AppleWebKit/537.36 (KHTML, like Gecko) Chrome/150.0.7871.128 Mobile Safari/537.36 (compatible; Googlebot/2.1; +http://www.google.com/bot.html)"
216.73.216.110 - - [28/Jul/2026:13:34:46 +0000] "GET /shops/brettices/r7u2n8e3g2a6t9e1898 HTTP/2.0" 500 3885 "-" "Mozilla/5.0 AppleWebKit/537.36 (KHTML, like Gecko; compatible; ClaudeBot/1.0; +claudebot@anthropic.com)"
216.73.216.110 - - [28/Jul/2026:13:34:51 +0000] "GET /shops/epithalamium/a7g2l1i9t5t8e0r8251 HTTP/2.0" 500 3885 "-" "Mozilla/5.0 AppleWebKit/537.36 (KHTML, like Gecko; compatible; ClaudeBot/1.0; +claudebot@anthropic.com)"
66.249.70.4 - - [28/Jul/2026:13:34:55 +0000] "GET /?o=h7o6m2o7g8r7a3p8h1i4c HTTP/1.1" 200 33303 "-" "Mozilla/5.0 (Linux; Android 6.0.1; Nexus 5X Build/MMB29P) AppleWebKit/537.36 (KHTML, like Gecko) Chrome/150.0.7871.128 Mobile Safari/537.36 (compatible; GoogleOther)"
216.73.216.110 - - [28/Jul/2026:13:34:57 +0000] "GET /pharmacopolist/catechisation/p7i1l1l7o1w4e2d5010 HTTP/2.0" 500 3885 "-" "Mozilla/5.0 AppleWebKit/537.36 (KHTML, like Gecko; compatible; ClaudeBot/1.0; +claudebot@anthropic.com)"
216.73.216.110 - - [28/Jul/2026:13:35:02 +0000] "GET /shops/stridulation/r9e1d5o1u1t7a3b0l6e63 HTTP/2.0" 500 3885 "-" "Mozilla/5.0 AppleWebKit/537.36 (KHTML, like Gecko; compatible; ClaudeBot/1.0; +claudebot@anthropic.com)"
216.73.216.110 - - [28/Jul/2026:13:35:10 +0000] "GET /shops/redtop/s7t3o4n4d5839143 HTTP/2.0" 500 3885 "-" "Mozilla/5.0 AppleWebKit/537.36 (KHTML, like Gecko; compatible; ClaudeBot/1.0; +claudebot@anthropic.com)"
66.249.70.6 - - [28/Jul/2026:13:35:14 +0000] "GET /?o=a7d5v6e7n7t0i5t9i8a2 HTTP/1.1" 200 29477 "-" "Mozilla/5.0 (Linux; Android 6.0.1; Nexus 5X Build/MMB29P) AppleWebKit/537.36 (KHTML, like Gecko) Chrome/150.0.7871.128 Mobile Safari/537.36 (compatible; GoogleOther)"
216.73.216.110 - - [28/Jul/2026:13:35:15 +0000] "GET /shops/oxycaproic/w9e1l6s9h8653697 HTTP/2.0" 500 3885 "-" "Mozilla/5.0 AppleWebKit/537.36 (KHTML, like Gecko; compatible; ClaudeBot/1.0; +claudebot@anthropic.com)"
66.249.70.4 - - [28/Jul/2026:13:35:18 +0000] "GET /e/26 HTTP/1.1" 200 32687 "-" "Mozilla/5.0 (Linux; Android 6.0.1; Nexus 5X Build/MMB29P) AppleWebKit/537.36 (KHTML, like Gecko) Chrome/150.0.7871.128 Mobile Safari/537.36 (compatible; Googlebot/2.1; +http://www.google.com/bot.html)"
216.73.216.110 - - [28/Jul/2026:13:35:20 +0000] "GET /shops/oglio/p7a3l0l3i0a337544 HTTP/2.0" 500 3885 "-" "Mozilla/5.0 AppleWebKit/537.36 (KHTML, like Gecko; compatible; ClaudeBot/1.0; +claudebot@anthropic.com)"
216.73.216.110 - - [28/Jul/2026:13:35:25 +0000] "GET /shops/comfit/p9i2n2n1i7p9e0d3e2s46 HTTP/2.0" 500 3885 "-" "Mozilla/5.0 AppleWebKit/537.36 (KHTML, like Gecko; compatible; ClaudeBot/1.0; +claudebot@anthropic.com)"
216.73.216.110 - - [28/Jul/2026:13:35:30 +0000] "GET /shops/casein/b7a3l9i5s2t6e4s6270 HTTP/2.0" 500 3885 "-" "Mozilla/5.0 AppleWebKit/537.36 (KHTML, like Gecko; compatible; ClaudeBot/1.0; +claudebot@anthropic.com)"
66.249.70.4 - - [28/Jul/2026:13:35:30 +0000] "GET /?o=o7r1i2g6i2n9a4l4l3y92 HTTP/1.1" 200 30202 "-" "Mozilla/5.0 (Linux; Android 6.0.1; Nexus 5X Build/MMB29P) AppleWebKit/537.36 (KHTML, like Gecko) Chrome/150.0.7871.128 Mobile Safari/537.36 (compatible; GoogleOther)"
216.73.216.110 - - [28/Jul/2026:13:35:35 +0000] "GET /shops/nonstandard/p7o1s3s7e4t3e4d3607 HTTP/2.0" 500 3885 "-" "Mozilla/5.0 AppleWebKit/537.36 (KHTML, like Gecko; compatible; ClaudeBot/1.0; +claudebot@anthropic.com)"
216.73.216.110 - - [28/Jul/2026:13:35:40 +0000] "GET /shops/planking/d9o3u2b8l6e7t4r7e2e90 HTTP/2.0" 500 3885 "-" "Mozilla/5.0 AppleWebKit/537.36 (KHTML, like Gecko; compatible; ClaudeBot/1.0; +claudebot@anthropic.com)"
66.249.70.4 - - [28/Jul/2026:13:35:45 +0000] "GET /?o=p9e1r8i2o8s1t9r2a9c1u3m HTTP/1.1" 200 29693 "-" "Mozilla/5.0 (Linux; Android 6.0.1; Nexus 5X Build/MMB29P) AppleWebKit/537.36 (KHTML, like Gecko) Chrome/150.0.7871.128 Mobile Safari/537.36 (compatible; GoogleOther)"
216.73.216.110 - - [28/Jul/2026:13:35:45 +0000] "GET /cyanopolius/prelation/73591354837 HTTP/2.0" 500 3885 "-" "Mozilla/5.0 AppleWebKit/537.36 (KHTML, like Gecko; compatible; ClaudeBot/1.0; +claudebot@anthropic.com)"
216.73.216.110 - - [28/Jul/2026:13:35:50 +0000] "GET /shops/gothicize/q7u2e8m0e9f4u9l1527 HTTP/2.0" 500 3885 "-" "Mozilla/5.0 AppleWebKit/537.36 (KHTML, like Gecko; compatible; ClaudeBot/1.0; +claudebot@anthropic.com)"
66.249.70.4 - - [28/Jul/2026:13:35:52 +0000] "GET /guide/knowledge/order.html HTTP/1.1" 200 28435 "-" "Mozilla/5.0 (Linux; Android 6.0.1; Nexus 5X Build/MMB29P) AppleWebKit/537.36 (KHTML, like Gecko) Chrome/150.0.7871.128 Mobile Safari/537.36 (compatible; Googlebot/2.1; +http://www.google.com/bot.html)"
216.73.216.110 - - [28/Jul/2026:13:35:55 +0000] "GET /outbounds/h9a3r0p1e9d325791 HTTP/2.0" 500 3885 "-" "Mozilla/5.0 AppleWebKit/537.36 (KHTML, like Gecko; compatible; ClaudeBot/1.0; +claudebot@anthropic.com)"
66.249.70.4 - - [28/Jul/2026:13:35:57 +0000] "GET /?o=d1o1l6p8h1i1n2e5t003 HTTP/1.1" 200 28773 "-" "Mozilla/5.0 (Linux; Android 6.0.1; Nexus 5X Build/MMB29P) AppleWebKit/537.36 (KHTML, like Gecko) Chrome/150.0.7871.128 Mobile Safari/537.36 (compatible; GoogleOther)"
216.73.216.110 - - [28/Jul/2026:13:36:00 +0000] "GET /coign/triparted/p7a8n0t9h2e7r7175 HTTP/2.0" 500 3885 "-" "Mozilla/5.0 AppleWebKit/537.36 (KHTML, like Gecko; compatible; ClaudeBot/1.0; +claudebot@anthropic.com)"
216.73.216.110 - - [28/Jul/2026:13:36:05 +0000] "GET /shops/abortment/e9l3a3t9i4o1r03451 HTTP/2.0" 500 3885 "-" "Mozilla/5.0 AppleWebKit/537.36 (KHTML, like Gecko; compatible; ClaudeBot/1.0; +claudebot@anthropic.com)"
66.249.70.4 - - [28/Jul/2026:13:36:09 +0000] "GET /webapp/shops-club/servlet/YLogonSSLView?fileloc=/home/dacusvillerec/public_html/yvltn.php?o=e6x4i0g3e6n2t4e8r872 HTTP/1.1" 200 29136 "-" "Mozilla/5.0 (Linux; Android 6.0.1; Nexus 5X Build/MMB29P) AppleWebKit/537.36 (KHTML, like Gecko) Chrome/150.0.7871.128 Mobile Safari/537.36 (compatible; GoogleOther)"
216.73.216.110 - - [28/Jul/2026:13:36:10 +0000] "GET /tellurate/envisage/7212636515 HTTP/2.0" 500 3885 "-" "Mozilla/5.0 AppleWebKit/537.36 (KHTML, like Gecko; compatible; ClaudeBot/1.0; +claudebot@anthropic.com)"
216.73.216.110 - - [28/Jul/2026:13:36:15 +0000] "GET /shops/chandoo/i7m6a6g8i4n8e1d938 HTTP/2.0" 500 3885 "-" "Mozilla/5.0 AppleWebKit/537.36 (KHTML, like Gecko; compatible; ClaudeBot/1.0; +claudebot@anthropic.com)"
216.73.216.110 - - [28/Jul/2026:13:36:20 +0000] "GET /recalcitrant/c9o1o8l1a1n7t48916 HTTP/2.0" 500 3885 "-" "Mozilla/5.0 AppleWebKit/537.36 (KHTML, like Gecko; compatible; ClaudeBot/1.0; +claudebot@anthropic.com)"
66.249.70.4 - - [28/Jul/2026:13:36:19 +0000] "GET /?o=a2n3i2m6a3t3o4r8175 HTTP/1.1" 200 30114 "-" "Mozilla/5.0 (Linux; Android 6.0.1; Nexus 5X Build/MMB29P) AppleWebKit/537.36 (KHTML, like Gecko) Chrome/150.0.7871.128 Mobile Safari/537.36 (compatible; GoogleOther)"
216.73.216.110 - - [28/Jul/2026:13:36:25 +0000] "GET /shops/empoisoner/b7e3n9u8m0b0e8d8107 HTTP/2.0" 500 3885 "-" "Mozilla/5.0 AppleWebKit/537.36 (KHTML, like Gecko; compatible; ClaudeBot/1.0; +claudebot@anthropic.com)"
66.249.70.4 - - [28/Jul/2026:13:36:25 +0000] "GET /?o=i0n1v3u2l0n9e9r2a0b5i3lity HTTP/1.1" 200 29904 "-" "Mozilla/5.0 (Linux; Android 6.0.1; Nexus 5X Build/MMB29P) AppleWebKit/537.36 (KHTML, like Gecko) Chrome/150.0.7871.128 Mobile Safari/537.36 (compatible; Googlebot/2.1; +http://www.google.com/bot.html)"
216.73.216.110 - - [28/Jul/2026:13:36:30 +0000] "GET /unlaid/cooping/a9b1n7e4g8a1t8i0o2n64 HTTP/2.0" 500 3885 "-" "Mozilla/5.0 AppleWebKit/537.36 (KHTML, like Gecko; compatible; ClaudeBot/1.0; +claudebot@anthropic.com)"
66.249.70.4 - - [28/Jul/2026:13:36:30 +0000] "GET /?o=t5r3o5c6h3i4s8c1i981 HTTP/1.1" 200 29606 "-" "Mozilla/5.0 (Linux; Android 6.0.1; Nexus 5X Build/MMB29P) AppleWebKit/537.36 (KHTML, like Gecko) Chrome/150.0.7871.128 Mobile Safari/537.36 (compatible; GoogleOther)"
216.73.216.110 - - [28/Jul/2026:13:36:39 +0000] "GET /shops/spinose/l9a3c6t8y1l939456 HTTP/2.0" 500 3885 "-" "Mozilla/5.0 AppleWebKit/537.36 (KHTML, like Gecko; compatible; ClaudeBot/1.0; +claudebot@anthropic.com)"
66.249.70.4 - - [28/Jul/2026:13:36:42 +0000] "GET /fileloc=/home/dacusvillerec/public_html/index.php?f/cardboard/cardboard00/ HTTP/1.1" 200 3885 "-" "Mozilla/5.0 (Linux; Android 6.0.1; Nexus 5X Build/MMB29P) AppleWebKit/537.36 (KHTML, like Gecko) Chrome/150.0.7871.128 Mobile Safari/537.36 (compatible; GoogleOther)"
216.73.216.110 - - [28/Jul/2026:13:36:44 +0000] "GET /shops/cognomen/r7a7c5i8n0e9s0s897 HTTP/2.0" 500 3885 "-" "Mozilla/5.0 AppleWebKit/537.36 (KHTML, like Gecko; compatible; ClaudeBot/1.0; +claudebot@anthropic.com)"
216.73.216.110 - - [28/Jul/2026:13:36:49 +0000] "GET /shops/front/p7r1e5s1e9n5t1l5y005 HTTP/2.0" 500 3885 "-" "Mozilla/5.0 AppleWebKit/537.36 (KHTML, like Gecko; compatible; ClaudeBot/1.0; +claudebot@anthropic.com)"
216.73.216.110 - - [28/Jul/2026:13:36:54 +0000] "GET /shops/choriambuses/s7w3e5e1t2n0e9s3s651 HTTP/2.0" 500 3885 "-" "Mozilla/5.0 AppleWebKit/537.36 (KHTML, like Gecko; compatible; ClaudeBot/1.0; +claudebot@anthropic.com)"
66.249.70.4 - - [28/Jul/2026:13:36:53 +0000] "GET /fileloc=/home/dacusvillerec/public_html/index.php?brand/3101/ HTTP/1.1" 200 28362 "-" "Mozilla/5.0 (Linux; Android 6.0.1; Nexus 5X Build/MMB29P) AppleWebKit/537.36 (KHTML, like Gecko) Chrome/150.0.7871.128 Mobile Safari/537.36 (compatible; GoogleOther)"
216.73.216.110 - - [28/Jul/2026:13:36:59 +0000] "GET /shops/rappel/a7e3d7i3l0e3s3h3i8p86 HTTP/2.0" 500 3885 "-" "Mozilla/5.0 AppleWebKit/537.36 (KHTML, like Gecko; compatible; ClaudeBot/1.0; +claudebot@anthropic.com)"
66.249.70.4 - - [28/Jul/2026:13:37:00 +0000] "GET /tarandus/c4o8l8l1i0t3i4g0a4n6t HTTP/1.1" 200 29365 "-" "Mozilla/5.0 (Linux; Android 6.0.1; Nexus 5X Build/MMB29P) AppleWebKit/537.36 (KHTML, like Gecko) Chrome/150.0.7871.128 Mobile Safari/537.36 (compatible; Googlebot/2.1; +http://www.google.com/bot.html)"
216.73.216.110 - - [28/Jul/2026:13:37:04 +0000] "GET /shops/archaean/g7i1m3b3l6e3t27166 HTTP/2.0" 500 3885 "-" "Mozilla/5.0 AppleWebKit/537.36 (KHTML, like Gecko; compatible; ClaudeBot/1.0; +claudebot@anthropic.com)"
66.249.70.5 - - [28/Jul/2026:13:37:06 +0000] "GET /fileloc=/home/dacusvillerec/public_html/index.php??phloroglucinol/43210131421 HTTP/1.1" 200 33291 "-" "Mozilla/5.0 (Linux; Android 6.0.1; Nexus 5X Build/MMB29P) AppleWebKit/537.36 (KHTML, like Gecko) Chrome/150.0.7871.128 Mobile Safari/537.36 (compatible; GoogleOther)"
216.73.216.110 - - [28/Jul/2026:13:37:09 +0000] "GET /affection/h7i1n7d4u6s4t9a4n578 HTTP/2.0" 500 3885 "-" "Mozilla/5.0 AppleWebKit/537.36 (KHTML, like Gecko; compatible; ClaudeBot/1.0; +claudebot@anthropic.com)"
216.73.216.110 - - [28/Jul/2026:13:37:14 +0000] "GET /swinebread/b7e1r1t4h6i9n1g008 HTTP/2.0" 500 3885 "-" "Mozilla/5.0 AppleWebKit/537.36 (KHTML, like Gecko; compatible; ClaudeBot/1.0; +claudebot@anthropic.com)"
216.73.216.110 - - [28/Jul/2026:13:37:19 +0000] "GET /shops/inexorableness/h7u2g4e5l4y976058 HTTP/2.0" 500 3885 "-" "Mozilla/5.0 AppleWebKit/537.36 (KHTML, like Gecko; compatible; ClaudeBot/1.0; +claudebot@anthropic.com)"
66.249.70.4 - - [28/Jul/2026:13:37:20 +0000] "GET /?o=m0u1l7i6e2r7l9y0126 HTTP/1.1" 200 29210 "-" "Mozilla/5.0 (Linux; Android 6.0.1; Nexus 5X Build/MMB29P) AppleWebKit/537.36 (KHTML, like Gecko) Chrome/150.0.7871.128 Mobile Safari/537.36 (compatible; GoogleOther)"
216.73.216.110 - - [28/Jul/2026:13:37:24 +0000] "GET /shops/muzzy/m7a4t0c7h5b0o6a6r6d10 HTTP/2.0" 500 3885 "-" "Mozilla/5.0 AppleWebKit/537.36 (KHTML, like Gecko; compatible; ClaudeBot/1.0; +claudebot@anthropic.com)"
216.73.216.110 - - [28/Jul/2026:13:37:29 +0000] "GET /shops/exclusionary/e9n6d8y6m5a19454 HTTP/2.0" 500 3885 "-" "Mozilla/5.0 AppleWebKit/537.36 (KHTML, like Gecko; compatible; ClaudeBot/1.0; +claudebot@anthropic.com)"
216.73.216.110 - - [28/Jul/2026:13:37:34 +0000] "GET /shops/tumorous/f7o3r3m1o9s3a3328 HTTP/2.0" 500 3885 "-" "Mozilla/5.0 AppleWebKit/537.36 (KHTML, like Gecko; compatible; ClaudeBot/1.0; +claudebot@anthropic.com)"
66.249.70.4 - - [28/Jul/2026:13:37:34 +0000] "GET /?o=c9a2p0a0c2i6t4o9r363 HTTP/1.1" 200 29612 "-" "Mozilla/5.0 (Linux; Android 6.0.1; Nexus 5X Build/MMB29P) AppleWebKit/537.36 (KHTML, like Gecko) Chrome/150.0.7871.128 Mobile Safari/537.36 (compatible; GoogleOther)"
216.73.216.110 - - [28/Jul/2026:13:37:40 +0000] "GET /shops/molary/b7e1t4u6l7o5i4d1e4s75 HTTP/2.0" 500 3885 "-" "Mozilla/5.0 AppleWebKit/537.36 (KHTML, like Gecko; compatible; ClaudeBot/1.0; +claudebot@anthropic.com)"
66.249.70.4 - - [28/Jul/2026:13:37:43 +0000] "GET /excur/d9i1s5a9p7p7r5o0v4e2d1 HTTP/1.1" 200 30939 "-" "Mozilla/5.0 (Linux; Android 6.0.1; Nexus 5X Build/MMB29P) AppleWebKit/537.36 (KHTML, like Gecko) Chrome/150.0.7871.128 Mobile Safari/537.36 (compatible; Googlebot/2.1; +http://www.google.com/bot.html)"
216.73.216.110 - - [28/Jul/2026:13:37:45 +0000] "GET /shops/equerries/e9a1r4r1i0n7g78725 HTTP/2.0" 500 3885 "-" "Mozilla/5.0 AppleWebKit/537.36 (KHTML, like Gecko; compatible; ClaudeBot/1.0; +claudebot@anthropic.com)"
66.249.70.5 - - [28/Jul/2026:13:37:49 +0000] "GET /?o=h8y3g0i8e8n6i9s0t596 HTTP/1.1" 200 29360 "-" "Mozilla/5.0 (Linux; Android 6.0.1; Nexus 5X Build/MMB29P) AppleWebKit/537.36 (KHTML, like Gecko) Chrome/150.0.7871.128 Mobile Safari/537.36 (compatible; GoogleOther)"
216.73.216.110 - - [28/Jul/2026:13:37:50 +0000] "GET /?o=c7a2r3i4d8e8a4614 HTTP/2.0" 200 3885 "-" "Mozilla/5.0 AppleWebKit/537.36 (KHTML, like Gecko; compatible; ClaudeBot/1.0; +claudebot@anthropic.com)"
216.73.216.110 - - [28/Jul/2026:13:37:55 +0000] "GET /shops/repacify/t9h2o1r6o2u1g0h9f4a0r5e HTTP/2.0" 500 3885 "-" "Mozilla/5.0 AppleWebKit/537.36 (KHTML, like Gecko; compatible; ClaudeBot/1.0; +claudebot@anthropic.com)"
216.73.216.110 - - [28/Jul/2026:13:38:00 +0000] "GET /ostracodermi/m9i2l7o1r5d117436 HTTP/2.0" 500 3885 "-" "Mozilla/5.0 AppleWebKit/537.36 (KHTML, like Gecko; compatible; ClaudeBot/1.0; +claudebot@anthropic.com)"
66.249.70.4 - - [28/Jul/2026:13:38:04 +0000] "GET /?o=p9r1a3e0t4o1r7i7u1m4 HTTP/1.1" 200 29412 "-" "Mozilla/5.0 (Linux; Android 6.0.1; Nexus 5X Build/MMB29P) AppleWebKit/537.36 (KHTML, like Gecko) Chrome/150.0.7871.128 Mobile Safari/537.36 (compatible; GoogleOther)"
216.73.216.110 - - [28/Jul/2026:13:38:05 +0000] "GET /shops/regurgitation/l9e1o0n5i3d398064 HTTP/2.0" 500 3885 "-" "Mozilla/5.0 AppleWebKit/537.36 (KHTML, like Gecko; compatible; ClaudeBot/1.0; +claudebot@anthropic.com)"
66.249.70.6 - - [28/Jul/2026:13:38:08 +0000] "GET /?o=b2l2o8n4c4k2e9t565 HTTP/1.1" 200 29799 "-" "Mozilla/5.0 (Linux; Android 6.0.1; Nexus 5X Build/MMB29P) AppleWebKit/537.36 (KHTML, like Gecko) Chrome/150.0.7871.128 Mobile Safari/537.36 (compatible; Googlebot/2.1; +http://www.google.com/bot.html)"
216.73.216.110 - - [28/Jul/2026:13:38:10 +0000] "GET /shops/ingrate/p9u6n7c2t8a6t3u3m49 HTTP/2.0" 500 3885 "-" "Mozilla/5.0 AppleWebKit/537.36 (KHTML, like Gecko; compatible; ClaudeBot/1.0; +claudebot@anthropic.com)"
216.73.216.110 - - [28/Jul/2026:13:38:15 +0000] "GET /shops/denunciation/c9l2e0a7r0i5n5g6245 HTTP/2.0" 500 3885 "-" "Mozilla/5.0 AppleWebKit/537.36 (KHTML, like Gecko; compatible; ClaudeBot/1.0; +claudebot@anthropic.com)"
66.249.70.5 - - [28/Jul/2026:13:38:19 +0000] "GET /?o=u7p3u2p7a5440200 HTTP/1.1" 200 29570 "-" "Mozilla/5.0 (Linux; Android 6.0.1; Nexus 5X Build/MMB29P) AppleWebKit/537.36 (KHTML, like Gecko) Chrome/150.0.7871.128 Mobile Safari/537.36 (compatible; GoogleOther)"
216.73.216.110 - - [28/Jul/2026:13:38:20 +0000] "GET /shops/snowcap/l7a1t1h4e8r7i1n5g575 HTTP/2.0" 500 3885 "-" "Mozilla/5.0 AppleWebKit/537.36 (KHTML, like Gecko; compatible; ClaudeBot/1.0; +claudebot@anthropic.com)"
216.73.216.110 - - [28/Jul/2026:13:38:25 +0000] "GET /giddy/f9u4n2n1e4l3f3o1r7m66 HTTP/2.0" 500 3885 "-" "Mozilla/5.0 AppleWebKit/537.36 (KHTML, like Gecko; compatible; ClaudeBot/1.0; +claudebot@anthropic.com)"
216.73.216.110 - - [28/Jul/2026:13:38:30 +0000] "GET /cheirosophy/g9r2a0v6i9e3s28326 HTTP/2.0" 500 3885 "-" "Mozilla/5.0 AppleWebKit/537.36 (KHTML, like Gecko; compatible; ClaudeBot/1.0; +claudebot@anthropic.com)"
66.249.70.4 - - [28/Jul/2026:13:38:33 +0000] "GET /?o=d4r1a7b7a9258559 HTTP/1.1" 200 29881 "-" "Mozilla/5.0 (Linux; Android 6.0.1; Nexus 5X Build/MMB29P) AppleWebKit/537.36 (KHTML, like Gecko) Chrome/150.0.7871.128 Mobile Safari/537.36 (compatible; GoogleOther)"
216.73.216.110 - - [28/Jul/2026:13:38:35 +0000] "GET /?o=f9i2d6g7e6553469 HTTP/2.0" 200 3885 "-" "Mozilla/5.0 AppleWebKit/537.36 (KHTML, like Gecko; compatible; ClaudeBot/1.0; +claudebot@anthropic.com)"
216.73.216.110 - - [28/Jul/2026:13:38:40 +0000] "GET /shops/stalk/s7p3i5n0e9t1a7i4l3e9d9 HTTP/2.0" 500 3885 "-" "Mozilla/5.0 AppleWebKit/537.36 (KHTML, like Gecko; compatible; ClaudeBot/1.0; +claudebot@anthropic.com)"
216.73.216.110 - - [28/Jul/2026:13:38:45 +0000] "GET /shops/startish/f9u3n4d0a9m6e2n5t0a6l7ly HTTP/2.0" 500 3885 "-" "Mozilla/5.0 AppleWebKit/537.36 (KHTML, like Gecko; compatible; ClaudeBot/1.0; +claudebot@anthropic.com)"
66.249.70.4 - - [28/Jul/2026:13:38:47 +0000] "GET /?o=w9a2v8e1w5o1r3n5760 HTTP/1.1" 200 29584 "-" "Mozilla/5.0 (Linux; Android 6.0.1; Nexus 5X Build/MMB29P) AppleWebKit/537.36 (KHTML, like Gecko) Chrome/150.0.7871.128 Mobile Safari/537.36 (compatible; GoogleOther)"
66.249.70.4 - - [28/Jul/2026:13:38:50 +0000] "GET /?o=r3o3m2a7i8c240710 HTTP/1.1" 200 28636 "-" "Mozilla/5.0 (Linux; Android 6.0.1; Nexus 5X Build/MMB29P) AppleWebKit/537.36 (KHTML, like Gecko) Chrome/150.0.7871.128 Mobile Safari/537.36 (compatible; Googlebot/2.1; +http://www.google.com/bot.html)"
216.73.216.110 - - [28/Jul/2026:13:38:50 +0000] "GET /shops/ampulla/r9e4c0u5r2s7i7o9n464 HTTP/2.0" 500 3885 "-" "Mozilla/5.0 AppleWebKit/537.36 (KHTML, like Gecko; compatible; ClaudeBot/1.0; +claudebot@anthropic.com)"
216.73.216.110 - - [28/Jul/2026:13:38:55 +0000] "GET /shops/exported/m9e1s1o8c8u9n0e0i0f7o2rm HTTP/2.0" 500 3885 "-" "Mozilla/5.0 AppleWebKit/537.36 (KHTML, like Gecko; compatible; ClaudeBot/1.0; +claudebot@anthropic.com)"
216.73.216.110 - - [28/Jul/2026:13:39:00 +0000] "GET /shops/intermezzo/c9o2l7l5e9g7a4t1a7r6y3 HTTP/2.0" 500 3885 "-" "Mozilla/5.0 AppleWebKit/537.36 (KHTML, like Gecko; compatible; ClaudeBot/1.0; +claudebot@anthropic.com)"
66.249.70.6 - - [28/Jul/2026:13:39:01 +0000] "GET /?o=d6i7s5c3o6u9r9t8e4o8us HTTP/1.1" 200 28722 "-" "Mozilla/5.0 (Linux; Android 6.0.1; Nexus 5X Build/MMB29P) AppleWebKit/537.36 (KHTML, like Gecko) Chrome/150.0.7871.128 Mobile Safari/537.36 (compatible; GoogleOther)"
216.73.216.110 - - [28/Jul/2026:13:39:05 +0000] "GET /shops/pieropus/r9u2b4y4t1a1i9l5e4d48 HTTP/2.0" 500 3885 "-" "Mozilla/5.0 AppleWebKit/537.36 (KHTML, like Gecko; compatible; ClaudeBot/1.0; +claudebot@anthropic.com)"
216.73.216.110 - - [28/Jul/2026:13:39:10 +0000] "GET /shops/atheroma/w9a3r8r7a2n6t14383 HTTP/2.0" 500 3885 "-" "Mozilla/5.0 AppleWebKit/537.36 (KHTML, like Gecko; compatible; ClaudeBot/1.0; +claudebot@anthropic.com)"
66.249.70.5 - - [28/Jul/2026:13:39:13 +0000] "GET /?o=a8g7e8l1e5s7s2254 HTTP/1.1" 200 29358 "-" "Mozilla/5.0 (Linux; Android 6.0.1; Nexus 5X Build/MMB29P) AppleWebKit/537.36 (KHTML, like Gecko) Chrome/150.0.7871.128 Mobile Safari/537.36 (compatible; GoogleOther)"
216.73.216.110 - - [28/Jul/2026:13:39:15 +0000] "GET /shops/reconcentrate/s9e2n7s6i1n2g78510 HTTP/2.0" 500 3885 "-" "Mozilla/5.0 AppleWebKit/537.36 (KHTML, like Gecko; compatible; ClaudeBot/1.0; +claudebot@anthropic.com)"
66.249.70.4 - - [28/Jul/2026:13:39:19 +0000] "GET /cephalosome/ulmus/11227722887 HTTP/1.1" 200 32367 "-" "Mozilla/5.0 (Linux; Android 6.0.1; Nexus 5X Build/MMB29P) AppleWebKit/537.36 (KHTML, like Gecko) Chrome/150.0.7871.128 Mobile Safari/537.36 (compatible; Googlebot/2.1; +http://www.google.com/bot.html)"
216.73.216.110 - - [28/Jul/2026:13:39:20 +0000] "GET /shops/relativistic/s7e1g6u0i3n5a30860 HTTP/2.0" 500 3885 "-" "Mozilla/5.0 AppleWebKit/537.36 (KHTML, like Gecko; compatible; ClaudeBot/1.0; +claudebot@anthropic.com)"
66.249.70.4 - - [28/Jul/2026:13:39:24 +0000] "GET /palaeornis/consuetudinaries/53213449997 HTTP/1.1" 200 30025 "-" "Mozilla/5.0 (Linux; Android 6.0.1; Nexus 5X Build/MMB29P) AppleWebKit/537.36 (KHTML, like Gecko) Chrome/150.0.7871.128 Mobile Safari/537.36 (compatible; GoogleOther)"
216.73.216.110 - - [28/Jul/2026:13:39:25 +0000] "GET /shops/brachyural/s9u1b2s2i7d5i9a5r6i0e2s HTTP/2.0" 500 3885 "-" "Mozilla/5.0 AppleWebKit/537.36 (KHTML, like Gecko; compatible; ClaudeBot/1.0; +claudebot@anthropic.com)"
216.73.216.110 - - [28/Jul/2026:13:39:30 +0000] "GET /shops/sliminess/l7i2v8e7f3o0r1e7v6e6r7 HTTP/2.0" 500 3885 "-" "Mozilla/5.0 AppleWebKit/537.36 (KHTML, like Gecko; compatible; ClaudeBot/1.0; +claudebot@anthropic.com)"
66.249.70.4 - - [28/Jul/2026:13:39:35 +0000] "GET /?o=a7p3o4n9e8u2r5o2t5i7c0 HTTP/1.1" 200 29667 "-" "Mozilla/5.0 (Linux; Android 6.0.1; Nexus 5X Build/MMB29P) AppleWebKit/537.36 (KHTML, like Gecko) Chrome/150.0.7871.128 Mobile Safari/537.36 (compatible; GoogleOther)"
216.73.216.110 - - [28/Jul/2026:13:39:35 +0000] "GET /shops/curled/p9a1s6t2o8r9a8t8e87 HTTP/2.0" 500 3885 "-" "Mozilla/5.0 AppleWebKit/537.36 (KHTML, like Gecko; compatible; ClaudeBot/1.0; +claudebot@anthropic.com)"
216.73.216.110 - - [28/Jul/2026:13:39:40 +0000] "GET /bannister/n9e1m6o1r2h3e4d5u5s71 HTTP/2.0" 500 3885 "-" "Mozilla/5.0 AppleWebKit/537.36 (KHTML, like Gecko; compatible; ClaudeBot/1.0; +claudebot@anthropic.com)"
66.249.70.4 - - [28/Jul/2026:13:39:44 +0000] "GET /shops/gryllus/d0j3i6n0n1e8e57621 HTTP/1.1" 200 29365 "-" "Mozilla/5.0 (Linux; Android 6.0.1; Nexus 5X Build/MMB29P) AppleWebKit/537.36 (KHTML, like Gecko) Chrome/150.0.7871.128 Mobile Safari/537.36 (compatible; GoogleOther)"
216.73.216.110 - - [28/Jul/2026:13:39:45 +0000] "GET /shops/categorical/s9i2m6i0l4a4t5i0v2e52 HTTP/2.0" 500 3885 "-" "Mozilla/5.0 AppleWebKit/537.36 (KHTML, like Gecko; compatible; ClaudeBot/1.0; +claudebot@anthropic.com)"
216.73.216.110 - - [28/Jul/2026:13:39:50 +0000] "GET /?o=y9a2f3f3l4e3r75170 HTTP/2.0" 200 3885 "-" "Mozilla/5.0 AppleWebKit/537.36 (KHTML, like Gecko; compatible; ClaudeBot/1.0; +claudebot@anthropic.com)"
66.249.70.4 - - [28/Jul/2026:13:39:51 +0000] "GET /aegle/l1a1r8y3n2g2i7s4m6u9s4 HTTP/1.1" 200 29003 "-" "Mozilla/5.0 (Linux; Android 6.0.1; Nexus 5X Build/MMB29P) AppleWebKit/537.36 (KHTML, like Gecko) Chrome/150.0.7871.128 Mobile Safari/537.36 (compatible; Googlebot/2.1; +http://www.google.com/bot.html)"
66.249.70.4 - - [28/Jul/2026:13:39:53 +0000] "GET /?o=r7a1m3e8a4n069737 HTTP/1.1" 200 29183 "-" "Mozilla/5.0 (Linux; Android 6.0.1; Nexus 5X Build/MMB29P) AppleWebKit/537.36 (KHTML, like Gecko) Chrome/150.0.7871.128 Mobile Safari/537.36 (compatible; GoogleOther)"
216.73.216.110 - - [28/Jul/2026:13:39:55 +0000] "GET /shops/amphidisc/f9e2l0l5m5o6n3g8e9r25 HTTP/2.0" 500 3885 "-" "Mozilla/5.0 AppleWebKit/537.36 (KHTML, like Gecko; compatible; ClaudeBot/1.0; +claudebot@anthropic.com)"
216.73.216.110 - - [28/Jul/2026:13:40:00 +0000] "GET /shops/misexposition/a7d6e4n4o3p0h2o0r0o4us HTTP/2.0" 500 3885 "-" "Mozilla/5.0 AppleWebKit/537.36 (KHTML, like Gecko; compatible; ClaudeBot/1.0; +claudebot@anthropic.com)"
66.249.70.4 - - [28/Jul/2026:13:40:02 +0000] "GET /shops/heartener/a1g2i9s8t6e1r86400 HTTP/1.1" 200 35540 "-" "Mozilla/5.0 (Linux; Android 6.0.1; Nexus 5X Build/MMB29P) AppleWebKit/537.36 (KHTML, like Gecko) Chrome/150.0.7871.128 Mobile Safari/537.36 (compatible; GoogleOther)"
216.73.216.110 - - [28/Jul/2026:13:40:05 +0000] "GET /shops/dehonestate/e7x2a7m0p7l9e0s7s963 HTTP/2.0" 500 3885 "-" "Mozilla/5.0 AppleWebKit/537.36 (KHTML, like Gecko; compatible; ClaudeBot/1.0; +claudebot@anthropic.com)"
216.73.216.110 - - [28/Jul/2026:13:40:10 +0000] "GET /shops/amblyopsis/f9i2s9s0i7p8e2d1i0a61 HTTP/2.0" 500 3885 "-" "Mozilla/5.0 AppleWebKit/537.36 (KHTML, like Gecko; compatible; ClaudeBot/1.0; +claudebot@anthropic.com)"
66.249.70.4 - - [28/Jul/2026:13:40:12 +0000] "GET /?o=p4a3t6c2h0w3o9r9k407 HTTP/1.1" 200 29720 "-" "Mozilla/5.0 (Linux; Android 6.0.1; Nexus 5X Build/MMB29P) AppleWebKit/537.36 (KHTML, like Gecko) Chrome/150.0.7871.128 Mobile Safari/537.36 (compatible; GoogleOther)"
216.73.216.110 - - [28/Jul/2026:13:40:15 +0000] "GET /lagostomus/d7o1l6e1r3i6t9i9c13 HTTP/2.0" 500 3885 "-" "Mozilla/5.0 AppleWebKit/537.36 (KHTML, like Gecko; compatible; ClaudeBot/1.0; +claudebot@anthropic.com)"
216.73.216.110 - - [28/Jul/2026:13:40:20 +0000] "GET /shops/maverick/a7n1c6h0y4l4o8s6e2d31 HTTP/2.0" 500 3885 "-" "Mozilla/5.0 AppleWebKit/537.36 (KHTML, like Gecko; compatible; ClaudeBot/1.0; +claudebot@anthropic.com)"
66.249.70.4 - - [28/Jul/2026:13:40:22 +0000] "GET /?o=e3n1a1t4a1t2i8o0n666 HTTP/1.1" 200 29067 "-" "Mozilla/5.0 (Linux; Android 6.0.1; Nexus 5X Build/MMB29P) AppleWebKit/537.36 (KHTML, like Gecko) Chrome/150.0.7871.128 Mobile Safari/537.36 (compatible; GoogleOther)"
216.73.216.110 - - [28/Jul/2026:13:40:25 +0000] "GET /shops/turribant/c7h1a4m9l6e7t06272 HTTP/2.0" 500 3885 "-" "Mozilla/5.0 AppleWebKit/537.36 (KHTML, like Gecko; compatible; ClaudeBot/1.0; +claudebot@anthropic.com)"
216.73.216.110 - - [28/Jul/2026:13:40:30 +0000] "GET /?o=c9r2e2e6l6888567 HTTP/2.0" 200 3885 "-" "Mozilla/5.0 AppleWebKit/537.36 (KHTML, like Gecko; compatible; ClaudeBot/1.0; +claudebot@anthropic.com)"
66.249.70.4 - - [28/Jul/2026:13:40:33 +0000] "GET /?o=s7a1m8b1u7r974986 HTTP/1.1" 200 29416 "-" "Mozilla/5.0 (Linux; Android 6.0.1; Nexus 5X Build/MMB29P) AppleWebKit/537.36 (KHTML, like Gecko) Chrome/150.0.7871.128 Mobile Safari/537.36 (compatible; GoogleOther)"
216.73.216.110 - - [28/Jul/2026:13:40:36 +0000] "GET /shops/attempering/u9r2a9n3o5m7e8t1r8y53 HTTP/2.0" 500 3885 "-" "Mozilla/5.0 AppleWebKit/537.36 (KHTML, like Gecko; compatible; ClaudeBot/1.0; +claudebot@anthropic.com)"
216.73.216.110 - - [28/Jul/2026:13:40:41 +0000] "GET /shops/chesible/s9i3l1k3y8139305 HTTP/2.0" 500 3885 "-" "Mozilla/5.0 AppleWebKit/537.36 (KHTML, like Gecko; compatible; ClaudeBot/1.0; +claudebot@anthropic.com)"
216.73.216.110 - - [28/Jul/2026:13:40:46 +0000] "GET /shops/predaceous/t7h4r1o2t5t7l1e9r252 HTTP/2.0" 500 3885 "-" "Mozilla/5.0 AppleWebKit/537.36 (KHTML, like Gecko; compatible; ClaudeBot/1.0; +claudebot@anthropic.com)"
66.249.70.4 - - [28/Jul/2026:13:40:45 +0000] "GET /?o=b6u4r8g4o6n5e1t477 HTTP/1.1" 200 28611 "-" "Mozilla/5.0 (Linux; Android 6.0.1; Nexus 5X Build/MMB29P) AppleWebKit/537.36 (KHTML, like Gecko) Chrome/150.0.7871.128 Mobile Safari/537.36 (compatible; GoogleOther)"
66.249.70.4 - - [28/Jul/2026:13:40:48 +0000] "GET /?lignite/22241269513 HTTP/1.1" 200 29063 "-" "Mozilla/5.0 (Linux; Android 6.0.1; Nexus 5X Build/MMB29P) AppleWebKit/537.36 (KHTML, like Gecko) Chrome/150.0.7871.128 Mobile Safari/537.36 (compatible; Googlebot/2.1; +http://www.google.com/bot.html)"
216.73.216.110 - - [28/Jul/2026:13:40:51 +0000] "GET /shops/dilapidated/t9r1i3f0a1s0c9i1a9t9e3d HTTP/2.0" 500 3885 "-" "Mozilla/5.0 AppleWebKit/537.36 (KHTML, like Gecko; compatible; ClaudeBot/1.0; +claudebot@anthropic.com)"
216.73.216.110 - - [28/Jul/2026:13:40:56 +0000] "GET /shops/mewling/b7a5t0i5n8g71393 HTTP/2.0" 500 3885 "-" "Mozilla/5.0 AppleWebKit/537.36 (KHTML, like Gecko; compatible; ClaudeBot/1.0; +claudebot@anthropic.com)"
66.249.70.4 - - [28/Jul/2026:13:40:58 +0000] "GET /?o=f6o3r2t2r7e2a4d3831 HTTP/1.1" 200 28235 "-" "Mozilla/5.0 (Linux; Android 6.0.1; Nexus 5X Build/MMB29P) AppleWebKit/537.36 (KHTML, like Gecko) Chrome/150.0.7871.128 Mobile Safari/537.36 (compatible; GoogleOther)"
216.73.216.110 - - [28/Jul/2026:13:41:01 +0000] "GET /?o=d7r1a6f3f2814357 HTTP/2.0" 200 3885 "-" "Mozilla/5.0 AppleWebKit/537.36 (KHTML, like Gecko; compatible; ClaudeBot/1.0; +claudebot@anthropic.com)"
216.73.216.110 - - [28/Jul/2026:13:41:06 +0000] "GET /chesses/viscountship/b7u2l4l9p1o0u6t2007 HTTP/2.0" 500 3885 "-" "Mozilla/5.0 AppleWebKit/537.36 (KHTML, like Gecko; compatible; ClaudeBot/1.0; +claudebot@anthropic.com)"
66.249.70.4 - - [28/Jul/2026:13:41:11 +0000] "GET /?o=h5a4n0g9b2i6r5d618 HTTP/1.1" 200 28648 "-" "Mozilla/5.0 (Linux; Android 6.0.1; Nexus 5X Build/MMB29P) AppleWebKit/537.36 (KHTML, like Gecko) Chrome/150.0.7871.128 Mobile Safari/537.36 (compatible; GoogleOther)"
216.73.216.110 - - [28/Jul/2026:13:41:13 +0000] "GET /shops/seamless/c9o9u3c7h3a7n6t967 HTTP/2.0" 500 3885 "-" "Mozilla/5.0 AppleWebKit/537.36 (KHTML, like Gecko; compatible; ClaudeBot/1.0; +claudebot@anthropic.com)"
216.73.216.110 - - [28/Jul/2026:13:41:17 +0000] "GET /?o=k9i9l1t4e4d34369 HTTP/2.0" 200 3885 "-" "Mozilla/5.0 AppleWebKit/537.36 (KHTML, like Gecko; compatible; ClaudeBot/1.0; +claudebot@anthropic.com)"
216.73.216.110 - - [28/Jul/2026:13:41:22 +0000] "GET /shops/mackle/s9u8l2p7h9a9n2t3i5m3onite HTTP/2.0" 500 3885 "-" "Mozilla/5.0 AppleWebKit/537.36 (KHTML, like Gecko; compatible; ClaudeBot/1.0; +claudebot@anthropic.com)"
66.249.70.4 - - [28/Jul/2026:13:41:25 +0000] "GET /?o=b3a1c9k5f4i3r3i4n6g00 HTTP/1.1" 200 29249 "-" "Mozilla/5.0 (Linux; Android 6.0.1; Nexus 5X Build/MMB29P) AppleWebKit/537.36 (KHTML, like Gecko) Chrome/150.0.7871.128 Mobile Safari/537.36 (compatible; GoogleOther)"
216.73.216.110 - - [28/Jul/2026:13:41:27 +0000] "GET /shops/thinnish/c9h7y3l5i6f9a3c0t9i9on HTTP/2.0" 500 3885 "-" "Mozilla/5.0 AppleWebKit/537.36 (KHTML, like Gecko; compatible; ClaudeBot/1.0; +claudebot@anthropic.com)"
216.73.216.110 - - [28/Jul/2026:13:41:32 +0000] "GET /sachemdom/humblest/t9a4x1p8a5y9e0r2453 HTTP/2.0" 500 3885 "-" "Mozilla/5.0 AppleWebKit/537.36 (KHTML, like Gecko; compatible; ClaudeBot/1.0; +claudebot@anthropic.com)"
66.249.70.4 - - [28/Jul/2026:13:41:33 +0000] "GET /poster/closereefed/h3a1c8k8b2e2r9r1y198 HTTP/1.1" 200 29520 "-" "Mozilla/5.0 (Linux; Android 6.0.1; Nexus 5X Build/MMB29P) AppleWebKit/537.36 (KHTML, like Gecko) Chrome/150.0.7871.128 Mobile Safari/537.36 (compatible; Googlebot/2.1; +http://www.google.com/bot.html)"
216.73.216.110 - - [28/Jul/2026:13:41:37 +0000] "GET /shops/anachronic/i7l2l8i7m8i1t4e3d8n1e8ss HTTP/2.0" 500 3885 "-" "Mozilla/5.0 AppleWebKit/537.36 (KHTML, like Gecko; compatible; ClaudeBot/1.0; +claudebot@anthropic.com)"
66.249.70.4 - - [28/Jul/2026:13:41:39 +0000] "GET /?o=h7i4p0p7o49987 HTTP/1.1" 200 29697 "-" "Mozilla/5.0 (Linux; Android 6.0.1; Nexus 5X Build/MMB29P) AppleWebKit/537.36 (KHTML, like Gecko) Chrome/150.0.7871.128 Mobile Safari/537.36 (compatible; GoogleOther)"
216.73.216.110 - - [28/Jul/2026:13:41:42 +0000] "GET /leiophyllum/b9r3e1a4k1a3b7l0e721 HTTP/2.0" 500 3885 "-" "Mozilla/5.0 AppleWebKit/537.36 (KHTML, like Gecko; compatible; ClaudeBot/1.0; +claudebot@anthropic.com)"
216.73.216.110 - - [28/Jul/2026:13:41:47 +0000] "GET /shops/dephlogistication/p7o2l0y4t4y1p6e8484 HTTP/2.0" 500 3885 "-" "Mozilla/5.0 AppleWebKit/537.36 (KHTML, like Gecko; compatible; ClaudeBot/1.0; +claudebot@anthropic.com)"
66.249.70.4 - - [28/Jul/2026:13:41:51 +0000] "GET /?o=i7n6d3o5e3n2g5l0i3s9h HTTP/1.1" 200 29923 "-" "Mozilla/5.0 (Linux; Android 6.0.1; Nexus 5X Build/MMB29P) AppleWebKit/537.36 (KHTML, like Gecko) Chrome/150.0.7871.128 Mobile Safari/537.36 (compatible; GoogleOther)"
216.73.216.110 - - [28/Jul/2026:13:41:52 +0000] "GET /?o=s9e2l4e9n4i9c55452 HTTP/2.0" 200 3885 "-" "Mozilla/5.0 AppleWebKit/537.36 (KHTML, like Gecko; compatible; ClaudeBot/1.0; +claudebot@anthropic.com)"
216.73.216.110 - - [28/Jul/2026:13:41:57 +0000] "GET /?o=r7a3f9t1e8035536 HTTP/2.0" 200 3885 "-" "Mozilla/5.0 AppleWebKit/537.36 (KHTML, like Gecko; compatible; ClaudeBot/1.0; +claudebot@anthropic.com)"
216.73.216.110 - - [28/Jul/2026:13:42:02 +0000] "GET /shops/express/c9o2c7k7f7i5g1h7t7i8n0g HTTP/2.0" 500 3885 "-" "Mozilla/5.0 AppleWebKit/537.36 (KHTML, like Gecko; compatible; ClaudeBot/1.0; +claudebot@anthropic.com)"
66.249.70.5 - - [28/Jul/2026:13:42:03 +0000] "GET /?o=a9p1h8r9i1t2e94960 HTTP/1.1" 200 30030 "-" "Mozilla/5.0 (Linux; Android 6.0.1; Nexus 5X Build/MMB29P) AppleWebKit/537.36 (KHTML, like Gecko) Chrome/150.0.7871.128 Mobile Safari/537.36 (compatible; GoogleOther)"
66.249.70.4 - - [28/Jul/2026:13:42:05 +0000] "GET /inamorato/p1u3r3s3u0a2l72719 HTTP/1.1" 200 29854 "-" "Mozilla/5.0 (Linux; Android 6.0.1; Nexus 5X Build/MMB29P) AppleWebKit/537.36 (KHTML, like Gecko) Chrome/150.0.7871.128 Mobile Safari/537.36 (compatible; Googlebot/2.1; +http://www.google.com/bot.html)"
216.73.216.110 - - [28/Jul/2026:13:42:07 +0000] "GET /shops/stigmatist/p9a1r8a2s9t0i9c2h0y20 HTTP/2.0" 500 3885 "-" "Mozilla/5.0 AppleWebKit/537.36 (KHTML, like Gecko; compatible; ClaudeBot/1.0; +claudebot@anthropic.com)"
216.73.216.110 - - [28/Jul/2026:13:42:12 +0000] "GET /shops/cuckolds/l7a1x0a4t1i9o8n4644 HTTP/2.0" 500 3885 "-" "Mozilla/5.0 AppleWebKit/537.36 (KHTML, like Gecko; compatible; ClaudeBot/1.0; +claudebot@anthropic.com)"
66.249.70.4 - - [28/Jul/2026:13:42:13 +0000] "GET /?o=t8e1s5t8i2f6i8e5d760 HTTP/1.1" 200 28106 "-" "Mozilla/5.0 (Linux; Android 6.0.1; Nexus 5X Build/MMB29P) AppleWebKit/537.36 (KHTML, like Gecko) Chrome/150.0.7871.128 Mobile Safari/537.36 (compatible; GoogleOther)"
216.73.216.110 - - [28/Jul/2026:13:42:17 +0000] "GET /shops/drawnet/h7y1g2i4e0n9i1s5m544 HTTP/2.0" 500 3885 "-" "Mozilla/5.0 AppleWebKit/537.36 (KHTML, like Gecko; compatible; ClaudeBot/1.0; +claudebot@anthropic.com)"
66.249.70.4 - - [28/Jul/2026:13:42:22 +0000] "GET /?o=e4p7i2p0h4y7l6l2o6s2permous HTTP/1.1" 200 29120 "-" "Mozilla/5.0 (Linux; Android 6.0.1; Nexus 5X Build/MMB29P) AppleWebKit/537.36 (KHTML, like Gecko) Chrome/150.0.7871.128 Mobile Safari/537.36 (compatible; GoogleOther)"
216.73.216.110 - - [28/Jul/2026:13:42:23 +0000] "GET /staggering/nonpolar/b7l3o3o6d3f8l4o3w9e3r1 HTTP/2.0" 500 3885 "-" "Mozilla/5.0 AppleWebKit/537.36 (KHTML, like Gecko; compatible; ClaudeBot/1.0; +claudebot@anthropic.com)"
216.73.216.110 - - [28/Jul/2026:13:42:30 +0000] "GET /shops/ranunculaceous/u9n3c5i9a6l337825 HTTP/2.0" 500 3885 "-" "Mozilla/5.0 AppleWebKit/537.36 (KHTML, like Gecko; compatible; ClaudeBot/1.0; +claudebot@anthropic.com)"
66.249.70.4 - - [28/Jul/2026:13:42:31 +0000] "GET /?o=d5i1s7h7c7l3o7u3t441 HTTP/1.1" 200 29588 "-" "Mozilla/5.0 (Linux; Android 6.0.1; Nexus 5X Build/MMB29P) AppleWebKit/537.36 (KHTML, like Gecko) Chrome/150.0.7871.128 Mobile Safari/537.36 (compatible; GoogleOther)"
216.73.216.110 - - [28/Jul/2026:13:42:35 +0000] "GET /?o=b9l3u8b2b9e7r36273 HTTP/2.0" 200 3885 "-" "Mozilla/5.0 AppleWebKit/537.36 (KHTML, like Gecko; compatible; ClaudeBot/1.0; +claudebot@anthropic.com)"
66.249.70.4 - - [28/Jul/2026:13:42:38 +0000] "GET /?o=t2u7n9i4c3a5t8a792 HTTP/1.1" 200 28119 "-" "Mozilla/5.0 (Linux; Android 6.0.1; Nexus 5X Build/MMB29P) AppleWebKit/537.36 (KHTML, like Gecko) Chrome/150.0.7871.128 Mobile Safari/537.36 (compatible; GoogleOther)"
216.73.216.110 - - [28/Jul/2026:13:42:40 +0000] "GET /?o=o9b1e2s9u0s101372 HTTP/2.0" 200 3885 "-" "Mozilla/5.0 AppleWebKit/537.36 (KHTML, like Gecko; compatible; ClaudeBot/1.0; +claudebot@anthropic.com)"
216.73.216.110 - - [28/Jul/2026:13:42:45 +0000] "GET /?o=r9o3s2e2t9t0a13713 HTTP/2.0" 200 3885 "-" "Mozilla/5.0 AppleWebKit/537.36 (KHTML, like Gecko; compatible; ClaudeBot/1.0; +claudebot@anthropic.com)"
66.249.70.4 - - [28/Jul/2026:13:42:45 +0000] "GET /shops/permiss/r0h3a7b9d2o8l9i7t2h76 HTTP/1.1" 200 29663 "-" "Mozilla/5.0 (Linux; Android 6.0.1; Nexus 5X Build/MMB29P) AppleWebKit/537.36 (KHTML, like Gecko) Chrome/150.0.7871.128 Mobile Safari/537.36 (compatible; GoogleOther)"
216.73.216.110 - - [28/Jul/2026:13:42:50 +0000] "GET /shops/siphilis/l7i9q1u2o5r1i0n2g33 HTTP/2.0" 500 3885 "-" "Mozilla/5.0 AppleWebKit/537.36 (KHTML, like Gecko; compatible; ClaudeBot/1.0; +claudebot@anthropic.com)"
66.249.70.5 - - [28/Jul/2026:13:42:51 +0000] "GET /?o=d9i1s3p5r5e5j8u5d8i0c4e HTTP/1.1" 200 30427 "-" "Mozilla/5.0 (Linux; Android 6.0.1; Nexus 5X Build/MMB29P) AppleWebKit/537.36 (KHTML, like Gecko) Chrome/150.0.7871.128 Mobile Safari/537.36 (compatible; GoogleOther)"
66.249.70.5 - - [28/Jul/2026:13:42:52 +0000] "GET /odr/coupon/couponListView?path=/home/dacusvillerec/public_html/wp-admin HTTP/1.1" 200 29064 "-" "Mozilla/5.0 (Linux; Android 6.0.1; Nexus 5X Build/MMB29P) AppleWebKit/537.36 (KHTML, like Gecko) Chrome/150.0.7871.128 Mobile Safari/537.36 (compatible; Googlebot/2.1; +http://www.google.com/bot.html)"
216.73.216.110 - - [28/Jul/2026:13:42:55 +0000] "GET /?o=l9o2n4g8a8r2m8e4d668 HTTP/2.0" 200 3885 "-" "Mozilla/5.0 AppleWebKit/537.36 (KHTML, like Gecko; compatible; ClaudeBot/1.0; +claudebot@anthropic.com)"
66.249.70.5 - - [28/Jul/2026:13:42:57 +0000] "GET /?o=l6o3v6e6p6h1i1l0t2e7r6 HTTP/1.1" 200 27620 "-" "Mozilla/5.0 (Linux; Android 6.0.1; Nexus 5X Build/MMB29P) AppleWebKit/537.36 (KHTML, like Gecko) Chrome/150.0.7871.128 Mobile Safari/537.36 (compatible; GoogleOther)"
216.73.216.110 - - [28/Jul/2026:13:43:00 +0000] "GET /?o=d7h6o8t3e9l75232 HTTP/2.0" 200 3885 "-" "Mozilla/5.0 AppleWebKit/537.36 (KHTML, like Gecko; compatible; ClaudeBot/1.0; +claudebot@anthropic.com)"
66.249.70.6 - - [28/Jul/2026:13:43:03 +0000] "GET /?o=i7n3d2e4f3i4n0a6b1l7e0 HTTP/1.1" 200 29480 "-" "Mozilla/5.0 (Linux; Android 6.0.1; Nexus 5X Build/MMB29P) AppleWebKit/537.36 (KHTML, like Gecko) Chrome/150.0.7871.128 Mobile Safari/537.36 (compatible; GoogleOther)"
216.73.216.110 - - [28/Jul/2026:13:43:05 +0000] "GET /?o=d7y2n6a9m5i2c7a6l27 HTTP/2.0" 200 3885 "-" "Mozilla/5.0 AppleWebKit/537.36 (KHTML, like Gecko; compatible; ClaudeBot/1.0; +claudebot@anthropic.com)"
66.249.70.4 - - [28/Jul/2026:13:43:08 +0000] "GET /?o=i4n4t9w3i4s9t5032 HTTP/1.1" 200 29722 "-" "Mozilla/5.0 (Linux; Android 6.0.1; Nexus 5X Build/MMB29P) AppleWebKit/537.36 (KHTML, like Gecko) Chrome/150.0.7871.128 Mobile Safari/537.36 (compatible; GoogleOther)"
216.73.216.110 - - [28/Jul/2026:13:43:10 +0000] "GET /shops/peronate/t7h2e2l9y7p0h9o3n7u5s9 HTTP/2.0" 500 3885 "-" "Mozilla/5.0 AppleWebKit/537.36 (KHTML, like Gecko; compatible; ClaudeBot/1.0; +claudebot@anthropic.com)"
66.249.70.4 - - [28/Jul/2026:13:43:13 +0000] "GET /?o=u0n2e1t7h3e486933 HTTP/1.1" 200 30059 "-" "Mozilla/5.0 (Linux; Android 6.0.1; Nexus 5X Build/MMB29P) AppleWebKit/537.36 (KHTML, like Gecko) Chrome/150.0.7871.128 Mobile Safari/537.36 (compatible; GoogleOther)"
216.73.216.110 - - [28/Jul/2026:13:43:15 +0000] "GET /shops/adversaria/a7u2t9o3n6o9m3o1u6s77 HTTP/2.0" 500 3885 "-" "Mozilla/5.0 AppleWebKit/537.36 (KHTML, like Gecko; compatible; ClaudeBot/1.0; +claudebot@anthropic.com)"
66.249.70.4 - - [28/Jul/2026:13:43:17 +0000] "GET /?o=b2i1f9o5l4i2a6t5e834 HTTP/1.1" 200 29876 "-" "Mozilla/5.0 (Linux; Android 6.0.1; Nexus 5X Build/MMB29P) AppleWebKit/537.36 (KHTML, like Gecko) Chrome/150.0.7871.128 Mobile Safari/537.36 (compatible; GoogleOther)"
216.73.216.110 - - [28/Jul/2026:13:43:20 +0000] "GET /shops/deadprenominal/c7e3r5c0o6p0i1t2h1e2c9us HTTP/2.0" 500 3885 "-" "Mozilla/5.0 AppleWebKit/537.36 (KHTML, like Gecko; compatible; ClaudeBot/1.0; +claudebot@anthropic.com)"
66.249.70.4 - - [28/Jul/2026:13:43:21 +0000] "GET /?o=b5r9e0a6s4t9p3l7o2w1 HTTP/1.1" 200 29554 "-" "Mozilla/5.0 (Linux; Android 6.0.1; Nexus 5X Build/MMB29P) AppleWebKit/537.36 (KHTML, like Gecko) Chrome/150.0.7871.128 Mobile Safari/537.36 (compatible; GoogleOther)"
216.73.216.110 - - [28/Jul/2026:13:43:25 +0000] "GET /magen/actuating/d7y4n1a4m7o3g6r9a2p1h2 HTTP/2.0" 500 3885 "-" "Mozilla/5.0 AppleWebKit/537.36 (KHTML, like Gecko; compatible; ClaudeBot/1.0; +claudebot@anthropic.com)"
66.249.70.4 - - [28/Jul/2026:13:43:25 +0000] "GET /?o=b0o2g8e1y9m7e5n9269 HTTP/1.1" 200 29578 "-" "Mozilla/5.0 (Linux; Android 6.0.1; Nexus 5X Build/MMB29P) AppleWebKit/537.36 (KHTML, like Gecko) Chrome/150.0.7871.128 Mobile Safari/537.36 (compatible; GoogleOther)"
66.249.70.4 - - [28/Jul/2026:13:43:29 +0000] "GET /?o=t0o1t9i2p2r4e1s5e0n3c4e HTTP/1.1" 200 29732 "-" "Mozilla/5.0 (Linux; Android 6.0.1; Nexus 5X Build/MMB29P) AppleWebKit/537.36 (KHTML, like Gecko) Chrome/150.0.7871.128 Mobile Safari/537.36 (compatible; GoogleOther)"
216.73.216.110 - - [28/Jul/2026:13:43:30 +0000] "GET /shops/chlorimetry/p7i3c0t4o8r6i7a5506 HTTP/2.0" 500 3885 "-" "Mozilla/5.0 AppleWebKit/537.36 (KHTML, like Gecko; compatible; ClaudeBot/1.0; +claudebot@anthropic.com)"
66.249.70.4 - - [28/Jul/2026:13:43:33 +0000] "GET /?o=g8i4b1l3e7t7s63686 HTTP/1.1" 200 28569 "-" "Mozilla/5.0 (Linux; Android 6.0.1; Nexus 5X Build/MMB29P) AppleWebKit/537.36 (KHTML, like Gecko) Chrome/150.0.7871.128 Mobile Safari/537.36 (compatible; GoogleOther)"
66.249.70.4 - - [28/Jul/2026:13:43:34 +0000] "GET /?o=p5e2t9r6o0l1o6g6i5c2a4lly HTTP/1.1" 200 29305 "-" "Mozilla/5.0 (Linux; Android 6.0.1; Nexus 5X Build/MMB29P) AppleWebKit/537.36 (KHTML, like Gecko) Chrome/150.0.7871.128 Mobile Safari/537.36 (compatible; Googlebot/2.1; +http://www.google.com/bot.html)"
216.73.216.110 - - [28/Jul/2026:13:43:35 +0000] "GET /shops/caulicle/n7e2u4r4o1p5h8a8r8m6a4cologicaladj HTTP/2.0" 500 3885 "-" "Mozilla/5.0 AppleWebKit/537.36 (KHTML, like Gecko; compatible; ClaudeBot/1.0; +claudebot@anthropic.com)"
66.249.70.4 - - [28/Jul/2026:13:43:37 +0000] "GET /?o=m3i3c3r5o3g8e6o8l7o4g3y HTTP/1.1" 200 29060 "-" "Mozilla/5.0 (Linux; Android 6.0.1; Nexus 5X Build/MMB29P) AppleWebKit/537.36 (KHTML, like Gecko) Chrome/150.0.7871.128 Mobile Safari/537.36 (compatible; GoogleOther)"
216.73.216.110 - - [28/Jul/2026:13:43:40 +0000] "GET /?o=e7y2e5w7a3s6h64165 HTTP/2.0" 200 3885 "-" "Mozilla/5.0 AppleWebKit/537.36 (KHTML, like Gecko; compatible; ClaudeBot/1.0; +claudebot@anthropic.com)"
66.249.70.5 - - [28/Jul/2026:13:43:40 +0000] "GET /shops/excalfactory/d9i7s4t6a2n7c5y956 HTTP/1.1" 200 29678 "-" "Mozilla/5.0 (Linux; Android 6.0.1; Nexus 5X Build/MMB29P) AppleWebKit/537.36 (KHTML, like Gecko) Chrome/150.0.7871.128 Mobile Safari/537.36 (compatible; GoogleOther)"
66.249.70.4 - - [28/Jul/2026:13:43:44 +0000] "GET /?o=h7a2l3f2b2r4e7e5d297 HTTP/1.1" 200 29341 "-" "Mozilla/5.0 (Linux; Android 6.0.1; Nexus 5X Build/MMB29P) AppleWebKit/537.36 (KHTML, like Gecko) Chrome/150.0.7871.128 Mobile Safari/537.36 (compatible; GoogleOther)"
216.73.216.110 - - [28/Jul/2026:13:43:45 +0000] "GET /shops/neighboring/o9c3t4o8n6a5p1h4t8h2e7ne HTTP/2.0" 500 3885 "-" "Mozilla/5.0 AppleWebKit/537.36 (KHTML, like Gecko; compatible; ClaudeBot/1.0; +claudebot@anthropic.com)"
66.249.70.5 - - [28/Jul/2026:13:43:47 +0000] "GET /?o=m7e3t2a1l2l5o6g6r2a7p2h HTTP/1.1" 200 29908 "-" "Mozilla/5.0 (Linux; Android 6.0.1; Nexus 5X Build/MMB29P) AppleWebKit/537.36 (KHTML, like Gecko) Chrome/150.0.7871.128 Mobile Safari/537.36 (compatible; GoogleOther)"
216.73.216.110 - - [28/Jul/2026:13:43:50 +0000] "GET /?o=a7t2t7r2a4c0t5e0r902 HTTP/2.0" 200 3885 "-" "Mozilla/5.0 AppleWebKit/537.36 (KHTML, like Gecko; compatible; ClaudeBot/1.0; +claudebot@anthropic.com)"
66.249.70.4 - - [28/Jul/2026:13:43:51 +0000] "GET /?o=v1e1r6m8i3v5o3r9o8u7s2 HTTP/1.1" 200 28559 "-" "Mozilla/5.0 (Linux; Android 6.0.1; Nexus 5X Build/MMB29P) AppleWebKit/537.36 (KHTML, like Gecko) Chrome/150.0.7871.128 Mobile Safari/537.36 (compatible; GoogleOther)"
66.249.70.5 - - [28/Jul/2026:13:43:55 +0000] "GET /?o=x5i9p1h1o0i9d651 HTTP/1.1" 200 28490 "-" "Mozilla/5.0 (Linux; Android 6.0.1; Nexus 5X Build/MMB29P) AppleWebKit/537.36 (KHTML, like Gecko) Chrome/150.0.7871.128 Mobile Safari/537.36 (compatible; GoogleOther)"
216.73.216.110 - - [28/Jul/2026:13:43:55 +0000] "GET /irreptitious/s9t3r7i0c2t9i9o5n306 HTTP/2.0" 500 3885 "-" "Mozilla/5.0 AppleWebKit/537.36 (KHTML, like Gecko; compatible; ClaudeBot/1.0; +claudebot@anthropic.com)"
66.249.70.4 - - [28/Jul/2026:13:43:58 +0000] "GET /?o=k6n1i2t4t8e3d43105 HTTP/1.1" 200 33280 "-" "Mozilla/5.0 (Linux; Android 6.0.1; Nexus 5X Build/MMB29P) AppleWebKit/537.36 (KHTML, like Gecko) Chrome/150.0.7871.128 Mobile Safari/537.36 (compatible; GoogleOther)"
216.73.216.110 - - [28/Jul/2026:13:44:00 +0000] "GET /?o=e9p3i8c8h9i0r4e2m4a5t9a HTTP/2.0" 200 3885 "-" "Mozilla/5.0 AppleWebKit/537.36 (KHTML, like Gecko; compatible; ClaudeBot/1.0; +claudebot@anthropic.com)"
66.249.70.6 - - [28/Jul/2026:13:44:02 +0000] "GET /?o=e7n3v0e9n2o4m96079 HTTP/1.1" 200 29390 "-" "Mozilla/5.0 (Linux; Android 6.0.1; Nexus 5X Build/MMB29P) AppleWebKit/537.36 (KHTML, like Gecko) Chrome/150.0.7871.128 Mobile Safari/537.36 (compatible; GoogleOther)"
216.73.216.110 - - [28/Jul/2026:13:44:05 +0000] "GET /?o=c9r4a2c0k9l2e0d1469 HTTP/2.0" 200 3885 "-" "Mozilla/5.0 AppleWebKit/537.36 (KHTML, like Gecko; compatible; ClaudeBot/1.0; +claudebot@anthropic.com)"
66.249.70.4 - - [28/Jul/2026:13:44:06 +0000] "GET /?o=c6a2l3l3i7t3h8r3i6x66 HTTP/1.1" 200 29396 "-" "Mozilla/5.0 (Linux; Android 6.0.1; Nexus 5X Build/MMB29P) AppleWebKit/537.36 (KHTML, like Gecko) Chrome/150.0.7871.128 Mobile Safari/537.36 (compatible; GoogleOther)"
66.249.70.4 - - [28/Jul/2026:13:44:09 +0000] "GET /?o=e0x4c1u6l2p9a5t0e452 HTTP/1.1" 200 29828 "-" "Mozilla/5.0 (Linux; Android 6.0.1; Nexus 5X Build/MMB29P) AppleWebKit/537.36 (KHTML, like Gecko) Chrome/150.0.7871.128 Mobile Safari/537.36 (compatible; GoogleOther)"
216.73.216.110 - - [28/Jul/2026:13:44:10 +0000] "GET /shops/dishonored/p9l2e9a5s1u5r7a4b7l7y7 HTTP/2.0" 500 3885 "-" "Mozilla/5.0 AppleWebKit/537.36 (KHTML, like Gecko; compatible; ClaudeBot/1.0; +claudebot@anthropic.com)"
66.249.70.4 - - [28/Jul/2026:13:44:13 +0000] "GET /?o=f3e1r1t7i1l7e7l6y539 HTTP/1.1" 200 33213 "-" "Mozilla/5.0 (Linux; Android 6.0.1; Nexus 5X Build/MMB29P) AppleWebKit/537.36 (KHTML, like Gecko) Chrome/150.0.7871.128 Mobile Safari/537.36 (compatible; GoogleOther)"
216.73.216.110 - - [28/Jul/2026:13:44:15 +0000] "GET /?o=m9i1d6s9e5a017384 HTTP/2.0" 200 3885 "-" "Mozilla/5.0 AppleWebKit/537.36 (KHTML, like Gecko; compatible; ClaudeBot/1.0; +claudebot@anthropic.com)"
66.249.70.4 - - [28/Jul/2026:13:44:17 +0000] "GET /?o=h7a1r7p4i2n6g8s2037 HTTP/1.1" 200 29775 "-" "Mozilla/5.0 (Linux; Android 6.0.1; Nexus 5X Build/MMB29P) AppleWebKit/537.36 (KHTML, like Gecko) Chrome/150.0.7871.128 Mobile Safari/537.36 (compatible; GoogleOther)"
66.249.70.4 - - [28/Jul/2026:13:44:19 +0000] "GET /?o=u1n3c0e1r8t0a3i9n3t2i1es HTTP/1.1" 200 28512 "-" "Mozilla/5.0 (Linux; Android 6.0.1; Nexus 5X Build/MMB29P) AppleWebKit/537.36 (KHTML, like Gecko) Chrome/150.0.7871.128 Mobile Safari/537.36 (compatible; Googlebot/2.1; +http://www.google.com/bot.html)"
216.73.216.110 - - [28/Jul/2026:13:44:20 +0000] "GET /shops/staffish/l9o4r8e0t2t0i7n5e58 HTTP/2.0" 500 3885 "-" "Mozilla/5.0 AppleWebKit/537.36 (KHTML, like Gecko; compatible; ClaudeBot/1.0; +claudebot@anthropic.com)"
66.249.70.4 - - [28/Jul/2026:13:44:20 +0000] "GET /?o=f6i3r8e9r4a0i0s2i5n2g1 HTTP/1.1" 200 27752 "-" "Mozilla/5.0 (Linux; Android 6.0.1; Nexus 5X Build/MMB29P) AppleWebKit/537.36 (KHTML, like Gecko) Chrome/150.0.7871.128 Mobile Safari/537.36 (compatible; GoogleOther)"
66.249.70.4 - - [28/Jul/2026:13:44:24 +0000] "GET /?o=d2e2v4e0n0u9s0t3a8t4e0 HTTP/1.1" 200 29640 "-" "Mozilla/5.0 (Linux; Android 6.0.1; Nexus 5X Build/MMB29P) AppleWebKit/537.36 (KHTML, like Gecko) Chrome/150.0.7871.128 Mobile Safari/537.36 (compatible; GoogleOther)"
216.73.216.110 - - [28/Jul/2026:13:44:25 +0000] "GET /henrys/scurry/e7x1o1g3l4o1s8s0u7m54 HTTP/2.0" 500 3885 "-" "Mozilla/5.0 AppleWebKit/537.36 (KHTML, like Gecko; compatible; ClaudeBot/1.0; +claudebot@anthropic.com)"
66.249.70.4 - - [28/Jul/2026:13:44:27 +0000] "GET /?o=p3u3r6w5i5g1g0y6659 HTTP/1.1" 200 29035 "-" "Mozilla/5.0 (Linux; Android 6.0.1; Nexus 5X Build/MMB29P) AppleWebKit/537.36 (KHTML, like Gecko) Chrome/150.0.7871.128 Mobile Safari/537.36 (compatible; GoogleOther)"
216.73.216.110 - - [28/Jul/2026:13:44:30 +0000] "GET /shops/inexpectedly/a9n3d5r1o4m4a3c4h1i23 HTTP/2.0" 500 3885 "-" "Mozilla/5.0 AppleWebKit/537.36 (KHTML, like Gecko; compatible; ClaudeBot/1.0; +claudebot@anthropic.com)"
66.249.70.4 - - [28/Jul/2026:13:44:30 +0000] "GET /?o=b7u1l3g5u2r904414 HTTP/1.1" 200 29716 "-" "Mozilla/5.0 (Linux; Android 6.0.1; Nexus 5X Build/MMB29P) AppleWebKit/537.36 (KHTML, like Gecko) Chrome/150.0.7871.128 Mobile Safari/537.36 (compatible; GoogleOther)"
66.249.70.4 - - [28/Jul/2026:13:44:34 +0000] "GET /iridize/bullet/41923078769 HTTP/1.1" 200 29611 "-" "Mozilla/5.0 (Linux; Android 6.0.1; Nexus 5X Build/MMB29P) AppleWebKit/537.36 (KHTML, like Gecko) Chrome/150.0.7871.128 Mobile Safari/537.36 (compatible; GoogleOther)"
216.73.216.110 - - [28/Jul/2026:13:44:35 +0000] "GET /?o=b9e1s7c7u8m2b9e7r59 HTTP/2.0" 200 3885 "-" "Mozilla/5.0 AppleWebKit/537.36 (KHTML, like Gecko; compatible; ClaudeBot/1.0; +claudebot@anthropic.com)"
66.249.70.4 - - [28/Jul/2026:13:44:37 +0000] "GET /?o=p7h1y6s7i3a1n3t1h5r9o9py HTTP/1.1" 200 29528 "-" "Mozilla/5.0 (Linux; Android 6.0.1; Nexus 5X Build/MMB29P) AppleWebKit/537.36 (KHTML, like Gecko) Chrome/150.0.7871.128 Mobile Safari/537.36 (compatible; GoogleOther)"
216.73.216.110 - - [28/Jul/2026:13:44:40 +0000] "GET /shops/jubilantly/o9r4d0e1r6l0i8n8e1s2s HTTP/2.0" 500 3885 "-" "Mozilla/5.0 AppleWebKit/537.36 (KHTML, like Gecko; compatible; ClaudeBot/1.0; +claudebot@anthropic.com)"
66.249.70.5 - - [28/Jul/2026:13:44:40 +0000] "GET /?o=a0p2p7r4o9v0a9b0l5e62 HTTP/1.1" 200 29819 "-" "Mozilla/5.0 (Linux; Android 6.0.1; Nexus 5X Build/MMB29P) AppleWebKit/537.36 (KHTML, like Gecko) Chrome/150.0.7871.128 Mobile Safari/537.36 (compatible; GoogleOther)"
